-- https://www.phpmyadmin.net/
--

START TRANSACTION;



-- --------------------------------------------------------

--
-- Table structure for table `informasi`
--

CREATE TABLE `informasi` (
  `id` int(11) NOT NULL,
  `judul` varchar(255) NOT NULL,
  `deskripsi` text NOT NULL,
  `file_path` varchar(255) NOT NULL,
  `file_type` enum('pdf','image','docx','xlsx') NOT NULL,
  `tanggal_upload` timestamp NOT NULL DEFAULT current_timestamp()
) ENGINE=InnoDB DEFAULT CHARSET=utf8mb4 COLLATE=utf8mb4_general_ci;

--
-- Dumping data for table `informasi`
--

INSERT INTO `informasi` (`id`, `judul`, `deskripsi`, `file_path`, `file_type`, `tanggal_upload`) VALUES
(5, 'Informasi Terbaru', 'Silahkan dibaca Informasinya', '2-COBIT-2019-Framework-Governance-and-Management-Objectives_res_eng_1118.pdf', 'pdf', '2025-02-05 16:51:56'),
(6, 'tes', 'gghvhujbu', '2-COBIT-2019-Framework-Governance-and-Management-Objectives_res_eng_1118.pdf', 'pdf', '2025-02-07 00:54:11');

-- --------------------------------------------------------

--
-- Table structure for table `kunjungan`
--

CREATE TABLE `kunjungan` (
  `id_kunjungan` int(11) NOT NULL,
  `id_binaan` bigint(20) NOT NULL,
  `uraian` varchar(255) NOT NULL,
  `tanggal_kunjungan` date NOT NULL,
  `foto` varchar(255) DEFAULT NULL
) ENGINE=InnoDB DEFAULT CHARSET=utf8mb4 COLLATE=utf8mb4_general_ci;

--
-- Dumping data for table `kunjungan`
--

INSERT INTO `kunjungan` (`id_kunjungan`, `id_binaan`, `uraian`, `tanggal_kunjungan`, `foto`) VALUES
(16, 154, 'tesssss', '2025-02-06', '../uploads/67a42594b9398_สราวุฒิ อินทรบ.jpeg'),
(17, 160, 'tessss ke 2', '2025-02-07', '../uploads/67a42d37520c4_download.jpeg'),
(18, 158, 'tes kamera', '2025-02-22', '../uploads/67a45b976e0a3_Free Laptop Mockup Design PSD.jpeg'),
(19, 159, 'rdrdredr', '2025-02-07', '../uploads/67a55a34d1bc6_สราวุฒิ อินทรบ.jpeg');

-- --------------------------------------------------------

--
-- Table structure for table `lembaga`
--

CREATE TABLE `lembaga` (
  `nsm` bigint(20) NOT NULL,
  `NPSN` bigint(20) NOT NULL,
  `nama_madrasah` varchar(255) NOT NULL,
  `Jenjang` varchar(255) NOT NULL,
  `Status` varchar(255) NOT NULL,
  `Provinsi` varchar(255) NOT NULL,
  `Kabupaten` varchar(255) NOT NULL,
  `Kecamatan` varchar(255) NOT NULL,
  `Alamat` varchar(255) NOT NULL
) ENGINE=InnoDB DEFAULT CHARSET=utf8mb4 COLLATE=utf8mb4_general_ci;

--
-- Dumping data for table `lembaga`
--

INSERT INTO `lembaga` (`nsm`, `NPSN`, `nama_madrasah`, `Jenjang`, `Status`, `Provinsi`, `Kabupaten`, `Kecamatan`, `Alamat`) VALUES
(101235170001, 69746734, 'RA AL-AZHAR', 'Raudhatul Athfal', 'swasta', 'JAWA TIMUR', 'JOMBANG', 'BANDARKEDUNGMULYO', 'Dusun Ponggok'),
(101235170002, 69746729, 'RA AL MASYKUR', 'Raudhatul Athfal', 'swasta', 'JAWA TIMUR', 'JOMBANG', 'BANDARKEDUNGMULYO', 'Jln Kedungrejo Rt/Rw 002/001 Pucangsimo'),
(101235170003, 69746735, 'RA BUSTANUL MUTAALLIMIN', 'Raudhatul Athfal', 'swasta', 'JAWA TIMUR', 'JOMBANG', 'BANDARKEDUNGMULYO', 'DSN MOJOTENGAH RT/RW 001/003'),
(101235170004, 69746736, 'RA IRSYADUT THOLIBIN', 'Raudhatul Athfal', 'swasta', 'JAWA TIMUR', 'JOMBANG', 'BANDARKEDUNGMULYO', 'Jl.masjid Sawahan'),
(101235170005, 69746738, 'RA MUSLIMAT BRANGKAL I', 'Raudhatul Athfal', 'swasta', 'JAWA TIMUR', 'JOMBANG', 'BANDARKEDUNGMULYO', 'Jln.H.Sholeh No. 1'),
(101235170006, 69746739, 'RA MUSLIMAT BRODOT', 'Raudhatul Athfal', 'swasta', 'JAWA TIMUR', 'JOMBANG', 'BANDARKEDUNGMULYO', 'Jl.raya Brodot'),
(101235170007, 69746737, 'RA MUSLIMAT 2', 'Raudhatul Athfal', 'swasta', 'JAWA TIMUR', 'JOMBANG', 'BANDARKEDUNGMULYO', 'Jln. Dsn.Tinggar No.05 Desa Tinggar'),
(101235170008, 69746744, 'RA MUSLIMAT AL HIKMAH', 'Raudhatul Athfal', 'swasta', 'JAWA TIMUR', 'JOMBANG', 'BANDARKEDUNGMULYO', 'Dusun Proko'),
(101235170009, 69746730, 'RA MUSLIMAT AL-IHSAN', 'Raudhatul Athfal', 'swasta', 'JAWA TIMUR', 'JOMBANG', 'BANDARKEDUNGMULYO', 'JL.Bandar RT.02 RW.02 No.25'),
(101235170010, 69746731, 'RA MUSLIMAT', 'Raudhatul Athfal', 'swasta', 'JAWA TIMUR', 'JOMBANG', 'BANDARKEDUNGMULYO', 'Banjarsari RT 007 RW 002'),
(101235170011, 69746740, 'RA MUSLIMAT GONDANGMANIS', 'Raudhatul Athfal', 'swasta', 'JAWA TIMUR', 'JOMBANG', 'BANDARKEDUNGMULYO', 'Jalan Protokol No 137 Desa Gondangmanis Bandarkedungmulyo'),
(101235170012, 69746732, 'RA MUSLIMAT I', 'Raudhatul Athfal', 'swasta', 'JAWA TIMUR', 'JOMBANG', 'BANDARKEDUNGMULYO', 'Jl. Raya Tinggar No. 35'),
(101235170013, 69746742, 'RA MUSLIMAT SEMELO', 'Raudhatul Athfal', 'swasta', 'JAWA TIMUR', 'JOMBANG', 'BANDARKEDUNGMULYO', 'Jln.Masjid Umar zahid Semelo'),
(101235170014, 69746743, 'RAM SUNAN KUDUS', 'Raudhatul Athfal', 'swasta', 'JAWA TIMUR', 'JOMBANG', 'BANDARKEDUNGMULYO', 'Karangdagangan'),
(101235170015, 69746733, 'RA PERWANIDA', 'Raudhatul Athfal', 'swasta', 'JAWA TIMUR', 'JOMBANG', 'BANDARKEDUNGMULYO', 'Pucangsimo RT/RW:01/06'),
(101235170016, 69746741, 'RA SUBULUSSALAM', 'Raudhatul Athfal', 'swasta', 'JAWA TIMUR', 'JOMBANG', 'BANDARKEDUNGMULYO', 'PUCANGSIMO Rt.001 Rw.002'),
(101235170017, 69746748, 'RA AISYIYAH', 'Raudhatul Athfal', 'swasta', 'JAWA TIMUR', 'JOMBANG', 'BARENG', 'Dusun Jlopo RT.002/001'),
(101235170018, 69746750, 'RA AL-HIKMAH', 'Raudhatul Athfal', 'swasta', 'JAWA TIMUR', 'JOMBANG', 'BARENG', 'Jl.kyai Irsyad Jemparing'),
(101235170019, 69746749, 'RA AL-HIKMAH', 'Raudhatul Athfal', 'swasta', 'JAWA TIMUR', 'JOMBANG', 'BARENG', 'Ubalan No.1'),
(101235170020, 69746751, 'RA ANNUR', 'Raudhatul Athfal', 'swasta', 'JAWA TIMUR', 'JOMBANG', 'BARENG', 'Jl. Raya Sumberdadi Dsn. Wungurejo'),
(101235170021, 69746757, 'RA DARUL MUTTAQIN', 'Raudhatul Athfal', 'swasta', 'JAWA TIMUR', 'JOMBANG', 'BARENG', 'Dsn. Pakel'),
(101235170022, 69746752, 'RA DARUL ULUM BANJARAGUNG', 'Raudhatul Athfal', 'swasta', 'JAWA TIMUR', 'JOMBANG', 'BARENG', 'BANJARAGUNG'),
(101235170023, 69746753, 'RA ISLAM AL-WATHANIYAH', 'Raudhatul Athfal', 'swasta', 'JAWA TIMUR', 'JOMBANG', 'BARENG', 'Jl. Sulthan Agung No.1 Mojoanyar Rt.003 Rw.001'),
(101235170024, 69746745, 'RA ISLAMIYAH', 'Raudhatul Athfal', 'swasta', 'JAWA TIMUR', 'JOMBANG', 'BARENG', 'Dsn Dadirejo'),
(101235170025, 69746746, 'RA MAMBAUL HIDAYAH', 'Raudhatul Athfal', 'swasta', 'JAWA TIMUR', 'JOMBANG', 'BARENG', 'DUSUN TEGALAN KEDUNGGALIH RT 001 RW 02'),
(101235170026, 69746754, 'RA MUSLIMAT KUPANG', 'Raudhatul Athfal', 'swasta', 'JAWA TIMUR', 'JOMBANG', 'BARENG', 'Dusun Kupang RT.001 RW.002'),
(101235170027, 69746755, 'RA NURUL ISLAM I', 'Raudhatul Athfal', 'swasta', 'JAWA TIMUR', 'JOMBANG', 'BARENG', 'Dr. Soetomo 43 Bareng'),
(101235170028, 69746747, 'RA NURUL ISLAM 2', 'Raudhatul Athfal', 'swasta', 'JAWA TIMUR', 'JOMBANG', 'BARENG', 'Dusun Mundusewu RT.002/002'),
(101235170029, 69746756, 'RA PERWANIDA KEBONDALEM', 'Raudhatul Athfal', 'swasta', 'JAWA TIMUR', 'JOMBANG', 'BARENG', 'Jl.Arjuno No.20'),
(101235170030, 69746789, 'RA AL-AS\'AD BRAMBANG', 'Raudhatul Athfal', 'swasta', 'JAWA TIMUR', 'JOMBANG', 'DIWEK', 'Jl. Masjid No. 06 Brambang'),
(101235170031, 69746766, 'RA AL-ASYARI', 'Raudhatul Athfal', 'swasta', 'JAWA TIMUR', 'JOMBANG', 'DIWEK', 'Jl. Proklamasi'),
(101235170032, 69746790, 'RA RAM AL FIRDAUS', 'Raudhatul Athfal', 'swasta', 'JAWA TIMUR', 'JOMBANG', 'DIWEK', 'Jl. Masjid Dsn. Sumoyono RT.005 RW.011'),
(101235170033, 69746758, 'RA AL-HIKMAH', 'Raudhatul Athfal', 'swasta', 'JAWA TIMUR', 'JOMBANG', 'DIWEK', 'Jl. Grogol Tanggungan RT/RW : 03/09'),
(101235170034, 69746767, 'RA AL-HILAL', 'Raudhatul Athfal', 'swasta', 'JAWA TIMUR', 'JOMBANG', 'DIWEK', 'Balongombo RT : 001 / RW : 001'),
(101235170035, 69746759, 'RA AL-HUDA', 'Raudhatul Athfal', 'swasta', 'JAWA TIMUR', 'JOMBANG', 'DIWEK', 'Dusun Bogem'),
(101235170036, 69746768, 'RA AL-MARUF', 'Raudhatul Athfal', 'swasta', 'JAWA TIMUR', 'JOMBANG', 'DIWEK', 'Dsn. Beyan RT.028 RW.006'),
(101235170037, 69746769, 'RA AL-QOSIMY', 'Raudhatul Athfal', 'swasta', 'JAWA TIMUR', 'JOMBANG', 'DIWEK', 'Jl. Masjid Dsn. Gendong'),
(101235170038, 69746770, 'RA AL-URWATUL WUTSQO I', 'Raudhatul Athfal', 'swasta', 'JAWA TIMUR', 'JOMBANG', 'DIWEK', 'Bulurejo'),
(101235170039, 69746771, 'RA AL-URWATUL WUTSQO III', 'Raudhatul Athfal', 'swasta', 'JAWA TIMUR', 'JOMBANG', 'DIWEK', 'Bedok'),
(101235170040, 69746787, 'RA AN-NUR', 'Raudhatul Athfal', 'swasta', 'JAWA TIMUR', 'JOMBANG', 'DIWEK', 'Jln. Pd. Khan Asyari RT 06 RW 01 Dusun Keras'),
(101235170041, 69746772, 'RA DARUL HIKMAH', 'Raudhatul Athfal', 'swasta', 'JAWA TIMUR', 'JOMBANG', 'DIWEK', 'Jl. Raya Gg. Masjid Besar No. 67'),
(101235170042, 69746784, 'RA HIDAYATUL MUBTADIIN', 'Raudhatul Athfal', 'swasta', 'JAWA TIMUR', 'JOMBANG', 'DIWEK', 'Jl. Wongsokromo Ngudirejo'),
(101235170043, 69746773, 'RA KARTINI', 'Raudhatul Athfal', 'swasta', 'JAWA TIMUR', 'JOMBANG', 'DIWEK', 'Jl. Kh. Hasyim Asyari 169 RT 002 RW 007 Dusun Mojosongo'),
(101235170044, 69746760, 'RA MENARA TAUFIQ', 'Raudhatul Athfal', 'swasta', 'JAWA TIMUR', 'JOMBANG', 'DIWEK', 'Dusun. Tanggugan Santren Desa. Bandung'),
(101235170045, 69746775, 'RA MIFTAHUL HUDA', 'Raudhatul Athfal', 'swasta', 'JAWA TIMUR', 'JOMBANG', 'DIWEK', 'Jl. Cukir Mojowarno Rt/rw 01/07 Tanjunganom'),
(101235170046, 69746774, 'RA MIFTAHUL HUDA', 'Raudhatul Athfal', 'swasta', 'JAWA TIMUR', 'JOMBANG', 'DIWEK', 'JL. MASJID GEDANGAN NGUDIREJO'),
(101235170047, 69746776, 'RA MIFTAHUL JANNAH', 'Raudhatul Athfal', 'swasta', 'JAWA TIMUR', 'JOMBANG', 'DIWEK', 'Jl. Kertajaya No 3 Cikar'),
(101235170048, 69746788, 'RA MIFTAHUL ULUM', 'Raudhatul Athfal', 'swasta', 'JAWA TIMUR', 'JOMBANG', 'DIWEK', 'Jalan Raya Jatipelem 24'),
(101235170049, 69746777, 'RA MIFTAHUL ULUM', 'Raudhatul Athfal', 'swasta', 'JAWA TIMUR', 'JOMBANG', 'DIWEK', 'Jl. Masjid Al Awan Kedawong'),
(101235170050, 69746778, 'RA MUJAHIDIN', 'Raudhatul Athfal', 'swasta', 'JAWA TIMUR', 'JOMBANG', 'DIWEK', 'Babatan Kedawong'),
(101235170051, 69746785, 'RA MUSLIMAT GROGOL', 'Raudhatul Athfal', 'swasta', 'JAWA TIMUR', 'JOMBANG', 'DIWEK', 'Jl. Raya Grogol'),
(101235170052, 69746761, 'RA MUSLIMAT', 'Raudhatul Athfal', 'swasta', 'JAWA TIMUR', 'JOMBANG', 'DIWEK', 'Jl. Kh. Mansoer Jatirejo'),
(101235170053, 69746779, 'RA MUSLIMAT AL-KHODIJAH', 'Raudhatul Athfal', 'swasta', 'JAWA TIMUR', 'JOMBANG', 'DIWEK', 'Jl. Masjid Ali-Imron Kayangan'),
(101235170054, 69746764, 'RA MUSLIMAT BANDUNG I', 'Raudhatul Athfal', 'swasta', 'JAWA TIMUR', 'JOMBANG', 'DIWEK', 'Jl. Raya Bandung No. 14'),
(101235170055, 69746780, 'RA MUSLIMAT BANDUNG III', 'Raudhatul Athfal', 'swasta', 'JAWA TIMUR', 'JOMBANG', 'DIWEK', 'Jl. Masjid Al-Maunah Bandung Krajan No 35 Bandung'),
(101235170056, 69746781, 'RA MUSLIMAT BULUREJO II', 'Raudhatul Athfal', 'swasta', 'JAWA TIMUR', 'JOMBANG', 'DIWEK', 'Masjid Baitul Muttaqin Kedaton'),
(101235170057, 69746791, 'RA DARUS SALAM', 'Raudhatul Athfal', 'swasta', 'JAWA TIMUR', 'JOMBANG', 'DIWEK', 'KAYEN KAYANGAN'),
(101235170058, 69746782, 'RA MUSLIMAT DEMPOK II', 'Raudhatul Athfal', 'swasta', 'JAWA TIMUR', 'JOMBANG', 'DIWEK', 'JL. MOJOWARNO DSN DEMPOK'),
(101235170059, 69746783, 'RA MUSLIMAT NANGGALAN', 'Raudhatul Athfal', 'swasta', 'JAWA TIMUR', 'JOMBANG', 'DIWEK', 'Nanggalan Watugaluh'),
(101235170060, 69746762, 'RA MUSLIMAT NGLABAN', 'Raudhatul Athfal', 'swasta', 'JAWA TIMUR', 'JOMBANG', 'DIWEK', 'Jl. Masjid Baitur Rohman No. 19 Rt.11 Rw.06'),
(101235170061, 69746792, 'RA MUSLIMAT NURUL IMAN DEMPOK I', 'Raudhatul Athfal', 'swasta', 'JAWA TIMUR', 'JOMBANG', 'DIWEK', 'Dusun Dempok Desa Grogol'),
(101235170062, 69746765, 'RA PERWANIDA/KWARON', 'Raudhatul Athfal', 'swasta', 'JAWA TIMUR', 'JOMBANG', 'DIWEK', 'Kwaron'),
(101235170063, 69746763, 'RA MUSLIMAT TARBIYATUNNASYIIN', 'Raudhatul Athfal', 'swasta', 'JAWA TIMUR', 'JOMBANG', 'DIWEK', 'Jl. Kh. Mansur Anwar Rt. 01 Rw. 07 Paculgowang'),
(101235170064, 69746786, 'RA THOYIB HIDAYAT', 'Raudhatul Athfal', 'swasta', 'JAWA TIMUR', 'JOMBANG', 'DIWEK', 'Jalan. Masjid Nomor:35 Pojok'),
(101235170065, 69746793, 'RA AL-AZHAR', 'Raudhatul Athfal', 'swasta', 'JAWA TIMUR', 'JOMBANG', 'GUDO', 'Jl. Raya Gudo Dusun Sekaru Desa Sukopinggir Kecamatan Gudo Kabupaten Jombang'),
(101235170066, 69746794, 'RA AL-KHOIRIYAH', 'Raudhatul Athfal', 'swasta', 'JAWA TIMUR', 'JOMBANG', 'GUDO', 'Jln.H.M.Sholeh'),
(101235170067, 69746795, 'RA MUSLIMAT', 'Raudhatul Athfal', 'swasta', 'JAWA TIMUR', 'JOMBANG', 'GUDO', 'Jl Masjid'),
(101235170068, 69746797, 'RA MUSLIMAT', 'Raudhatul Athfal', 'swasta', 'JAWA TIMUR', 'JOMBANG', 'GUDO', 'Dsn. Cikaran'),
(101235170069, 69746800, 'RA MUSLIMAT KREMBANGAN', 'Raudhatul Athfal', 'swasta', 'JAWA TIMUR', 'JOMBANG', 'GUDO', 'Jln. Masjid Krembangan'),
(101235170070, 69746798, 'RA MUSLIMAT', 'Raudhatul Athfal', 'swasta', 'JAWA TIMUR', 'JOMBANG', 'GUDO', 'Jl.raya Watesrejo No 08'),
(101235170071, 69746796, 'RA MUSLIMAT MIFTAHUL HUDA', 'Raudhatul Athfal', 'swasta', 'JAWA TIMUR', 'JOMBANG', 'GUDO', 'Jl.masjid'),
(101235170072, 69746802, 'RA PERWANIDA', 'Raudhatul Athfal', 'swasta', 'JAWA TIMUR', 'JOMBANG', 'GUDO', 'Jln. Masjid No. 1 Sidomulyo'),
(101235170073, 69746801, 'RA PERWANIDA', 'Raudhatul Athfal', 'swasta', 'JAWA TIMUR', 'JOMBANG', 'GUDO', 'Dsn Mejoyo Ds Mejoyolosari'),
(101235170074, 69746803, 'RA ULLUMUDDIN', 'Raudhatul Athfal', 'swasta', 'JAWA TIMUR', 'JOMBANG', 'GUDO', 'Jln. Raya Godong'),
(101235170075, 69746808, 'RA AL-HIKMAH', 'Raudhatul Athfal', 'swasta', 'JAWA TIMUR', 'JOMBANG', 'JOGOROTO', 'Janti Rt.03/rw.05'),
(101235170076, 69746809, 'RA AL-IHSAN', 'Raudhatul Athfal', 'swasta', 'JAWA TIMUR', 'JOMBANG', 'JOGOROTO', 'Jl. Balaidesa sawahan Rt: 03/Rw: 05 Sambirejo'),
(101235170077, 69746815, 'RA AL-ITTIHAD', 'Raudhatul Athfal', 'swasta', 'JAWA TIMUR', 'JOMBANG', 'JOGOROTO', 'Jln. Raya Kalianyar No. 16'),
(101235170078, 69746804, 'RA ANNASHIRIYAH', 'Raudhatul Athfal', 'swasta', 'JAWA TIMUR', 'JOMBANG', 'JOGOROTO', 'Dsn. Ngembeh'),
(101235170079, 69746822, 'RA BABUSSALAM', 'Raudhatul Athfal', 'swasta', 'JAWA TIMUR', 'JOMBANG', 'JOGOROTO', 'Jalan Masjid Al.mukhlisin No.49 Tambar'),
(101235170080, 69746816, 'RA DARUL ULUM', 'Raudhatul Athfal', 'swasta', 'JAWA TIMUR', 'JOMBANG', 'JOGOROTO', 'Jl. Buyut Driyo'),
(101235170081, 69995040, 'RA DARUSSALAM', 'Raudhatul Athfal', 'swasta', 'JAWA TIMUR', 'JOMBANG', 'JOGOROTO', 'Semanding Rt.003/rw.005 Sumbermulyo Jogoroto'),
(101235170082, 69746810, 'RA HASYIM ASYARI', 'Raudhatul Athfal', 'swasta', 'JAWA TIMUR', 'JOMBANG', 'JOGOROTO', 'Bendungrejo'),
(101235170083, 69746811, 'RA ISLAMIYAH 1', 'Raudhatul Athfal', 'swasta', 'JAWA TIMUR', 'JOMBANG', 'JOGOROTO', 'Kemirigalih'),
(101235170084, 69746812, 'RA ISLAMIYAH 2', 'Raudhatul Athfal', 'swasta', 'JAWA TIMUR', 'JOMBANG', 'JOGOROTO', 'Sawi'),
(101235170085, 69746813, 'RA KHOLIDIYAH 1', 'Raudhatul Athfal', 'swasta', 'JAWA TIMUR', 'JOMBANG', 'JOGOROTO', 'Pengalangan, RT 003, RW 001'),
(101235170086, 69746817, 'RA KHOLIDIYAH II', 'Raudhatul Athfal', 'swasta', 'JAWA TIMUR', 'JOMBANG', 'JOGOROTO', 'Dsn Karangrejo Ds Alang-Alang Caruban Rt:03 Rw: 06'),
(101235170087, 69746807, 'RA MUSLIMAT MAMBAUL ULUM', 'Raudhatul Athfal', 'swasta', 'JAWA TIMUR', 'JOMBANG', 'JOGOROTO', 'Corogo Janti Jogoroto'),
(101235170088, 69746806, 'RA MIDANUTTA\'LIM 1', 'Raudhatul Athfal', 'swasta', 'JAWA TIMUR', 'JOMBANG', 'JOGOROTO', 'Mayangan'),
(101235170089, 69746818, 'RA MIDANUTTALIM 2', 'Raudhatul Athfal', 'swasta', 'JAWA TIMUR', 'JOMBANG', 'JOGOROTO', 'Dsn.Tugurejo'),
(101235170090, 69746821, 'RA MIFTAHUL ULUM JARAKKULON', 'Raudhatul Athfal', 'swasta', 'JAWA TIMUR', 'JOMBANG', 'JOGOROTO', 'Jarakkulon'),
(101235170091, 69746814, 'RA MINHAJUL ABIDIN', 'Raudhatul Athfal', 'swasta', 'JAWA TIMUR', 'JOMBANG', 'JOGOROTO', 'Jl. Makam Sayyid Ismail Ds. Janti'),
(101235170092, 69746819, 'RA MUSLIMAT GHOZALIYAH', 'Raudhatul Athfal', 'swasta', 'JAWA TIMUR', 'JOMBANG', 'JOGOROTO', 'Sidowaras Sumbermulyo'),
(101235170093, 69746820, 'RA PERWANIDA', 'Raudhatul Athfal', 'swasta', 'JAWA TIMUR', 'JOMBANG', 'JOGOROTO', 'Jl. H. Cholil No 23 Sumber Penganten'),
(101235170094, 69746823, 'RA SYAFIIYAH', 'Raudhatul Athfal', 'swasta', 'JAWA TIMUR', 'JOMBANG', 'JOGOROTO', 'Dusun Dukuh Semut Desa Sukosari'),
(101235170095, 69746826, 'RA AT-TAQWA', 'Raudhatul Athfal', 'swasta', 'JAWA TIMUR', 'JOMBANG', 'JOMBANG', 'Jl. Pembina Rt/rw : 18/04'),
(101235170096, 69746824, 'RA AL-BURHAN', 'Raudhatul Athfal', 'swasta', 'JAWA TIMUR', 'JOMBANG', 'JOMBANG', 'Jl. Pattimura Gg. III Sengon Jombang'),
(101235170097, 69746825, 'RA AL ISTIQOMAH', 'Raudhatul Athfal', 'swasta', 'JAWA TIMUR', 'JOMBANG', 'JOMBANG', 'Jl. KH. Umar No.99'),
(101235170098, 69746832, 'RA AL-KHODIJAH', 'Raudhatul Athfal', 'swasta', 'JAWA TIMUR', 'JOMBANG', 'JOMBANG', 'Jl. Masjid Gempolpait Banjardowo'),
(101235170099, 69746833, 'RA DARUSSALAM', 'Raudhatul Athfal', 'swasta', 'JAWA TIMUR', 'JOMBANG', 'JOMBANG', 'Gondekan'),
(101235170100, 69746829, 'RA JAMBU', 'Raudhatul Athfal', 'swasta', 'JAWA TIMUR', 'JOMBANG', 'JOMBANG', 'Jl. Jambu I No.40'),
(101235170101, 69746827, 'RA MUSLIMAT SUMBERJO', 'Raudhatul Athfal', 'swasta', 'JAWA TIMUR', 'JOMBANG', 'JOMBANG', 'Jl. Mindi Jaya 1/23 Sumberjo'),
(101235170102, 69746834, 'RA MUSLIMAT ARIF RAHMAN', 'Raudhatul Athfal', 'swasta', 'JAWA TIMUR', 'JOMBANG', 'JOMBANG', 'Jl Kh Wahab Hasbullah Sambong Santren'),
(101235170103, 69746835, 'RA NURUL HIKMAH', 'Raudhatul Athfal', 'swasta', 'JAWA TIMUR', 'JOMBANG', 'JOMBANG', 'Jl. Kapten Tendean No. 61'),
(101235170104, 69746830, 'RA PERWANIDA', 'Raudhatul Athfal', 'swasta', 'JAWA TIMUR', 'JOMBANG', 'JOMBANG', 'Jl. Kh. Dewantara No. 64 Jombang'),
(101235170105, 69746828, 'RA PERWANIDA KEBOKICAK', 'Raudhatul Athfal', 'swasta', 'JAWA TIMUR', 'JOMBANG', 'JOMBANG', 'Jalan Dahlia No. 01'),
(101235170106, 69746831, 'RA REMAJA ISLAM', 'Raudhatul Athfal', 'swasta', 'JAWA TIMUR', 'JOMBANG', 'JOMBANG', 'Jl. Arjuno No.60 Telp. (0321) 871762 Denanyar Jombang'),
(101235170107, 69746836, 'RA RIYAADLUL JANNAH', 'Raudhatul Athfal', 'swasta', 'JAWA TIMUR', 'JOMBANG', 'JOMBANG', 'Jl. Abdur Rahman Saleh No. 24'),
(101235170108, 69746837, 'RA TARBIYATUL HUDA', 'Raudhatul Athfal', 'swasta', 'JAWA TIMUR', 'JOMBANG', 'JOMBANG', 'Sumberwinong Banjardowo Jombang'),
(101235170109, 69746838, 'RA MUSLIMAT', 'Raudhatul Athfal', 'swasta', 'JAWA TIMUR', 'JOMBANG', 'KABUH', 'Dusun Peyek'),
(101235170110, 69746839, 'RA PERWANIDA', 'Raudhatul Athfal', 'swasta', 'JAWA TIMUR', 'JOMBANG', 'KABUH', 'Dusun Brumbung'),
(101235170111, 69746854, 'RA AL-IHSANI', 'Raudhatul Athfal', 'swasta', 'JAWA TIMUR', 'JOMBANG', 'KESAMBEN', 'KH. Agus Salim Dusun Garu'),
(101235170112, 69746842, 'RA AL MUSLIMUN', 'Raudhatul Athfal', 'swasta', 'JAWA TIMUR', 'JOMBANG', 'KESAMBEN', 'Jl. Melati Kedungmlati'),
(101235170113, 69746840, 'RA AR ROHMAN', 'Raudhatul Athfal', 'swasta', 'JAWA TIMUR', 'JOMBANG', 'KESAMBEN', 'Ds.Pojok Kulon'),
(101235170114, 69746847, 'RA MIFTAHUL ULUM', 'Raudhatul Athfal', 'swasta', 'JAWA TIMUR', 'JOMBANG', 'KESAMBEN', 'Jl. Pabrik Yodium Rt 7 Rw 2'),
(101235170115, 69746845, 'RA MIFTAHUL ULUM', 'Raudhatul Athfal', 'swasta', 'JAWA TIMUR', 'JOMBANG', 'KESAMBEN', 'Jl. Baitul Qudus Dero'),
(101235170116, 69746846, 'RA MIFTAHUL ULUM', 'Raudhatul Athfal', 'swasta', 'JAWA TIMUR', 'JOMBANG', 'KESAMBEN', 'Jl. Raya Sapon'),
(101235170117, 69746848, 'RA MUSLIMAT', 'Raudhatul Athfal', 'swasta', 'JAWA TIMUR', 'JOMBANG', 'KESAMBEN', 'JL. ANGGREK POJOKKULON'),
(101235170118, 69746849, 'RA MUSLIMAT', 'Raudhatul Athfal', 'swasta', 'JAWA TIMUR', 'JOMBANG', 'KESAMBEN', 'Jl. Raya Carang Rejo No . 47'),
(101235170119, 69746850, 'RA MUSLIMAT AL HIDAYAH', 'Raudhatul Athfal', 'swasta', 'JAWA TIMUR', 'JOMBANG', 'KESAMBEN', 'Jl. Raya Kedungbetik'),
(101235170120, 69746851, 'RA MUSLIMAT BABUL ULUM KESAMBEN', 'Raudhatul Athfal', 'swasta', 'JAWA TIMUR', 'JOMBANG', 'KESAMBEN', 'Jl. Tanjung'),
(101235170121, 69746841, 'RA PERWANIDA POJOKREJO KESAMBEN', 'Raudhatul Athfal', 'swasta', 'JAWA TIMUR', 'JOMBANG', 'KESAMBEN', 'Jl.tugu Pahlawan No. 112'),
(101235170122, 69746843, 'RA PERWANIDA', 'Raudhatul Athfal', 'swasta', 'JAWA TIMUR', 'JOMBANG', 'KESAMBEN', 'Jl. Melati Gumulan'),
(101235170123, 69746844, 'RA PERWANIDA', 'Raudhatul Athfal', 'swasta', 'JAWA TIMUR', 'JOMBANG', 'KESAMBEN', 'Jl. Brantas No. 01'),
(101235170124, 69746852, 'RA PERWANIDA', 'Raudhatul Athfal', 'swasta', 'JAWA TIMUR', 'JOMBANG', 'KESAMBEN', 'Jl Lapangan No. 01'),
(101235170125, 69746853, 'RA SUBBANUL WATHON', 'Raudhatul Athfal', 'swasta', 'JAWA TIMUR', 'JOMBANG', 'KESAMBEN', 'Jl. Suryadi Dsn. Kalanganyar'),
(101235170126, 69746856, 'RA AL HIKMAH', 'Raudhatul Athfal', 'swasta', 'JAWA TIMUR', 'JOMBANG', 'KUDU', 'Jln Dsn Mabul Ds. Sidokaton Kec. Kudu Kab. Jombang'),
(101235170127, 69746857, 'RA AL KHODIJAH', 'Raudhatul Athfal', 'swasta', 'JAWA TIMUR', 'JOMBANG', 'KUDU', 'H. ABDUL FATAH NO. 26 KATEMAS'),
(101235170128, 69746858, 'RA AS-SYARO\'AH', 'Raudhatul Athfal', 'swasta', 'JAWA TIMUR', 'JOMBANG', 'KUDU', 'Jln Raya Made No. 01'),
(101235170129, 69746860, 'RA MUSLIMAT NU TAPEN', 'Raudhatul Athfal', 'swasta', 'JAWA TIMUR', 'JOMBANG', 'KUDU', 'Jl Raya Brantas No.143 Tapen'),
(101235170130, 69746859, 'RA NURUL HUDA', 'Raudhatul Athfal', 'swasta', 'JAWA TIMUR', 'JOMBANG', 'KUDU', 'Jl. Balai Desa No. 72 A'),
(101235170131, 69746855, 'RA PERWANIDA', 'Raudhatul Athfal', 'swasta', 'JAWA TIMUR', 'JOMBANG', 'KUDU', 'Jl. Masjid No.22 Glugu Katemas'),
(101235170132, 69746865, 'RA AL IKHLAS', 'Raudhatul Athfal', 'swasta', 'JAWA TIMUR', 'JOMBANG', 'MEGALUH', 'Jl.Raya perak kedungsari'),
(101235170133, 69746866, 'RA AL ITTIHAD', 'Raudhatul Athfal', 'swasta', 'JAWA TIMUR', 'JOMBANG', 'MEGALUH', 'Jln. Remaja No.29 RT/RW 004/003'),
(101235170134, 69746867, 'RA BAITUL MUTTAQIN', 'Raudhatul Athfal', 'swasta', 'JAWA TIMUR', 'JOMBANG', 'MEGALUH', 'Jl. Baitul Muttaqin RT 002 RW 001 Sidomulyo'),
(101235170135, 69746868, 'RA BUSTANUL ULUM', 'Raudhatul Athfal', 'swasta', 'JAWA TIMUR', 'JOMBANG', 'MEGALUH', 'Dsn. Beweh RT//RW 005/004 Ds. Ngogri'),
(101235170136, 69746869, 'RA DEWI SARTIKA', 'Raudhatul Athfal', 'swasta', 'JAWA TIMUR', 'JOMBANG', 'MEGALUH', 'Jl.Hirodinoto No.02'),
(101235170137, 69746861, 'RA MAMBAUL HUDA', 'Raudhatul Athfal', 'swasta', 'JAWA TIMUR', 'JOMBANG', 'MEGALUH', 'Jln.teratai 15 Sudimoro'),
(101235170138, 69746864, 'RA PERWANIDA', 'Raudhatul Athfal', 'swasta', 'JAWA TIMUR', 'JOMBANG', 'MEGALUH', 'Jl. Semangka,no:2,Kedungrejo,Magaluh,Jombang'),
(101235170139, 69746862, 'RA PERWANIDA', 'Raudhatul Athfal', 'swasta', 'JAWA TIMUR', 'JOMBANG', 'MEGALUH', 'Soko Pacarpeluk Megaluh Jombang'),
(101235170140, 69746863, 'RA PERWANIDA', 'Raudhatul Athfal', 'swasta', 'JAWA TIMUR', 'JOMBANG', 'MEGALUH', 'Dempok Rt/rw 01/04'),
(101235170141, 69746870, 'RA SUNAN KALIJOGO', 'Raudhatul Athfal', 'swasta', 'JAWA TIMUR', 'JOMBANG', 'MEGALUH', 'Jl. Kasan Wirangi No. 08'),
(101235170142, 69746871, 'RA TARBIYATUS SHIBYAN', 'Raudhatul Athfal', 'swasta', 'JAWA TIMUR', 'JOMBANG', 'MEGALUH', 'Jl. Raya Ngogri Desa Ngogri'),
(101235170143, 69746877, 'RA AINUL ULUM', 'Raudhatul Athfal', 'swasta', 'JAWA TIMUR', 'JOMBANG', 'MOJOAGUNG', 'Jl. H. Subakir'),
(101235170144, 69746872, 'RA AR-ROHMAH', 'Raudhatul Athfal', 'swasta', 'JAWA TIMUR', 'JOMBANG', 'MOJOAGUNG', 'Jl. Sayid Sulaiman Ds.Betek'),
(101235170145, 69746878, 'RA ASY-SYAFI\'IYAH', 'Raudhatul Athfal', 'swasta', 'JAWA TIMUR', 'JOMBANG', 'MOJOAGUNG', 'Jl. Pendowo No. 39'),
(101235170146, 69746879, 'RA BUSTANUL ULUM', 'Raudhatul Athfal', 'swasta', 'JAWA TIMUR', 'JOMBANG', 'MOJOAGUNG', 'Johowinong Rt 011/Rw 003'),
(101235170147, 69746873, 'RA KUSUMA MULIA', 'Raudhatul Athfal', 'swasta', 'JAWA TIMUR', 'JOMBANG', 'MOJOAGUNG', 'Jl. Masjid Jonggrong'),
(101235170148, 69746880, 'RA MAMBAUL ULUM', 'Raudhatul Athfal', 'swasta', 'JAWA TIMUR', 'JOMBANG', 'MOJOAGUNG', 'Jln. Manggis No.15  Murukan'),
(101235170149, 69746882, 'RA MUAWANAH', 'Raudhatul Athfal', 'swasta', 'JAWA TIMUR', 'JOMBANG', 'MOJOAGUNG', 'Jl. Siak'),
(101235170150, 69746881, 'RA MU\'AWANAH AL-HASYIMIYAH', 'Raudhatul Athfal', 'swasta', 'JAWA TIMUR', 'JOMBANG', 'MOJOAGUNG', 'Wonoyu Timur'),
(101235170151, 69746876, 'RA MUSLIMAT AL MURSYIDAH', 'Raudhatul Athfal', 'swasta', 'JAWA TIMUR', 'JOMBANG', 'MOJOAGUNG', 'Jl. K. Thohirun 23'),
(101235170152, 69746874, 'RA MUSLIMAT BABUSSALAM', 'Raudhatul Athfal', 'swasta', 'JAWA TIMUR', 'JOMBANG', 'MOJOAGUNG', 'Jl.kh. Nur Syahid No. 110 Kalibening'),
(101235170153, 69746875, 'RA PERWANIDA', 'Raudhatul Athfal', 'swasta', 'JAWA TIMUR', 'JOMBANG', 'MOJOAGUNG', 'Jl. Cendrawasih Rt.04 Rw.01 Dsn. Semen'),
(101235170154, 69746883, 'RA RAUDLATUL HIKMAH', 'Raudhatul Athfal', 'swasta', 'JAWA TIMUR', 'JOMBANG', 'MOJOAGUNG', 'Jl. Masjid No.16 Dsn Juwet Rt 04, Rw 09, Ds Dukuhdimoro Mojoagung Jombang'),
(101235170155, 69746891, 'RA AL FATAH', 'Raudhatul Athfal', 'swasta', 'JAWA TIMUR', 'JOMBANG', 'MOJOWARNO', 'Jl. Wanara No.134 A Sedah'),
(101235170156, 69746890, 'RA AL-HUDA REJOSLAMET', 'Raudhatul Athfal', 'swasta', 'JAWA TIMUR', 'JOMBANG', 'MOJOWARNO', 'Jl. Melati No. 11 Rt. 001 Rw. 003 Banjarsari'),
(101235170157, 69746892, 'RA AL MAUNAH', 'Raudhatul Athfal', 'swasta', 'JAWA TIMUR', 'JOMBANG', 'MOJOWARNO', 'Jl. Joas Gang Masjid Rt 004 Rw 002'),
(101235170158, 69746896, 'RA AL-DLORURIYAH', 'Raudhatul Athfal', 'swasta', 'JAWA TIMUR', 'JOMBANG', 'MOJOWARNO', 'Jl Kh Sulaiman Rt 005/Rw 005 Ngemplak'),
(101235170159, 69746895, 'RA AL-HANAFIYAH MOJOWARNO', 'Raudhatul Athfal', 'swasta', 'JAWA TIMUR', 'JOMBANG', 'MOJOWARNO', 'Dsn. Wringinpitu Rt/rw: 07/03'),
(101235170160, 69746905, 'RA AL-HIDAYAH I', 'Raudhatul Athfal', 'swasta', 'JAWA TIMUR', 'JOMBANG', 'MOJOWARNO', 'Jl.Diponegoro Gempol Garut'),
(101235170161, 69746897, 'RA AL-IKHLAS', 'Raudhatul Athfal', 'swasta', 'JAWA TIMUR', 'JOMBANG', 'MOJOWARNO', 'JL.HIBRIDA SUMBERBENDO KEDUNGPARI MOJOWARNO'),
(101235170162, 69746906, 'RA RAM BAITUSSALAM', 'Raudhatul Athfal', 'swasta', 'JAWA TIMUR', 'JOMBANG', 'MOJOWARNO', 'Jl. Singokarso Rt.06 Rw.02'),
(101235170163, 69746884, 'RA DARUL FAIZIN II', 'Raudhatul Athfal', 'swasta', 'JAWA TIMUR', 'JOMBANG', 'MOJOWARNO', 'Jl. Kh. Hasan Sanusi No.01'),
(101235170164, 69746885, 'RA DARUL ULUM', 'Raudhatul Athfal', 'swasta', 'JAWA TIMUR', 'JOMBANG', 'MOJOWARNO', 'Jl. Masjid As-Syuhada No.17'),
(101235170165, 69746893, 'RA DARUSSALAM', 'Raudhatul Athfal', 'swasta', 'JAWA TIMUR', 'JOMBANG', 'MOJOWARNO', 'Jl. Cempaka Mojokembang'),
(101235170166, 69746899, 'RA FAJRUL ISLAM', 'Raudhatul Athfal', 'swasta', 'JAWA TIMUR', 'JOMBANG', 'MOJOWARNO', 'Jl. Diponegoro No.34 RT/RW 04/05 Desa Gondek'),
(101235170167, 69746894, 'RA FATHUL HUDA', 'Raudhatul Athfal', 'swasta', 'JAWA TIMUR', 'JOMBANG', 'MOJOWARNO', 'Jl. Kapten Tendean Dsn, Mulyorejo'),
(101235170168, 69746907, 'RA MANSYAUL MAARIF', 'Raudhatul Athfal', 'swasta', 'JAWA TIMUR', 'JOMBANG', 'MOJOWARNO', 'Jl. Marga Utama No. 10'),
(101235170169, 69746900, 'RA MIFTAHUL ULUM MOJOWARNO', 'Raudhatul Athfal', 'swasta', 'JAWA TIMUR', 'JOMBANG', 'MOJOWARNO', 'Jl Raya Cukir Mojowarno Jabaran RT.05/RW.01'),
(101235170170, 69746886, 'RA MUSLIMAT AL-HIDAYAH II', 'Raudhatul Athfal', 'swasta', 'JAWA TIMUR', 'JOMBANG', 'MOJOWARNO', 'Jl.choirul Anwar rt 05 Rw 01'),
(101235170171, 69746904, 'RA AL ANWAR', 'Raudhatul Athfal', 'swasta', 'JAWA TIMUR', 'JOMBANG', 'MOJOWARNO', 'Jl.Selumbung No. 171'),
(101235170172, 69746898, 'RA DARUL FAIZIN 1', 'Raudhatul Athfal', 'swasta', 'JAWA TIMUR', 'JOMBANG', 'MOJOWARNO', 'Jl Yos Sudarso No.149 Rt.4/rw 11 CATAKGAYAM'),
(101235170173, 69746887, 'RA MUSLIMAT MIFTAHUN NAJAH', 'Raudhatul Athfal', 'swasta', 'JAWA TIMUR', 'JOMBANG', 'MOJOWARNO', 'Jln. Sunan Derajat No.9 Bajang, Karanglo, Mojowarno'),
(101235170174, 69746888, 'RA MUSLIMAT NAJATUD DAROINI', 'Raudhatul Athfal', 'swasta', 'JAWA TIMUR', 'JOMBANG', 'MOJOWARNO', 'Jl. Raya Gedangan no.60 RT/5 RW/2 Mojowarno'),
(101235170175, 69746889, 'RA NURUL HIKMAH', 'Raudhatul Athfal', 'swasta', 'JAWA TIMUR', 'JOMBANG', 'MOJOWARNO', 'Jl. Gustam Kembang Sore'),
(101235170176, 69746902, 'RA PERWANIDA MOJOWARNO', 'Raudhatul Athfal', 'swasta', 'JAWA TIMUR', 'JOMBANG', 'MOJOWARNO', 'Jl. Merdeka No. 242'),
(101235170177, 69746908, 'RA ROHMATUL UMMAH', 'Raudhatul Athfal', 'swasta', 'JAWA TIMUR', 'JOMBANG', 'MOJOWARNO', 'Jl. Sunan Giri No. 45 Kedunglo'),
(101235170178, 69746909, 'RA ROUDLOTUL ULUM 1', 'Raudhatul Athfal', 'swasta', 'JAWA TIMUR', 'JOMBANG', 'MOJOWARNO', 'Jl. MASJID BAITUSSALAM MOJODUWUR'),
(101235170179, 69746903, 'RA ROUDLOTUL ULUM II', 'Raudhatul Athfal', 'swasta', 'JAWA TIMUR', 'JOMBANG', 'MOJOWARNO', 'MOJODUWUR'),
(101235170180, 69746910, 'RA ROUDLOTUL ULUM III', 'Raudhatul Athfal', 'swasta', 'JAWA TIMUR', 'JOMBANG', 'MOJOWARNO', 'Jl. G Arjuno Juning'),
(101235170181, 69746911, 'RA WALI SONGO MOJOWARNO', 'Raudhatul Athfal', 'swasta', 'JAWA TIMUR', 'JOMBANG', 'MOJOWARNO', 'LATSARI'),
(101235170182, 69746917, 'RA MUSLIMAT AL AMAR', 'Raudhatul Athfal', 'swasta', 'JAWA TIMUR', 'JOMBANG', 'NGORO', 'Jl. Masjid  Sumbersari Rt 004/ Rw.001'),
(101235170183, 69746925, 'RA AL-WASHOYA', 'Raudhatul Athfal', 'swasta', 'JAWA TIMUR', 'JOMBANG', 'NGORO', 'Jl Raya Kertorejo'),
(101235170184, 69746912, 'RA DARUSSALAM', 'Raudhatul Athfal', 'swasta', 'JAWA TIMUR', 'JOMBANG', 'NGORO', 'Ngrembang, Rejoagung, Ngoro, Jombang'),
(101235170185, 69746928, 'RA MSULIMAT HIDAYATUL MUBTADIIN', 'Raudhatul Athfal', 'swasta', 'JAWA TIMUR', 'JOMBANG', 'NGORO', 'Banjarpoh'),
(101235170186, 69746914, 'RA ISLAMIYAH PADAR', 'Raudhatul Athfal', 'swasta', 'JAWA TIMUR', 'JOMBANG', 'NGORO', 'Dusun Padar'),
(101235170187, 69746913, 'RA KARTINI', 'Raudhatul Athfal', 'swasta', 'JAWA TIMUR', 'JOMBANG', 'NGORO', 'Jln. Bromo Masjid Kertorejo Jumbatan'),
(101235170188, 69746915, 'RA MUSLIMAT MIFTAHUL ULUM', 'Raudhatul Athfal', 'swasta', 'JAWA TIMUR', 'JOMBANG', 'NGORO', 'Jl.Masjid Al-Mujahidin Cermenan'),
(101235170189, 69746916, 'RA MUSLIMAT', 'Raudhatul Athfal', 'swasta', 'JAWA TIMUR', 'JOMBANG', 'NGORO', 'PAYAK SANTREN RT. 004 RW. 003'),
(101235170190, 69746927, 'RA MUSLIMAT AT-TAQWA SUGIHWARAS', 'Raudhatul Athfal', 'swasta', 'JAWA TIMUR', 'JOMBANG', 'NGORO', 'Jl. Masjid At-Taqwa No. 01'),
(101235170191, 69746921, 'RA MUSLIMAT GENUKWATU', 'Raudhatul Athfal', 'swasta', 'JAWA TIMUR', 'JOMBANG', 'NGORO', 'Jl Doktren Mh. 04 Genukwatu'),
(101235170192, 69746920, 'RA MUSLIMAT DARUSSALAM', 'Raudhatul Athfal', 'swasta', 'JAWA TIMUR', 'JOMBANG', 'NGORO', 'Malang Rejosari Gang 3 Rejoagung Ngoro Jombang'),
(101235170193, 69746918, 'RA MUSLIMAT AL HUDA', 'Raudhatul Athfal', 'swasta', 'JAWA TIMUR', 'JOMBANG', 'NGORO', 'Merdeka No 173'),
(101235170194, 69746926, 'RA MUSLIMAT AL-HIKMAH', 'Raudhatul Athfal', 'swasta', 'JAWA TIMUR', 'JOMBANG', 'NGORO', 'Dsn. Genjong Lor'),
(101235170195, 69746919, 'RA MUSLIMAT ASHFIYAH', 'Raudhatul Athfal', 'swasta', 'JAWA TIMUR', 'JOMBANG', 'NGORO', 'PAYAK MUNDIL RT/RW 001/001'),
(101235170196, 69746922, 'RA PERWANIDA', 'Raudhatul Athfal', 'swasta', 'JAWA TIMUR', 'JOMBANG', 'NGORO', 'Kuncung'),
(101235170197, 69746923, 'RA RADEN RAHMAT', 'Raudhatul Athfal', 'swasta', 'JAWA TIMUR', 'JOMBANG', 'NGORO', 'Jl.sunan Kalijaga'),
(101235170198, 69746924, 'RA WALI AMINAH', 'Raudhatul Athfal', 'swasta', 'JAWA TIMUR', 'JOMBANG', 'NGORO', 'Jl. KH. Ahmadi No 01 Ngasem'),
(101235170199, 69746930, 'RA MUSLIMAT NU', 'Raudhatul Athfal', 'swasta', 'JAWA TIMUR', 'JOMBANG', 'NGUSIKAN', 'Jl. Raya Ploso Mojokerto RT. 001 RW. 003'),
(101235170200, 69746931, 'RA MUSLIMAT NU', 'Raudhatul Athfal', 'swasta', 'JAWA TIMUR', 'JOMBANG', 'NGUSIKAN', 'Jl. Sunan Giri No.145'),
(101235170201, 69746929, 'RA RADEN FATAH', 'Raudhatul Athfal', 'swasta', 'JAWA TIMUR', 'JOMBANG', 'NGUSIKAN', 'Jl. Margo Utomo No. 62'),
(101235170202, 69746932, 'RA AL-HIDAYAH', 'Raudhatul Athfal', 'swasta', 'JAWA TIMUR', 'JOMBANG', 'PERAK', 'Dsn. Cangkring RT/RW 004/001 Ds. Cangkringrandu'),
(101235170203, 69746933, 'RA BAITUL AMIN', 'Raudhatul Athfal', 'swasta', 'JAWA TIMUR', 'JOMBANG', 'PERAK', 'Jl. Raya Perak Jombang'),
(101235170204, 69746938, 'RA MUSLIMAT AL-FAUZIYAH', 'Raudhatul Athfal', 'swasta', 'JAWA TIMUR', 'JOMBANG', 'PERAK', 'Jl. Raya Sembung-Gudo, Gg. Masjid No. 07'),
(101235170205, 69746936, 'RAUDLATUL ATHFAL MUSLIMAT PAGERWOJO', 'Raudhatul Athfal', 'swasta', 'JAWA TIMUR', 'JOMBANG', 'PERAK', 'Jl. Masjid Desa Pagerwojo'),
(101235170206, 69746937, 'RA MUSLIMAT ALMUKMININ', 'Raudhatul Athfal', 'swasta', 'JAWA TIMUR', 'JOMBANG', 'PERAK', 'Kalangan'),
(101235170207, 69746939, 'RA MUSLIMAT', 'Raudhatul Athfal', 'swasta', 'JAWA TIMUR', 'JOMBANG', 'PERAK', 'Dsn. Juwet'),
(101235170208, 69746943, 'RA MUSLIMAT', 'Raudhatul Athfal', 'swasta', 'JAWA TIMUR', 'JOMBANG', 'PERAK', 'Jl. Masjid Al-Mubin Sumberagung'),
(101235170209, 69746944, 'RA AL-ABROR', 'Raudhatul Athfal', 'swasta', 'JAWA TIMUR', 'JOMBANG', 'PERAK', 'Dsn. Bulurejo RT. 001 RW. 001'),
(101235170210, 69746934, 'RA MUSLIMAT PLOSOGENUK I', 'Raudhatul Athfal', 'swasta', 'JAWA TIMUR', 'JOMBANG', 'PERAK', 'Jl. Balai Desa Plosogenuk'),
(101235170211, 69746945, 'RA MUSLIMAT KHULAFAURROSYIDIN', 'Raudhatul Athfal', 'swasta', 'JAWA TIMUR', 'JOMBANG', 'PERAK', 'Dsn. Ploso, RT/RW: 004/002, Ds. Plosogenuk'),
(101235170212, 69746940, 'RA MUSLIMAT MIFTAHUL HUDA', 'Raudhatul Athfal', 'swasta', 'JAWA TIMUR', 'JOMBANG', 'PERAK', 'Tondowulan'),
(101235170213, 69746941, 'RA PERWANIDA', 'Raudhatul Athfal', 'swasta', 'JAWA TIMUR', 'JOMBANG', 'PERAK', 'Jl. Raya Gadingmangu No.07 Perak Jombang'),
(101235170214, 69746935, 'RA PERWANIDA', 'Raudhatul Athfal', 'swasta', 'JAWA TIMUR', 'JOMBANG', 'PERAK', 'Dsn Pedes Rt/Rw : 001/001'),
(101235170215, 69746942, 'RA UMAR ZAHID PERAK', 'Raudhatul Athfal', 'swasta', 'JAWA TIMUR', 'JOMBANG', 'PERAK', 'Jalan Embong Miring No.82'),
(101235170216, 69746949, 'RA AL-FATTAH', 'Raudhatul Athfal', 'swasta', 'JAWA TIMUR', 'JOMBANG', 'PETERONGAN', 'Jl. Soekarno Hatta No.5 Jajar Kepuhkembeng Peterongan Jombang'),
(101235170217, 69746955, 'RA AL-HIDAYAH', 'Raudhatul Athfal', 'swasta', 'JAWA TIMUR', 'JOMBANG', 'PETERONGAN', 'Budug Tugusumberjo'),
(101235170218, 69746952, 'RA AL-HIDAYAH PAGOTAN', 'Raudhatul Athfal', 'swasta', 'JAWA TIMUR', 'JOMBANG', 'PETERONGAN', 'Pagotan Rt.002 Keplaksari'),
(101235170219, 69746946, 'RA AL KARAMAH', 'Raudhatul Athfal', 'swasta', 'JAWA TIMUR', 'JOMBANG', 'PETERONGAN', 'Banjaranyar Sumberagung Peterongan Jombang'),
(101235170220, 69746953, 'RA HAYATUL ISLAM', 'Raudhatul Athfal', 'swasta', 'JAWA TIMUR', 'JOMBANG', 'PETERONGAN', 'Ngrandu'),
(101235170221, 69746950, 'RA MIFTAHUL FALAH', 'Raudhatul Athfal', 'swasta', 'JAWA TIMUR', 'JOMBANG', 'PETERONGAN', 'Gempoldampet Ngrandulor Peterongan Jombang'),
(101235170222, 69746947, 'RA MUSLIMAT MASYHARIYAH', 'Raudhatul Athfal', 'swasta', 'JAWA TIMUR', 'JOMBANG', 'PETERONGAN', 'Temulawak Kebontemu'),
(101235170223, 69746951, 'RA NURUL HUDA', 'Raudhatul Athfal', 'swasta', 'JAWA TIMUR', 'JOMBANG', 'PETERONGAN', 'Dsn. Pule Ds. Tanjunggunung'),
(101235170224, 69746956, 'RA NURUL ULUM', 'Raudhatul Athfal', 'swasta', 'JAWA TIMUR', 'JOMBANG', 'PETERONGAN', 'Dsn. Tugu Rt 022 Rw 006'),
(101235170225, 69746948, 'RA PERWANIDA SENDEN', 'Raudhatul Athfal', 'swasta', 'JAWA TIMUR', 'JOMBANG', 'PETERONGAN', 'Jl.kol H.ismail Rt.001 Rw.001 Senden'),
(101235170226, 69746954, 'RA RAHMAT SAID', 'Raudhatul Athfal', 'swasta', 'JAWA TIMUR', 'JOMBANG', 'PETERONGAN', 'Dsn. Bongkot Rt. 18 Rw. 02 Ds. Bongkot'),
(101235170227, 69746963, 'RA AL-HIDAYAH', 'Raudhatul Athfal', 'swasta', 'JAWA TIMUR', 'JOMBANG', 'PLANDAAN', 'Jl. Brumbung No.01 Bangsri Plandaan Jombang'),
(101235170228, 69746959, 'RA AL-MUSLIM', 'Raudhatul Athfal', 'swasta', 'JAWA TIMUR', 'JOMBANG', 'PLANDAAN', 'Dsn.tanggungan'),
(101235170229, 69746958, 'RA AL-HIDAYAH', 'Raudhatul Athfal', 'swasta', 'JAWA TIMUR', 'JOMBANG', 'PLANDAAN', 'Jl.  Abimanyu No.14'),
(101235170230, 69746957, 'RA AL-HIKMAH', 'Raudhatul Athfal', 'swasta', 'JAWA TIMUR', 'JOMBANG', 'PLANDAAN', 'Jl. Klampisan No.14'),
(101235170231, 69746960, 'RA PERWANIDA', 'Raudhatul Athfal', 'swasta', 'JAWA TIMUR', 'JOMBANG', 'PLANDAAN', 'Jl. Raya Brantas Ploso - Kertosono No.11 Jatimlerek'),
(101235170232, 69746961, 'RA PERWANIDA', 'Raudhatul Athfal', 'swasta', 'JAWA TIMUR', 'JOMBANG', 'PLANDAAN', 'Jl. Gunung Arjuno No 03 Gebangbunder'),
(101235170233, 69746962, 'RA TERPADU', 'Raudhatul Athfal', 'swasta', 'JAWA TIMUR', 'JOMBANG', 'PLANDAAN', 'Abdul Ghofar No. 1 Pojokklitih'),
(101235170234, 69746967, 'RA MUSLIMAT', 'Raudhatul Athfal', 'swasta', 'JAWA TIMUR', 'JOMBANG', 'PLOSO', 'Jl.sumatra 00 Jatigedong Kecamatan Ploso Kabupaten Jombang'),
(101235170235, 69746965, 'RA NIZHAMIYAH', 'Raudhatul Athfal', 'swasta', 'JAWA TIMUR', 'JOMBANG', 'PLOSO', 'REJOAGUNG'),
(101235170236, 69746966, 'RA NIZHAMIYAH DARUNNAJAH', 'Raudhatul Athfal', 'swasta', 'JAWA TIMUR', 'JOMBANG', 'PLOSO', 'Jln. Joyolengkoro No.02'),
(101235170237, 69746968, 'RA NURUL HIDAYAH', 'Raudhatul Athfal', 'swasta', 'JAWA TIMUR', 'JOMBANG', 'PLOSO', 'Jl.wartel dsn Kleco ds Tanggungkramat'),
(101235170238, 69746964, 'RA PERWANIDA', 'Raudhatul Athfal', 'swasta', 'JAWA TIMUR', 'JOMBANG', 'PLOSO', 'Bima No 10'),
(101235170239, 69746976, 'RA AL-FALAH', 'Raudhatul Athfal', 'swasta', 'JAWA TIMUR', 'JOMBANG', 'SUMOBITO', 'Jln. H. Sidiq No 08 Trawasan'),
(101235170240, 69746985, 'RA YPI AL-HIDAYAH', 'Raudhatul Athfal', 'swasta', 'JAWA TIMUR', 'JOMBANG', 'SUMOBITO', 'PLEMAHAN'),
(101235170241, 69746977, 'RA AL-IKMAH', 'Raudhatul Athfal', 'swasta', 'JAWA TIMUR', 'JOMBANG', 'SUMOBITO', 'Balongrejo'),
(101235170242, 69746970, 'RA AL HUDA', 'Raudhatul Athfal', 'swasta', 'JAWA TIMUR', 'JOMBANG', 'SUMOBITO', 'Jl. KH. Abdur Rochim Modo'),
(101235170243, 69746969, 'RA AL-IHSAN', 'Raudhatul Athfal', 'swasta', 'JAWA TIMUR', 'JOMBANG', 'SUMOBITO', 'Dsn. Jogoloyo Rt/Rw: 01/02'),
(101235170245, 69746978, 'RA AT-TAQWA', 'Raudhatul Athfal', 'swasta', 'JAWA TIMUR', 'JOMBANG', 'SUMOBITO', 'Perintis No.01'),
(101235170246, 69746979, 'RA BUSTANUL ULUM', 'Raudhatul Athfal', 'swasta', 'JAWA TIMUR', 'JOMBANG', 'SUMOBITO', 'JL.PAHLAWAN.NO .15'),
(101235170247, 69746972, 'RA BUSTANUL ULUM BRUDU', 'Raudhatul Athfal', 'swasta', 'JAWA TIMUR', 'JOMBANG', 'SUMOBITO', 'Dusun Jeblok, RT. 002/RW.002'),
(101235170248, 69746973, 'RA DARUSSALAM', 'Raudhatul Athfal', 'swasta', 'JAWA TIMUR', 'JOMBANG', 'SUMOBITO', 'Dsn Krajan Ds Curahmalang'),
(101235170249, 69746974, 'RA MIFTAHUL ULUM PLOSOKEREP', 'Raudhatul Athfal', 'swasta', 'JAWA TIMUR', 'JOMBANG', 'SUMOBITO', 'Plosokerep'),
(101235170250, 69746982, 'RA MUSLIMAT BADAS', 'Raudhatul Athfal', 'swasta', 'JAWA TIMUR', 'JOMBANG', 'SUMOBITO', 'Jl Masjid Al - Falach Dsn. Badas'),
(101235170251, 69746983, 'RA MUSLIMAT BUSTANUL-ULUM MOJOKURIPAN', 'Raudhatul Athfal', 'swasta', 'JAWA TIMUR', 'JOMBANG', 'SUMOBITO', 'Mojokuripan'),
(101235170252, 69746980, 'RA MUSLIMAT BUSTANUL ULUM', 'Raudhatul Athfal', 'swasta', 'JAWA TIMUR', 'JOMBANG', 'SUMOBITO', 'Sembujo'),
(101235170253, 69746975, 'RA PERWANIDA SUMOBITO', 'Raudhatul Athfal', 'swasta', 'JAWA TIMUR', 'JOMBANG', 'SUMOBITO', 'JL. BASUKI RAHMAD SUMOBITO'),
(101235170254, 69746984, 'RA RADEN RAHMAT NGLELE', 'Raudhatul Athfal', 'swasta', 'JAWA TIMUR', 'JOMBANG', 'SUMOBITO', 'Dsn. Ngrumek'),
(101235170255, 69746990, 'RA AL-IHSAN', 'Raudhatul Athfal', 'swasta', 'JAWA TIMUR', 'JOMBANG', 'TEMBELANG', 'Jl. Anggrek No. 22'),
(101235170256, 69746991, 'RA DARUL ULUM KEPUHDOKO', 'Raudhatul Athfal', 'swasta', 'JAWA TIMUR', 'JOMBANG', 'TEMBELANG', 'Komplek Pp Darul Ulum Kepuhdoko'),
(101235170257, 69746986, 'RA ISLAMIYAH', 'Raudhatul Athfal', 'swasta', 'JAWA TIMUR', 'JOMBANG', 'TEMBELANG', 'Jln.raya melik bedahlawak tembelang jombang'),
(101235170258, 69746992, 'RA MADINATUL ULUM', 'Raudhatul Athfal', 'swasta', 'JAWA TIMUR', 'JOMBANG', 'TEMBELANG', 'Mojokrapak'),
(101235170259, 69746987, 'RA MIFTAHUL MAARIF', 'Raudhatul Athfal', 'swasta', 'JAWA TIMUR', 'JOMBANG', 'TEMBELANG', 'Jl. K Nuh Balongombo'),
(101235170260, 69746993, 'RA MUSLIMAT', 'Raudhatul Athfal', 'swasta', 'JAWA TIMUR', 'JOMBANG', 'TEMBELANG', 'Jl.walet'),
(101235170261, 69746994, 'RA NIZHOMIYAH', 'Raudhatul Athfal', 'swasta', 'JAWA TIMUR', 'JOMBANG', 'TEMBELANG', 'Jl.a Yani 34'),
(101235170262, 69746988, 'RA PERWANIDA', 'Raudhatul Athfal', 'swasta', 'JAWA TIMUR', 'JOMBANG', 'TEMBELANG', 'Kedunggalih'),
(101235170263, 69746995, 'RA PERWANIDA', 'Raudhatul Athfal', 'swasta', 'JAWA TIMUR', 'JOMBANG', 'TEMBELANG', 'Jl Melati No 21'),
(101235170264, 69995052, 'RA PERWANIDA', 'Raudhatul Athfal', 'swasta', 'JAWA TIMUR', 'JOMBANG', 'TEMBELANG', 'Jl. Delima No 87 Pulogedang'),
(101235170265, 69746989, 'RA SYAFA\'AT', 'Raudhatul Athfal', 'swasta', 'JAWA TIMUR', 'JOMBANG', 'TEMBELANG', 'Raya Pesantren'),
(101235170266, 69746997, 'RA AL-AKBAR', 'Raudhatul Athfal', 'swasta', 'JAWA TIMUR', 'JOMBANG', 'WONOSALAM', 'Dsn. Pengajaran'),
(101235170267, 69746998, 'RA ANJASMORO', 'Raudhatul Athfal', 'swasta', 'JAWA TIMUR', 'JOMBANG', 'WONOSALAM', 'Jl. Padepokan Tegopati, Dsn Anjasmoro'),
(101235170268, 69747001, 'RA FASER', 'Raudhatul Athfal', 'swasta', 'JAWA TIMUR', 'JOMBANG', 'WONOSALAM', 'Dsn. Mendiro'),
(101235170269, 69747000, 'RA PERWANIDA I', 'Raudhatul Athfal', 'swasta', 'JAWA TIMUR', 'JOMBANG', 'WONOSALAM', 'JLN MASJID DSN SUMBER'),
(101235170270, 69746999, 'RA PERWANIDA II', 'Raudhatul Athfal', 'swasta', 'JAWA TIMUR', 'JOMBANG', 'WONOSALAM', 'Dsn. Sumber'),
(101235170271, 69746901, 'RA MUSLIAMAT ZUMROTUL FAIZIN', 'Raudhatul Athfal', 'swasta', 'JAWA TIMUR', 'JOMBANG', 'MOJOWARNO', 'Jl Mojogeneng'),
(101235170272, 69746799, 'RA MUSLIMAT BINA INSANI', 'Raudhatul Athfal', 'swasta', 'JAWA TIMUR', 'JOMBANG', 'GUDO', 'Jl. Masjid Berjel'),
(101235170273, 69746981, 'RA AISYIYAH BUSTANUL ATHFAL', 'Raudhatul Athfal', 'swasta', 'JAWA TIMUR', 'JOMBANG', 'SUMOBITO', 'Jl. Gebyaran No. 01'),
(101235170274, 69885201, 'RA AN-NUR', 'Raudhatul Athfal', 'swasta', 'JAWA TIMUR', 'JOMBANG', 'MEGALUH', 'Jln Melati No. 154 Sumbersari'),
(101235170275, 69885204, 'RA AL-BAROKAH', 'Raudhatul Athfal', 'swasta', 'JAWA TIMUR', 'JOMBANG', 'PLANDAAN', 'Kendayaan'),
(101235170276, 69885199, 'RA AR ROUDLAH', 'Raudhatul Athfal', 'swasta', 'JAWA TIMUR', 'JOMBANG', 'DIWEK', 'Jl. Raya Ceweng Dusun Ceweng Rt 04 Rw 01'),
(101235170277, 69885205, 'RA AL-HIDAYAH', 'Raudhatul Athfal', 'swasta', 'JAWA TIMUR', 'JOMBANG', 'WONOSALAM', 'Dusun Sumber Lamong'),
(101235170278, 69885202, 'RA AL HIKMAH', 'Raudhatul Athfal', 'swasta', 'JAWA TIMUR', 'JOMBANG', 'NGORO', 'KESAMBEN'),
(101235170279, 69885203, 'RA NURUL HUDA', 'Raudhatul Athfal', 'swasta', 'JAWA TIMUR', 'JOMBANG', 'NGUSIKAN', 'Jl. Tanjung Baru No. 17'),
(101235170280, 69885200, 'RA ABDUL WAHID', 'Raudhatul Athfal', 'swasta', 'JAWA TIMUR', 'JOMBANG', 'JOMBANG', 'Cutnyak Dien No.35 Jombang'),
(101235170281, 69885198, 'RA KHOIRUN NISSA', 'Raudhatul Athfal', 'swasta', 'JAWA TIMUR', 'JOMBANG', 'BARENG', 'DUSUN TEGALREJO'),
(101235170282, 69887653, 'RA AL ALIM', 'Raudhatul Athfal', 'swasta', 'JAWA TIMUR', 'JOMBANG', 'MOJOWARNO', 'Jl. Dipo No. 3 Gerbo Rt 4 Rw 3'),
(101235170283, 69898153, 'RA BAITUL MUTTAQIN', 'Raudhatul Athfal', 'swasta', 'JAWA TIMUR', 'JOMBANG', 'MOJOAGUNG', 'Jl Sirsat'),
(101235170284, 69898155, 'RA AR-RAHMAT', 'Raudhatul Athfal', 'swasta', 'JAWA TIMUR', 'JOMBANG', 'MOJOWARNO', 'Sumberwinong Rt 02 Rw 04'),
(101235170285, 69898157, 'RA AL-KHODIJAH', 'Raudhatul Athfal', 'swasta', 'JAWA TIMUR', 'JOMBANG', 'SUMOBITO', 'Brudu Sumobito Jombang'),
(101235170286, 69898151, 'RA ISLAMIYAH', 'Raudhatul Athfal', 'swasta', 'JAWA TIMUR', 'JOMBANG', 'KESAMBEN', 'Jl. Sidomakmur'),
(101235170287, 69898158, 'RA AL AZZA', 'Raudhatul Athfal', 'swasta', 'JAWA TIMUR', 'JOMBANG', 'SUMOBITO', 'Dsn. Rejosari'),
(101235170288, 69898154, 'RA SUNAN AMPEL', 'Raudhatul Athfal', 'swasta', 'JAWA TIMUR', 'JOMBANG', 'MOJOAGUNG', 'Jl. Desa Seketi Nomor. 1'),
(101235170289, 69898148, 'RA SITI KHODIJAH', 'Raudhatul Athfal', 'swasta', 'JAWA TIMUR', 'JOMBANG', 'DIWEK', 'Desa Bendet Rt 06 Rw 03'),
(101235170291, 69898156, 'RA NURUL HUDA', 'Raudhatul Athfal', 'swasta', 'JAWA TIMUR', 'JOMBANG', 'MOJOWARNO', 'JL.Wachid Hasyim Dusun Ngenden RT/RW. 004/001'),
(101235170293, 69898150, 'RA HIDAYATUL MUBTADI IN', 'Raudhatul Athfal', 'swasta', 'JAWA TIMUR', 'JOMBANG', 'GUDO', 'Jl. Kampung Pucangro 005/002'),
(101235170294, 69941150, 'RA LENTERA BUNDA', 'Raudhatul Athfal', 'swasta', 'JAWA TIMUR', 'JOMBANG', 'PLANDAAN', 'Dusun: Tempel, Desa: Darurejo, Kec: Plandaan'),
(101235170295, 69977614, 'RA AL-IKHLAS', 'Raudhatul Athfal', 'swasta', 'JAWA TIMUR', 'JOMBANG', 'KABUH', 'DUSUN GEMPOL RT.002, RW. 001, DESA KARANGPAKIS, KEC. KABUH, KAB. JOMBANG'),
(101235170296, 69977615, 'RA USSISA ALA TAQWA', 'Raudhatul Athfal', 'swasta', 'JAWA TIMUR', 'JOMBANG', 'GUDO', 'Jln. Basuki Dsn. Legundi'),
(101235170297, 69977616, 'RA DARUL \'ULUM', 'Raudhatul Athfal', 'swasta', 'JAWA TIMUR', 'JOMBANG', 'DIWEK', 'Jl. KH. Hasyim Asyari 171'),
(101235170298, 69994616, 'RA AL JABBAR', 'Raudhatul Athfal', 'swasta', 'JAWA TIMUR', 'JOMBANG', 'NGORO', 'Gang Buntu Dusun Pulorejo No. 111'),
(101235170299, 69993729, 'RA AL-AKBAR', 'Raudhatul Athfal', 'swasta', 'JAWA TIMUR', 'JOMBANG', 'MOJOAGUNG', 'DSN.JETIS DS.MANCILAN MOJOAGUNG JOMBANG'),
(101235170300, 69993480, 'RA AHLUL QUR AN', 'Raudhatul Athfal', 'swasta', 'JAWA TIMUR', 'JOMBANG', 'DIWEK', 'JL. IRIAN JAYA PO. BOX. 18 TEBUIRENG'),
(101235170301, 69994781, 'RA NIDHOMIYAH', 'Raudhatul Athfal', 'swasta', 'JAWA TIMUR', 'JOMBANG', 'MEGALUH', 'SUMBERPACING SUMBERSARI MEGALUH JOMBANG'),
(101235170302, 70006267, 'RA AL HIKMAH', 'Raudhatul Athfal', 'swasta', 'JAWA TIMUR', 'JOMBANG', 'MOJOWARNO', 'JL. RONOHARJO NO. 9'),
(101235170303, 70027706, 'RA NAHDLATUS SHIBYAN', 'Raudhatul Athfal', 'swasta', 'JAWA TIMUR', 'JOMBANG', 'JOMBANG', 'RT/RW 003/006 Banggle Dapurkejambon Jombang'),
(101235170304, 70026543, 'RA HATI BUNDA', 'Raudhatul Athfal', 'swasta', 'JAWA TIMUR', 'JOMBANG', 'DIWEK', 'jl.Raya kartini rt/rw002/002'),
(111135170001, 60717331, 'MIN 3 JOMBANG', 'Madrasah Ibtidaiyah', 'negeri', 'JAWA TIMUR', 'JOMBANG', 'BANDARKEDUNGMULYO', 'Jl. Raya Pucangsimo No.1'),
(111135170002, 60717416, 'MIN 1 JOMBANG', 'Madrasah Ibtidaiyah', 'negeri', 'JAWA TIMUR', 'JOMBANG', 'JOMBANG', 'Jl. Abd. Rahman Saleh III / 8A'),
(111135170003, 60717451, 'MIN 5 JOMBANG', 'Madrasah Ibtidaiyah', 'negeri', 'JAWA TIMUR', 'JOMBANG', 'KUDU', 'Jl. Raya Brantas No. 121 A'),
(111135170004, 60717538, 'MIN 4 JOMBANG', 'Madrasah Ibtidaiyah', 'negeri', 'JAWA TIMUR', 'JOMBANG', 'PETERONGAN', 'Jl. Rejoso Pondok Pesantren Darul Ulum Peterongan Jombang'),
(111135170005, 60717550, 'MIN 2 JOMBANG', 'Madrasah Ibtidaiyah', 'negeri', 'JAWA TIMUR', 'JOMBANG', 'PLANDAAN', 'Jl .raya Klitih No.70 Klitih Plandaan Jombang'),
(111235170001, 60717342, 'MIS AL-ASY\'ARIYAH', 'Madrasah Ibtidaiyah', 'swasta', 'JAWA TIMUR', 'JOMBANG', 'BANDARKEDUNGMULYO', 'Jl. Raya Utama No. 57'),
(111235170002, 60717332, 'MIS AL-HIKMAH GONDANGMANIS', 'Madrasah Ibtidaiyah', 'swasta', 'JAWA TIMUR', 'JOMBANG', 'BANDARKEDUNGMULYO', 'JL. PROTOKOL NO.137 DS. GONDANGMANIS KEC. BANDARKEDUNGMULYO KAB. JOMBANG'),
(111235170003, 60717333, 'MIS AL IHSAN BANDARKEDUNGMULYO', 'Madrasah Ibtidaiyah', 'swasta', 'JAWA TIMUR', 'JOMBANG', 'BANDARKEDUNGMULYO', 'Raya Bandarkedungmulyo No. 25'),
(111235170004, 60717334, 'MIS BUSTANUL MUTAALIMIN', 'Madrasah Ibtidaiyah', 'swasta', 'JAWA TIMUR', 'JOMBANG', 'BANDARKEDUNGMULYO', 'DSN MOJOTENGAH RT/RW 001/003'),
(111235170005, 60717335, 'MIS DARUL MA\'ARIF', 'Madrasah Ibtidaiyah', 'swasta', 'JAWA TIMUR', 'JOMBANG', 'BANDARKEDUNGMULYO', 'Jl. Raya Brodot No.25'),
(111235170006, 60717343, 'MIS IRSYADUT THOLIBIN', 'Madrasah Ibtidaiyah', 'swasta', 'JAWA TIMUR', 'JOMBANG', 'BANDARKEDUNGMULYO', 'Dsn Sawahan Desa Barongsawahan'),
(111235170007, 60717344, 'MIS MAMBAUL MAARIF', 'Madrasah Ibtidaiyah', 'swasta', 'JAWA TIMUR', 'JOMBANG', 'BANDARKEDUNGMULYO', 'Jl. Raya Karangdagangan'),
(111235170008, 60717336, 'MIS RAUDLATUL ULUM I', 'Madrasah Ibtidaiyah', 'swasta', 'JAWA TIMUR', 'JOMBANG', 'BANDARKEDUNGMULYO', 'Jalan Raya Brangkal No. 02'),
(111235170009, 60717339, 'MIS RAUDLATUL ULUM II', 'Madrasah Ibtidaiyah', 'swasta', 'JAWA TIMUR', 'JOMBANG', 'BANDARKEDUNGMULYO', 'Jl. Dsn Proko'),
(111235170010, 60717340, 'MIS SUBULUSSALAM', 'Madrasah Ibtidaiyah', 'swasta', 'JAWA TIMUR', 'JOMBANG', 'BANDARKEDUNGMULYO', 'Jl. Raya Pucangsimo'),
(111235170011, 60717337, 'MIS SUNAN KALIJOGO 1', 'Madrasah Ibtidaiyah', 'swasta', 'JAWA TIMUR', 'JOMBANG', 'BANDARKEDUNGMULYO', 'JL. RAYA TINGGAR NO. 35'),
(111235170012, 60717341, 'MIS SUNAN KALIJOGO 2', 'Madrasah Ibtidaiyah', 'swasta', 'JAWA TIMUR', 'JOMBANG', 'BANDARKEDUNGMULYO', 'Dsn. Tinggar Desa Tinggar'),
(111235170013, 60717338, 'MIS UMAR ZAHID SEMELO', 'Madrasah Ibtidaiyah', 'swasta', 'JAWA TIMUR', 'JOMBANG', 'BANDARKEDUNGMULYO', 'Jl. Madrasah Rt.06 Rw.01 Ds. Kayen Bandar Km'),
(111235170014, 60717345, 'MIS AL HIKMAH', 'Madrasah Ibtidaiyah', 'swasta', 'JAWA TIMUR', 'JOMBANG', 'BARENG', 'Jl. Ubalan No. 1'),
(111235170015, 60717346, 'MIS AL IHSAN', 'Madrasah Ibtidaiyah', 'swasta', 'JAWA TIMUR', 'JOMBANG', 'BARENG', 'Jl. Pepaya 6A Banjaragung'),
(111235170016, 60717347, 'MIS ISLAMIYAH ALWATHANIYAH', 'Madrasah Ibtidaiyah', 'swasta', 'JAWA TIMUR', 'JOMBANG', 'BARENG', 'Jl. Sultan Agung 18 Mojoanyar'),
(111235170017, 60717348, 'MIS AL-HIKMAH PAKEL', 'Madrasah Ibtidaiyah', 'swasta', 'JAWA TIMUR', 'JOMBANG', 'BARENG', 'Jl.ky.irsyad No. 86 Rt 02 Rw 03'),
(111235170018, 60717349, 'MIS BAHRUL ULUM', 'Madrasah Ibtidaiyah', 'swasta', 'JAWA TIMUR', 'JOMBANG', 'BARENG', 'Jl. Siroturroghibin No. 00 Kebondalem'),
(111235170019, 60717350, 'MIS DARUL HIKMAH KARANGAN', 'Madrasah Ibtidaiyah', 'swasta', 'JAWA TIMUR', 'JOMBANG', 'BARENG', 'Karangan'),
(111235170020, 60717351, 'MIS DARUL HIKMAH TEBEL', 'Madrasah Ibtidaiyah', 'swasta', 'JAWA TIMUR', 'JOMBANG', 'BARENG', 'Dusun Jlopo RT.003 RW.001'),
(111235170021, 60717352, 'MIS FATHUL ULUM', 'Madrasah Ibtidaiyah', 'swasta', 'JAWA TIMUR', 'JOMBANG', 'BARENG', 'Jl. Manunggal Kopen'),
(111235170022, 60717353, 'MIS ISLAMIYAH DADIREJO', 'Madrasah Ibtidaiyah', 'swasta', 'JAWA TIMUR', 'JOMBANG', 'BARENG', 'Jl Mbah Fatah Iman No.03  Dadirejo'),
(111235170023, 60717354, 'MIS NURUL ISLAM', 'Madrasah Ibtidaiyah', 'swasta', 'JAWA TIMUR', 'JOMBANG', 'BARENG', 'Jl. Dr. Sutomo No. 117'),
(111235170024, 60717355, 'MIS PERWANIDA', 'Madrasah Ibtidaiyah', 'swasta', 'JAWA TIMUR', 'JOMBANG', 'BARENG', 'Plosorejo'),
(111235170025, 60717356, 'MIS AL-ADNANI', 'Madrasah Ibtidaiyah', 'swasta', 'JAWA TIMUR', 'JOMBANG', 'DIWEK', 'Jl.masjid Al-Adnani Kayangan Diwek Jombang 61471'),
(111235170026, 60717357, 'MIS AL URWATUL WUTSQO 1', 'Madrasah Ibtidaiyah', 'swasta', 'JAWA TIMUR', 'JOMBANG', 'DIWEK', 'Jl. KH. Yaqub Husein Bulurejo'),
(111235170027, 60717358, 'MIS AL URWATUL WUTSQO II BEDOK', 'Madrasah Ibtidaiyah', 'swasta', 'JAWA TIMUR', 'JOMBANG', 'DIWEK', 'Jalan Masjid Baiturrahman Bedok'),
(111235170028, 60717359, 'MIS AL-ASAD', 'Madrasah Ibtidaiyah', 'swasta', 'JAWA TIMUR', 'JOMBANG', 'DIWEK', 'Jl. Masjid No.06, Brambang Diwek Jombang'),
(111235170029, 60717360, 'MIS AL-ASY\'ARI', 'Madrasah Ibtidaiyah', 'swasta', 'JAWA TIMUR', 'JOMBANG', 'DIWEK', 'Jl. Pon. Pes. Al-Asyari'),
(111235170030, 60717361, 'MIS AL-HILAL', 'Madrasah Ibtidaiyah', 'swasta', 'JAWA TIMUR', 'JOMBANG', 'DIWEK', 'Balongombo'),
(111235170031, 60717362, 'MIS AL-MA\'RUF BEYAN', 'Madrasah Ibtidaiyah', 'swasta', 'JAWA TIMUR', 'JOMBANG', 'DIWEK', 'Beyan Pandanwangi'),
(111235170032, 60717363, 'MIS AL QOSIMY', 'Madrasah Ibtidaiyah', 'swasta', 'JAWA TIMUR', 'JOMBANG', 'DIWEK', 'Dsn Gendong RT001/ RW007'),
(111235170033, 60717364, 'MIS AR-ROHMAN', 'Madrasah Ibtidaiyah', 'swasta', 'JAWA TIMUR', 'JOMBANG', 'DIWEK', 'JL. MASJID BAITURROHMAN NO.12 RT. 012 RW.006'),
(111235170034, 60726990, 'MIS DAARUS SALAAM', 'Madrasah Ibtidaiyah', 'swasta', 'JAWA TIMUR', 'JOMBANG', 'DIWEK', 'Jl.Gerilya, Keras Diwek Jombang'),
(111235170035, 60717365, 'MIS DARUL HIKMAH', 'Madrasah Ibtidaiyah', 'swasta', 'JAWA TIMUR', 'JOMBANG', 'DIWEK', 'Jln. H. Umar No. 17 Bandungsari'),
(111235170036, 60717366, 'MIS DARUL HIKMAH', 'Madrasah Ibtidaiyah', 'swasta', 'JAWA TIMUR', 'JOMBANG', 'DIWEK', 'Jl. Raya Gg. Masjid Besar Diwek No. 67'),
(111235170037, 60717367, 'MIS DARUL ULUM', 'Madrasah Ibtidaiyah', 'swasta', 'JAWA TIMUR', 'JOMBANG', 'DIWEK', 'Kh. Hasyim Asyari 171 Mojosongo'),
(111235170038, 60717368, 'MIS DARUS SALAM', 'Madrasah Ibtidaiyah', 'swasta', 'JAWA TIMUR', 'JOMBANG', 'DIWEK', 'kayen Gg II'),
(111235170039, 60717369, 'MIS HIDAYATUL MUBTADIIN', 'Madrasah Ibtidaiyah', 'swasta', 'JAWA TIMUR', 'JOMBANG', 'DIWEK', 'Jl.wongsokromo'),
(111235170040, 60717370, 'MIS ISLAMIYAH BENDET', 'Madrasah Ibtidaiyah', 'swasta', 'JAWA TIMUR', 'JOMBANG', 'DIWEK', 'Jl. KH. Moch. Badjoeri No. 06'),
(111235170041, 60717371, 'MIS MIFTAHUL HUDA', 'Madrasah Ibtidaiyah', 'swasta', 'JAWA TIMUR', 'JOMBANG', 'DIWEK', 'Jln. Cukir Mojowarno No. 167 Tanjunganom'),
(111235170042, 60717372, 'MIS MIFTAHUL ULUM KEDAWONG', 'Madrasah Ibtidaiyah', 'swasta', 'JAWA TIMUR', 'JOMBANG', 'DIWEK', 'Kedawong'),
(111235170043, 60717373, 'MIS MIFTAHUL ULUM JATIPELEM', 'Madrasah Ibtidaiyah', 'swasta', 'JAWA TIMUR', 'JOMBANG', 'DIWEK', 'Jalan Raya Jatipelem No. 24'),
(111235170044, 60717374, 'MIS NURUL IMAN', 'Madrasah Ibtidaiyah', 'swasta', 'JAWA TIMUR', 'JOMBANG', 'DIWEK', 'Jln. Raya Cukir-Mojowarno Gg. Masjid Dempok'),
(111235170045, 60717375, 'MIS PERGURUAN MUALLIMAT', 'Madrasah Ibtidaiyah', 'swasta', 'JAWA TIMUR', 'JOMBANG', 'DIWEK', 'Jl. Masjid Jami'),
(111235170046, 60717376, 'MIS SALAFIYAH SYAFIIYAH', 'Madrasah Ibtidaiyah', 'swasta', 'JAWA TIMUR', 'JOMBANG', 'DIWEK', 'Jl. Tirtorejo No. 53 ( Sebelah Masjid )');
INSERT INTO `lembaga` (`nsm`, `NPSN`, `nama_madrasah`, `Jenjang`, `Status`, `Provinsi`, `Kabupaten`, `Kecamatan`, `Alamat`) VALUES
(111235170047, 60717377, 'MIS SALAFIYAH SYAFI\'IYAH SEBLAK', 'Madrasah Ibtidaiyah', 'swasta', 'JAWA TIMUR', 'JOMBANG', 'DIWEK', 'Jl. PP Seblak Kwaron Diwek'),
(111235170048, 60717378, 'MIS SALAFIYAH SYAFIIYAH BANDUNG 01', 'Madrasah Ibtidaiyah', 'swasta', 'JAWA TIMUR', 'JOMBANG', 'DIWEK', 'Jln. Raya Bandung No. 14'),
(111235170049, 60717379, 'MI SALAFIYAH SYAFIIYAH BANDUNG 2', 'Madrasah Ibtidaiyah', 'swasta', 'JAWA TIMUR', 'JOMBANG', 'DIWEK', 'Jl. Raya Bandung No. 14'),
(111235170050, 60717380, 'MIS SALAFIYAH SYAFI\'IYAH BANDUNG 3', 'Madrasah Ibtidaiyah', 'swasta', 'JAWA TIMUR', 'JOMBANG', 'DIWEK', 'Jl. Bandung Krajan No. 35 Diwek Jombang'),
(111235170051, 60717381, 'MIS SUNAN KALIJAGA', 'Madrasah Ibtidaiyah', 'swasta', 'JAWA TIMUR', 'JOMBANG', 'DIWEK', 'Dusun Mejono Desa Keras Diwek Jombang Jawa Timur'),
(111235170052, 60717382, 'MIS TARBIYATUL AULAD', 'Madrasah Ibtidaiyah', 'swasta', 'JAWA TIMUR', 'JOMBANG', 'DIWEK', 'Dusun Gedangan RT.01 RW.08'),
(111235170053, 60717383, 'MIS TARBIYATUL AULAD', 'Madrasah Ibtidaiyah', 'swasta', 'JAWA TIMUR', 'JOMBANG', 'DIWEK', 'Dsn. Gebangmalang'),
(111235170054, 60717384, 'MIS TARBIYATUNNASYIIN 1', 'Madrasah Ibtidaiyah', 'swasta', 'JAWA TIMUR', 'JOMBANG', 'DIWEK', 'Jl.KH. Manshur Anwar No. 10 Paculgowang'),
(111235170055, 60717385, 'MIS TARBIYATUNNASYI\'IN 2', 'Madrasah Ibtidaiyah', 'swasta', 'JAWA TIMUR', 'JOMBANG', 'DIWEK', 'Jl. Kh. Manshur Anwar No 10 Paculgowang'),
(111235170056, 60717386, 'MIS THOYIB HIDAYAT', 'Madrasah Ibtidaiyah', 'swasta', 'JAWA TIMUR', 'JOMBANG', 'DIWEK', 'Jl. Masjid No.35 Pojok'),
(111235170057, 60717387, 'MIS AL ILHAM', 'Madrasah Ibtidaiyah', 'swasta', 'JAWA TIMUR', 'JOMBANG', 'GUDO', 'Jl.masjid Rt 3 Rw 2 Mejoyolosari'),
(111235170058, 60717388, 'MIS AL-KHOIRIYAH', 'Madrasah Ibtidaiyah', 'swasta', 'JAWA TIMUR', 'JOMBANG', 'GUDO', 'Jln H. Moh. Sholeh No 01 Tanggungan Gudo'),
(111235170059, 60717389, 'MIS BAITUL HUDA', 'Madrasah Ibtidaiyah', 'swasta', 'JAWA TIMUR', 'JOMBANG', 'GUDO', 'JL Masjid Sidomulyo 01'),
(111235170060, 60717390, 'MIS MIFTAHUL HUDA', 'Madrasah Ibtidaiyah', 'swasta', 'JAWA TIMUR', 'JOMBANG', 'GUDO', 'Jln. Raya Sepanyul'),
(111235170061, 60717391, 'MIS SABILUN NAJAH', 'Madrasah Ibtidaiyah', 'swasta', 'JAWA TIMUR', 'JOMBANG', 'GUDO', 'Jalan Masjid Cikaran'),
(111235170062, 60717392, 'MIS TARBIYATUL ATHFAL', 'Madrasah Ibtidaiyah', 'swasta', 'JAWA TIMUR', 'JOMBANG', 'GUDO', 'Jln. Masjid Klepek Selatan'),
(111235170063, 60717393, 'MIS ULUMUDDIN', 'Madrasah Ibtidaiyah', 'swasta', 'JAWA TIMUR', 'JOMBANG', 'GUDO', 'Jl.Raya Gudo Jombang desa Godong'),
(111235170064, 60717394, 'MIS WAHID HASYIM', 'Madrasah Ibtidaiyah', 'swasta', 'JAWA TIMUR', 'JOMBANG', 'GUDO', 'Jl. Raya No.12 Krembangan Gudo'),
(111235170065, 60717395, 'MIS AL-HIKMAH', 'Madrasah Ibtidaiyah', 'swasta', 'JAWA TIMUR', 'JOMBANG', 'JOGOROTO', 'Jl. Raya Janti No. 222'),
(111235170066, 60717396, 'MIS AL-IHSAN 1', 'Madrasah Ibtidaiyah', 'swasta', 'JAWA TIMUR', 'JOMBANG', 'JOGOROTO', 'Jln. Raya Sawahan no 2B'),
(111235170067, 60717397, 'MIS AL-IHSAN 2', 'Madrasah Ibtidaiyah', 'swasta', 'JAWA TIMUR', 'JOMBANG', 'JOGOROTO', 'Jl. Balaidesa Dsn. Sawahan'),
(111235170068, 60717398, 'MIS AL-ITTIHAD', 'Madrasah Ibtidaiyah', 'swasta', 'JAWA TIMUR', 'JOMBANG', 'JOGOROTO', 'JLN. RAYA KALIANYAR NO. 16'),
(111235170069, 60717399, 'MIS ANNASHIRIYAH', 'Madrasah Ibtidaiyah', 'swasta', 'JAWA TIMUR', 'JOMBANG', 'JOGOROTO', 'DSN.NGEMBEH'),
(111235170070, 60717400, 'MIS BABUSSALAM', 'Madrasah Ibtidaiyah', 'swasta', 'JAWA TIMUR', 'JOMBANG', 'JOGOROTO', 'Jl. Masjid Al-Mukhlisin No 49'),
(111235170071, 60717401, 'MIS DARUL ULUM I', 'Madrasah Ibtidaiyah', 'swasta', 'JAWA TIMUR', 'JOMBANG', 'JOGOROTO', 'Jln. H. Cholil No.35 Sumber Penganten'),
(111235170072, 60717402, 'MIS DARUL ULUM 2', 'Madrasah Ibtidaiyah', 'swasta', 'JAWA TIMUR', 'JOMBANG', 'JOGOROTO', 'Bendungrejo'),
(111235170073, 60717403, 'MIS DARUL ULUM 3', 'Madrasah Ibtidaiyah', 'swasta', 'JAWA TIMUR', 'JOMBANG', 'JOGOROTO', 'Jl. Buyut Sudriyo'),
(111235170074, 60717404, 'MIS DARUSSALAM', 'Madrasah Ibtidaiyah', 'swasta', 'JAWA TIMUR', 'JOMBANG', 'JOGOROTO', 'dsn Semanding RT003 RW005'),
(111235170075, 60717405, 'MIS GHOZALIYAH', 'Madrasah Ibtidaiyah', 'swasta', 'JAWA TIMUR', 'JOMBANG', 'JOGOROTO', 'PP. Al Ghozaliyah Sidowaras'),
(111235170076, 60717406, 'MIS HASYIM ASY\'ARI', 'Madrasah Ibtidaiyah', 'swasta', 'JAWA TIMUR', 'JOMBANG', 'JOGOROTO', 'Jln. Raya Jogoroto No. 134'),
(111235170077, 60717407, 'MIS ISLAMIYAH KEMIRIGALIH', 'Madrasah Ibtidaiyah', 'swasta', 'JAWA TIMUR', 'JOMBANG', 'JOGOROTO', 'Dsn Kemirigalih RT 001/RW 001'),
(111235170078, 60717408, 'MIS KHOLIDIYAH', 'Madrasah Ibtidaiyah', 'swasta', 'JAWA TIMUR', 'JOMBANG', 'JOGOROTO', 'Dsn. Pengalangan'),
(111235170079, 60717409, 'MIS MAMBAUL ULUM', 'Madrasah Ibtidaiyah', 'swasta', 'JAWA TIMUR', 'JOMBANG', 'JOGOROTO', 'Jln. Masjid Corogo'),
(111235170080, 60717410, 'MIS MIDANUTTALIM I', 'Madrasah Ibtidaiyah', 'swasta', 'JAWA TIMUR', 'JOMBANG', 'JOGOROTO', 'Jl. Ponpes Midanuttalim Mayangan'),
(111235170081, 60717411, 'MIS MIDANUTTALIM II', 'Madrasah Ibtidaiyah', 'swasta', 'JAWA TIMUR', 'JOMBANG', 'JOGOROTO', 'Jl. Ponpes Midanuttalim Mayangan'),
(111235170082, 60717412, 'MIS MIFTAHUL ULUM', 'Madrasah Ibtidaiyah', 'swasta', 'JAWA TIMUR', 'JOMBANG', 'JOGOROTO', 'Jl. Jarak Kulon Rt. 01 Rw. 01'),
(111235170083, 60717413, 'MIS MINHAJUL ABIDIN', 'Madrasah Ibtidaiyah', 'swasta', 'JAWA TIMUR', 'JOMBANG', 'JOGOROTO', 'Jln. Makam Mbah Sayyid Ismail, Ds. Janti'),
(111235170084, 60717414, 'MIS MUHAMMADIYAH 03', 'Madrasah Ibtidaiyah', 'swasta', 'JAWA TIMUR', 'JOMBANG', 'JOGOROTO', 'Jl. Raya Jogoroto No.78'),
(111235170085, 60717415, 'MIS SYAFI\'IYAH', 'Madrasah Ibtidaiyah', 'swasta', 'JAWA TIMUR', 'JOMBANG', 'JOGOROTO', 'Dsn. Dukuh Semut, Ds. Sukosari'),
(111235170086, 60717417, 'MIS AL-AZHAR', 'Madrasah Ibtidaiyah', 'swasta', 'JAWA TIMUR', 'JOMBANG', 'JOMBANG', 'Jl. Brigjen Kretarto No. 27'),
(111235170087, 60717418, 'MIS AL-ISTIQOMAH', 'Madrasah Ibtidaiyah', 'swasta', 'JAWA TIMUR', 'JOMBANG', 'JOMBANG', 'Jl. KH. Umar No.99'),
(111235170088, 60717419, 'MIS BAHRUL ULUM TAMBAKBERAS', 'Madrasah Ibtidaiyah', 'swasta', 'JAWA TIMUR', 'JOMBANG', 'JOMBANG', 'Jl.kh.wahab Chasbulloh'),
(111235170089, 60717420, 'MIS DARUSSALAM', 'Madrasah Ibtidaiyah', 'swasta', 'JAWA TIMUR', 'JOMBANG', 'JOMBANG', 'JL. GONDEKAN NO 76 GONDEKAN JABON JOMBANG'),
(111235170090, 60717421, 'MIS KEBOKICAK', 'Madrasah Ibtidaiyah', 'swasta', 'JAWA TIMUR', 'JOMBANG', 'JOMBANG', 'Dapurkejambon'),
(111235170091, 60717422, 'MIS MAMBAUL KHOIROT', 'Madrasah Ibtidaiyah', 'swasta', 'JAWA TIMUR', 'JOMBANG', 'JOMBANG', 'Dusun Gempolpait'),
(111235170092, 60717423, 'MIS MAMBAUL MAARIF', 'Madrasah Ibtidaiyah', 'swasta', 'JAWA TIMUR', 'JOMBANG', 'JOMBANG', 'Jl. Kh. Bisri Syansuri No. 77'),
(111235170093, 60717424, 'MIS MANSAUL HUDA', 'Madrasah Ibtidaiyah', 'swasta', 'JAWA TIMUR', 'JOMBANG', 'JOMBANG', 'Basuki Rahmat No 28 Karangkletak Tunggorono'),
(111235170094, 60717425, 'MIS MIFTAHUL MAARIF', 'Madrasah Ibtidaiyah', 'swasta', 'JAWA TIMUR', 'JOMBANG', 'JOMBANG', 'Jalan Mindi Jaya No. I/23'),
(111235170095, 60717426, 'MIS MUHAMMADIYAH 01', 'Madrasah Ibtidaiyah', 'swasta', 'JAWA TIMUR', 'JOMBANG', 'JOMBANG', 'Jln. Ir. H. Juanda No. 70'),
(111235170096, 60717427, 'MIS MUHAMMADIYAH 2', 'Madrasah Ibtidaiyah', 'swasta', 'JAWA TIMUR', 'JOMBANG', 'JOMBANG', 'Jl. Jambu I No.02'),
(111235170097, 60717428, 'MIS MUJAHIDIN', 'Madrasah Ibtidaiyah', 'swasta', 'JAWA TIMUR', 'JOMBANG', 'JOMBANG', 'Jl. Sumatera Gg. 3 No. 6 Parimono'),
(111235170098, 60717429, 'MIS NIDHOMIYAH', 'Madrasah Ibtidaiyah', 'swasta', 'JAWA TIMUR', 'JOMBANG', 'JOMBANG', 'Jl.Gus Dur Gg.nidhomiyah 11 Candimulyo Jombang'),
(111235170099, 60717430, 'MIS NURUL AHMAD', 'Madrasah Ibtidaiyah', 'swasta', 'JAWA TIMUR', 'JOMBANG', 'JOMBANG', 'Jln. Kenanga No. 53 Banjardowo'),
(111235170100, 60717431, 'MIS SUNAN GIRI', 'Madrasah Ibtidaiyah', 'swasta', 'JAWA TIMUR', 'JOMBANG', 'JOMBANG', 'Jl Cut Nya Dien No.39 Rt. 005 Rw. 005 Pulolor Jombang'),
(111235170101, 60717432, 'MIS TARBIYATUL HUDA', 'Madrasah Ibtidaiyah', 'swasta', 'JAWA TIMUR', 'JOMBANG', 'JOMBANG', 'Sumberwinong'),
(111235170102, 60717433, 'MIS NIDHOMIYAH', 'Madrasah Ibtidaiyah', 'swasta', 'JAWA TIMUR', 'JOMBANG', 'KABUH', 'Jl.djo Yudo No.09 Kabuh'),
(111235170103, 60717434, 'MIS NIDHOMIYAH', 'Madrasah Ibtidaiyah', 'swasta', 'JAWA TIMUR', 'JOMBANG', 'KABUH', 'Dsn. Peyek'),
(111235170104, 60717435, 'MIS RADEN RAHMAT', 'Madrasah Ibtidaiyah', 'swasta', 'JAWA TIMUR', 'JOMBANG', 'KABUH', 'Dusun Brumbung'),
(111235170105, 60717436, 'MIS AL HIDAYAH', 'Madrasah Ibtidaiyah', 'swasta', 'JAWA TIMUR', 'JOMBANG', 'KESAMBEN', 'POJOKREJO'),
(111235170106, 60717437, 'MIS AL HIDAYAH', 'Madrasah Ibtidaiyah', 'swasta', 'JAWA TIMUR', 'JOMBANG', 'KESAMBEN', 'Jl. Raya Kedungbetik RT/RW 006/002'),
(111235170107, 60717438, 'MIS AL-IHSANI', 'Madrasah Ibtidaiyah', 'swasta', 'JAWA TIMUR', 'JOMBANG', 'KESAMBEN', 'Jl. Widyagama No.04 Garu Podoroto'),
(111235170108, 60717439, 'MIS AL-ISLAMIYAH', 'Madrasah Ibtidaiyah', 'swasta', 'JAWA TIMUR', 'JOMBANG', 'KESAMBEN', 'Jl. Sidomakmur RT. 001 RW. 002 Dsn. Blimbing'),
(111235170109, 60717440, 'MIS BABUL ULUM', 'Madrasah Ibtidaiyah', 'swasta', 'JAWA TIMUR', 'JOMBANG', 'KESAMBEN', 'Jln. Raya Gumulan'),
(111235170110, 60717441, 'MIS ISLAHUL ISLAMIYAH', 'Madrasah Ibtidaiyah', 'swasta', 'JAWA TIMUR', 'JOMBANG', 'KESAMBEN', 'Jl.Gang Masjid Baitul Huda No. 01 Pojokkulon'),
(111235170111, 60717442, 'MIS MIFTAHUL ULUM SAPON', 'Madrasah Ibtidaiyah', 'swasta', 'JAWA TIMUR', 'JOMBANG', 'KESAMBEN', 'Jl. Raya Sapon'),
(111235170112, 60717443, 'MIS MIFTAHUL ULUM', 'Madrasah Ibtidaiyah', 'swasta', 'JAWA TIMUR', 'JOMBANG', 'KESAMBEN', 'Jalan Masjid Baitul Qudus Dusun Dero'),
(111235170113, 60717444, 'MIS MIFTAHUL ULUM', 'Madrasah Ibtidaiyah', 'swasta', 'JAWA TIMUR', 'JOMBANG', 'KESAMBEN', 'Jl. Pabrik Yodium Rt 7 Rw 2'),
(111235170114, 60717445, 'MIS MUBTADIUL ULUM', 'Madrasah Ibtidaiyah', 'swasta', 'JAWA TIMUR', 'JOMBANG', 'KESAMBEN', 'Jln.Raya Carangrejo No 47'),
(111235170115, 60717446, 'MIS MUHAMMADIYAH 7', 'Madrasah Ibtidaiyah', 'swasta', 'JAWA TIMUR', 'JOMBANG', 'KESAMBEN', 'Dusun Kedungpapar'),
(111235170116, 60717447, 'MIS MUHAMMADIYAH 8', 'Madrasah Ibtidaiyah', 'swasta', 'JAWA TIMUR', 'JOMBANG', 'KESAMBEN', 'Jln. Raya No. 93'),
(111235170117, 60717448, 'MIS MUHAMMADIYAH 11', 'Madrasah Ibtidaiyah', 'swasta', 'JAWA TIMUR', 'JOMBANG', 'KESAMBEN', 'Jl Lapangan No. 30 Pojokkulon Kesamben Jombang'),
(111235170118, 60717449, 'MIS MUHAMADIYAH 12', 'Madrasah Ibtidaiyah', 'swasta', 'JAWA TIMUR', 'JOMBANG', 'KESAMBEN', 'Jl. Melati No. 02 Gumulan Kesamben'),
(111235170119, 60717450, 'MIS NURUL HIDAYAH', 'Madrasah Ibtidaiyah', 'swasta', 'JAWA TIMUR', 'JOMBANG', 'KESAMBEN', 'Jl. Lapangan. No 01'),
(111235170120, 60717452, 'MIS AL-HIKMAH MADE', 'Madrasah Ibtidaiyah', 'swasta', 'JAWA TIMUR', 'JOMBANG', 'KUDU', 'Jl. Raya Made No. 1'),
(111235170121, 60717453, 'MIS DARUL ULUM TAPEN', 'Madrasah Ibtidaiyah', 'swasta', 'JAWA TIMUR', 'JOMBANG', 'KUDU', 'Jl. Raya Brantas No. 139'),
(111235170122, 60717454, 'MIS MUHAMMADIYAH 09', 'Madrasah Ibtidaiyah', 'swasta', 'JAWA TIMUR', 'JOMBANG', 'KUDU', 'Jln. Masjid No. 22 Glugu Katemas Kudu Jombang'),
(111235170123, 60717455, 'MIS SUNAN AMPEL', 'Madrasah Ibtidaiyah', 'swasta', 'JAWA TIMUR', 'JOMBANG', 'KUDU', 'Dusun, Mabul Desa Sidokaton, Kec. Kudu, Kab. Jombang'),
(111235170124, 60717456, 'MIS SUNAN GUNUNG JATI', 'Madrasah Ibtidaiyah', 'swasta', 'JAWA TIMUR', 'JOMBANG', 'KUDU', 'Jalan Raya Katemas No 18'),
(111235170125, 60717466, 'MIS BUSTANUL ULUM', 'Madrasah Ibtidaiyah', 'swasta', 'JAWA TIMUR', 'JOMBANG', 'MEGALUH', 'Beweh Ngogri Megaluh Jombang'),
(111235170126, 60717457, 'MIS KH SUNDUSIN', 'Madrasah Ibtidaiyah', 'swasta', 'JAWA TIMUR', 'JOMBANG', 'MEGALUH', 'Dempok Rt01/rw 04'),
(111235170128, 60717459, 'MIS MAMBAUL HUDA', 'Madrasah Ibtidaiyah', 'swasta', 'JAWA TIMUR', 'JOMBANG', 'MEGALUH', 'Jl. Teratai No 13 Rt.04 Rw.02'),
(111235170129, 60717460, 'MIS MAMBAUL ULUM', 'Madrasah Ibtidaiyah', 'swasta', 'JAWA TIMUR', 'JOMBANG', 'MEGALUH', 'Jl. KH. Moh. Irsyad No. 08'),
(111235170130, 60717461, 'MIS MIFTAHUL ULUM', 'Madrasah Ibtidaiyah', 'swasta', 'JAWA TIMUR', 'JOMBANG', 'MEGALUH', 'SOKO'),
(111235170131, 60717462, 'MIS MIFTAHUL ULUM', 'Madrasah Ibtidaiyah', 'swasta', 'JAWA TIMUR', 'JOMBANG', 'MEGALUH', 'Jl. Raya Perak No. 59 Balongsari'),
(111235170132, 60717463, 'MIS NIDHOMIYAH', 'Madrasah Ibtidaiyah', 'swasta', 'JAWA TIMUR', 'JOMBANG', 'MEGALUH', 'SUMBERSARI'),
(111235170133, 60717464, 'MIS NURUL ULUM', 'Madrasah Ibtidaiyah', 'swasta', 'JAWA TIMUR', 'JOMBANG', 'MEGALUH', 'Jln.Raya Ngogri No 201'),
(111235170134, 60717465, 'MIS TARBIYATUL AULAD', 'Madrasah Ibtidaiyah', 'swasta', 'JAWA TIMUR', 'JOMBANG', 'MEGALUH', 'Jl. Gatot Subroto No. 122'),
(111235170135, 60717467, 'MIS AINUL ULUM 01', 'Madrasah Ibtidaiyah', 'swasta', 'JAWA TIMUR', 'JOMBANG', 'MOJOAGUNG', 'JL. LANANG SEJATI, KAROBELAH'),
(111235170136, 60717468, 'MIS AINUL ULUM 02', 'Madrasah Ibtidaiyah', 'swasta', 'JAWA TIMUR', 'JOMBANG', 'MOJOAGUNG', 'Jln. Lanang Sejati No.44 Karobelah Mojoagung Jombang'),
(111235170137, 60717469, 'MIS AL-MUAWWANAH', 'Madrasah Ibtidaiyah', 'swasta', 'JAWA TIMUR', 'JOMBANG', 'MOJOAGUNG', 'Jl. Yos Sudarso No.12'),
(111235170138, 60717470, 'MIS AL MURSYIDAH', 'Madrasah Ibtidaiyah', 'swasta', 'JAWA TIMUR', 'JOMBANG', 'MOJOAGUNG', 'Jl. Masjid Darussalam 02 Rt.01 Rw.01 Jonggrong'),
(111235170139, 60717471, 'MIS AL MURSYIDAH', 'Madrasah Ibtidaiyah', 'swasta', 'JAWA TIMUR', 'JOMBANG', 'MOJOAGUNG', 'Jln. K.Thohirun No 24'),
(111235170140, 60717472, 'MIS AR-ROHMAH', 'Madrasah Ibtidaiyah', 'swasta', 'JAWA TIMUR', 'JOMBANG', 'MOJOAGUNG', 'Jl. Sayid Sulaiman No. 25 Dusun Betek Utara'),
(111235170141, 60717473, 'MIS ASY-SYAFI\'IYAH', 'Madrasah Ibtidaiyah', 'swasta', 'JAWA TIMUR', 'JOMBANG', 'MOJOAGUNG', 'Jl. Pendowo No. 40 Klampisan'),
(111235170142, 60717474, 'MIS BABUSSALAM', 'Madrasah Ibtidaiyah', 'swasta', 'JAWA TIMUR', 'JOMBANG', 'MOJOAGUNG', 'Jl. KH. Nur Syahid No. 110 KALIBENING'),
(111235170143, 60717475, 'MIS BUSTANUL ULUM MOJOAGUNG', 'Madrasah Ibtidaiyah', 'swasta', 'JAWA TIMUR', 'JOMBANG', 'MOJOAGUNG', 'Johowinong'),
(111235170144, 60717476, 'MIS MAMBA\'UL ULUM', 'Madrasah Ibtidaiyah', 'swasta', 'JAWA TIMUR', 'JOMBANG', 'MOJOAGUNG', 'Jl. Semangka No 56 Murukan'),
(111235170145, 60717477, 'MIS MIFTAHUL HUDA', 'Madrasah Ibtidaiyah', 'swasta', 'JAWA TIMUR', 'JOMBANG', 'MOJOAGUNG', 'Dsn. Gedangan Ds. Kedunglumpang'),
(111235170146, 60717478, 'MIS MU\'AWANAH AL-HASYIMIYAH', 'Madrasah Ibtidaiyah', 'swasta', 'JAWA TIMUR', 'JOMBANG', 'MOJOAGUNG', 'Wonoayu Timur Dukuhmojo Mojoagung'),
(111235170147, 60717479, 'MIS MUAWANAH', 'Madrasah Ibtidaiyah', 'swasta', 'JAWA TIMUR', 'JOMBANG', 'MOJOAGUNG', 'Jl Kapuas Penanggalan Dukuhdimoro'),
(111235170148, 60717480, 'MIS MUHAMMADIYAH', 'Madrasah Ibtidaiyah', 'swasta', 'JAWA TIMUR', 'JOMBANG', 'MOJOAGUNG', 'Jl.kh.ahmad Dahlan No.18'),
(111235170149, 60717481, 'MIS SULAIMANIYAH', 'Madrasah Ibtidaiyah', 'swasta', 'JAWA TIMUR', 'JOMBANG', 'MOJOAGUNG', 'JL. MASJID AR-RIDLO NO. 60'),
(111235170150, 60717482, 'MIS SUNAN KALIJOGO', 'Madrasah Ibtidaiyah', 'swasta', 'JAWA TIMUR', 'JOMBANG', 'MOJOAGUNG', 'Jl. Subontoro Santren'),
(111235170151, 60717483, 'MIS AL-DLORURIYAH', 'Madrasah Ibtidaiyah', 'swasta', 'JAWA TIMUR', 'JOMBANG', 'MOJOWARNO', 'JL. KH. SULAIMAN'),
(111235170152, 60717484, 'MIS AL-FATAH', 'Madrasah Ibtidaiyah', 'swasta', 'JAWA TIMUR', 'JOMBANG', 'MOJOWARNO', 'Jl. Wanara No.134. A Sedah Japanan Kec. Mojowarno'),
(111235170153, 60717485, 'MIS AL-HANAFIYAH WRINGINPITU', 'Madrasah Ibtidaiyah', 'swasta', 'JAWA TIMUR', 'JOMBANG', 'MOJOWARNO', 'Jl. Masjid Al-Huda Wringinpitu'),
(111235170154, 60717486, 'MIS AL HIDAYAH', 'Madrasah Ibtidaiyah', 'swasta', 'JAWA TIMUR', 'JOMBANG', 'MOJOWARNO', 'Jl.raya Menganto No.85'),
(111235170155, 60717487, 'MIS AL HIKMAH', 'Madrasah Ibtidaiyah', 'swasta', 'JAWA TIMUR', 'JOMBANG', 'MOJOWARNO', 'Jl Ronoharjo No. 09'),
(111235170156, 60717488, 'MIS AL-HUDA REJOSLAMET', 'Madrasah Ibtidaiyah', 'swasta', 'JAWA TIMUR', 'JOMBANG', 'MOJOWARNO', 'Jl. Melati Banjarsari Rejoslamet'),
(111235170157, 60717489, 'MIS AL-MAUNAH MOJOJEJER', 'Madrasah Ibtidaiyah', 'swasta', 'JAWA TIMUR', 'JOMBANG', 'MOJOWARNO', 'Jl. Joas Gg. Masjid Al-Maunah'),
(111235170158, 60717490, 'MIS DARUL FAIZIN', 'Madrasah Ibtidaiyah', 'swasta', 'JAWA TIMUR', 'JOMBANG', 'MOJOWARNO', 'Jl. KH. Hasan Sanusi No.01 RT 001 RW 004'),
(111235170159, 60717491, 'MIS DARUL ULUM', 'Madrasah Ibtidaiyah', 'swasta', 'JAWA TIMUR', 'JOMBANG', 'MOJOWARNO', 'Jl Masjid Assyuhada No.17'),
(111235170160, 60717492, 'MIS DARUSSALAM KARANGLO II', 'Madrasah Ibtidaiyah', 'swasta', 'JAWA TIMUR', 'JOMBANG', 'MOJOWARNO', 'Jl. Cempaka Rt 05 Rw 02 Mojokembang'),
(111235170161, 60717493, 'MIS FATHUL HUDA', 'Madrasah Ibtidaiyah', 'swasta', 'JAWA TIMUR', 'JOMBANG', 'MOJOWARNO', 'Jl. kapten Tendean 01'),
(111235170162, 60717494, 'MIS MIFTAHUN NAJAH', 'Madrasah Ibtidaiyah', 'swasta', 'JAWA TIMUR', 'JOMBANG', 'MOJOWARNO', 'Bajang Karanglo Mojowarno'),
(111235170163, 60717495, 'MIS NAJATUD DAROINI', 'Madrasah Ibtidaiyah', 'swasta', 'JAWA TIMUR', 'JOMBANG', 'MOJOWARNO', 'Jln. Raya Gedangan No. 60, RT/RW 005/002'),
(111235170164, 60717496, 'MIS PERWANIDA', 'Madrasah Ibtidaiyah', 'swasta', 'JAWA TIMUR', 'JOMBANG', 'MOJOWARNO', 'Jalan Merdeka 242'),
(111235170165, 60717497, 'MIS ROHMATUL UMMAH', 'Madrasah Ibtidaiyah', 'swasta', 'JAWA TIMUR', 'JOMBANG', 'MOJOWARNO', 'Jl. Sunan Giri No. 45 Kedunglo'),
(111235170166, 60717498, 'MIS ROUDLOTUL ULUM', 'Madrasah Ibtidaiyah', 'swasta', 'JAWA TIMUR', 'JOMBANG', 'MOJOWARNO', 'Jl. Selumbung 171'),
(111235170167, 60717499, 'MIS ROUDLOTUL ULUM', 'Madrasah Ibtidaiyah', 'swasta', 'JAWA TIMUR', 'JOMBANG', 'MOJOWARNO', 'Jl. Mbah Thoyib No.5 Mojoduwur'),
(111235170168, 60717500, 'MIS SULAMUDDINIYAH', 'Madrasah Ibtidaiyah', 'swasta', 'JAWA TIMUR', 'JOMBANG', 'MOJOWARNO', 'Jl. Diponegoro 34 Gondek Mojowarno Jombang'),
(111235170169, 60717501, 'MIS THORIQUL HUDA', 'Madrasah Ibtidaiyah', 'swasta', 'JAWA TIMUR', 'JOMBANG', 'MOJOWARNO', 'JL. Masjid Al-Ikhlash'),
(111235170170, 60717502, 'MIS WALI SONGO', 'Madrasah Ibtidaiyah', 'swasta', 'JAWA TIMUR', 'JOMBANG', 'MOJOWARNO', 'Jl Ngali 47 A Dusun Kempreng Desa Latsari Kecamatan Mojowarno'),
(111235170171, 60717504, 'MIS AL-AMAR', 'Madrasah Ibtidaiyah', 'swasta', 'JAWA TIMUR', 'JOMBANG', 'NGORO', 'Sumbersari'),
(111235170172, 60717505, 'MIS AL FALAH', 'Madrasah Ibtidaiyah', 'swasta', 'JAWA TIMUR', 'JOMBANG', 'NGORO', 'Dsn. Kuncung'),
(111235170173, 60717506, 'MIS AL HIKMAH', 'Madrasah Ibtidaiyah', 'swasta', 'JAWA TIMUR', 'JOMBANG', 'NGORO', 'SIDOWAREK'),
(111235170174, 60717507, 'MIS AL-HUDA', 'Madrasah Ibtidaiyah', 'swasta', 'JAWA TIMUR', 'JOMBANG', 'NGORO', 'Jln. Merdeka No. 137 Banyuarang'),
(111235170175, 60717508, 'MIS AL-ILAHIYAH', 'Madrasah Ibtidaiyah', 'swasta', 'JAWA TIMUR', 'JOMBANG', 'NGORO', 'Payak Mundil Rejoagung Ngoro Jombang'),
(111235170176, 60717509, 'MIS DARUSSALAM', 'Madrasah Ibtidaiyah', 'swasta', 'JAWA TIMUR', 'JOMBANG', 'NGORO', 'Dsn. Ngrembang 004/002'),
(111235170177, 60717510, 'MIS DARUSSALAM', 'Madrasah Ibtidaiyah', 'swasta', 'JAWA TIMUR', 'JOMBANG', 'NGORO', 'Jl. Moh. Hatta No. 05 Desa Badang'),
(111235170178, 60717511, 'MIS DARUSSALAM PADAR', 'Madrasah Ibtidaiyah', 'swasta', 'JAWA TIMUR', 'JOMBANG', 'NGORO', 'Jln. Kali Kembar No. 01 Padar'),
(111235170179, 60717512, 'MIS HADISSALAM', 'Madrasah Ibtidaiyah', 'swasta', 'JAWA TIMUR', 'JOMBANG', 'NGORO', 'Dusun Payak Santren'),
(111235170180, 60717513, 'MIS ISLAMIYAH', 'Madrasah Ibtidaiyah', 'swasta', 'JAWA TIMUR', 'JOMBANG', 'NGORO', 'Jl. Suropati 37 Ngoro-Jombang 61473'),
(111235170181, 60717514, 'MIS ISLAMIYAH GENUKWATU', 'Madrasah Ibtidaiyah', 'swasta', 'JAWA TIMUR', 'JOMBANG', 'NGORO', 'Jl. Doktren Mh. 04 Genukwatu'),
(111235170182, 60717515, 'MIS ISLAMIYAH KWARINGAN', 'Madrasah Ibtidaiyah', 'swasta', 'JAWA TIMUR', 'JOMBANG', 'NGORO', 'Jln. Masjid No.14 Kwaringan Santren'),
(111235170183, 60717516, 'MIS ISLAMIYAH KAUMAN', 'Madrasah Ibtidaiyah', 'swasta', 'JAWA TIMUR', 'JOMBANG', 'NGORO', 'Jln. Arjuna No. 4D Kauman Ngoro'),
(111235170184, 60717517, 'MIS ISLAMIYAH BANJARPOH', 'Madrasah Ibtidaiyah', 'swasta', 'JAWA TIMUR', 'JOMBANG', 'NGORO', 'Jl. Raya Banjarpoh Pulorejo'),
(111235170185, 60717518, 'MIS MIFTAHUL ULUM CERMENAN', 'Madrasah Ibtidaiyah', 'swasta', 'JAWA TIMUR', 'JOMBANG', 'NGORO', 'Jl. Masjid Al-Mujahidin Cermenan'),
(111235170186, 60717519, 'MIS RADEN RAHMAT', 'Madrasah Ibtidaiyah', 'swasta', 'JAWA TIMUR', 'JOMBANG', 'NGORO', 'Jalan Sunan Kalijaga Sedati'),
(111235170187, 60717520, 'MIS WALI AMINAH', 'Madrasah Ibtidaiyah', 'swasta', 'JAWA TIMUR', 'JOMBANG', 'NGORO', 'JL. KH. AHMADI NO. 01 NGASEM'),
(111235170188, 60717521, 'MIS AL HIDAYAH', 'Madrasah Ibtidaiyah', 'swasta', 'JAWA TIMUR', 'JOMBANG', 'NGUSIKAN', 'Jl.Raya Raya Keboan No. 27'),
(111235170189, 60717522, 'MIS PANCASILA', 'Madrasah Ibtidaiyah', 'swasta', 'JAWA TIMUR', 'JOMBANG', 'NGUSIKAN', 'Dusun Banyuasin'),
(111235170190, 60717523, 'MIS RADEN FATAH', 'Madrasah Ibtidaiyah', 'swasta', 'JAWA TIMUR', 'JOMBANG', 'NGUSIKAN', 'Jl. Margo Utomo No. 62 Kedungbogo'),
(111235170191, 60717524, 'MIS RADEN PATAH', 'Madrasah Ibtidaiyah', 'swasta', 'JAWA TIMUR', 'JOMBANG', 'NGUSIKAN', 'JL. PUCANG ARUM 106'),
(111235170192, 60717525, 'MIS SUNAN GIRI', 'Madrasah Ibtidaiyah', 'swasta', 'JAWA TIMUR', 'JOMBANG', 'NGUSIKAN', 'NGAMPEL'),
(111235170193, 60717526, 'MIS ABI HUROIROH', 'Madrasah Ibtidaiyah', 'swasta', 'JAWA TIMUR', 'JOMBANG', 'PERAK', 'Juwet'),
(111235170194, 60717527, 'MIS AL-ANWAR', 'Madrasah Ibtidaiyah', 'swasta', 'JAWA TIMUR', 'JOMBANG', 'PERAK', 'Jl. Raya Cangkringrandu'),
(111235170195, 60717528, 'MIS AL-HIKMAH', 'Madrasah Ibtidaiyah', 'swasta', 'JAWA TIMUR', 'JOMBANG', 'PERAK', 'JL. MASJID AL-MUBIN NO.58 SUMBERAGUNG'),
(111235170196, 60717529, 'MIS AL-MUKMININ', 'Madrasah Ibtidaiyah', 'swasta', 'JAWA TIMUR', 'JOMBANG', 'PERAK', 'Jl. Masjid Al-Mukminin Kalangsemanding'),
(111235170197, 60717530, 'MIS ISLAMIYAH', 'Madrasah Ibtidaiyah', 'swasta', 'JAWA TIMUR', 'JOMBANG', 'PERAK', 'Jl. Balai Desa Plosogenuk Perak Jombang'),
(111235170198, 60717531, 'MIS KHULAFA\'URROSYIDIN', 'Madrasah Ibtidaiyah', 'swasta', 'JAWA TIMUR', 'JOMBANG', 'PERAK', 'Jalan Desa Ploso Dusun Ploso'),
(111235170199, 60717532, 'MIS MIFTAHUL HUDA', 'Madrasah Ibtidaiyah', 'swasta', 'JAWA TIMUR', 'JOMBANG', 'PERAK', 'TEMUWULAN'),
(111235170200, 60717533, 'MIS SAYYID ABDUR RAHMAN I', 'Madrasah Ibtidaiyah', 'swasta', 'JAWA TIMUR', 'JOMBANG', 'PERAK', 'Jl.masjid No. 41 Pagerwojo'),
(111235170201, 60717534, 'MIS SAYID ABDURROHMAN II', 'Madrasah Ibtidaiyah', 'swasta', 'JAWA TIMUR', 'JOMBANG', 'PERAK', 'Jl. Masjid Pagerwojo'),
(111235170202, 60717535, 'MIS SUNAN GIRI', 'Madrasah Ibtidaiyah', 'swasta', 'JAWA TIMUR', 'JOMBANG', 'PERAK', 'Jl. Raya Gadingmangu No. 7'),
(111235170203, 60717536, 'MIS TARBIYATUT THOLIBIN', 'Madrasah Ibtidaiyah', 'swasta', 'JAWA TIMUR', 'JOMBANG', 'PERAK', 'Jl. Raya Sembung-Gudo Gg. Masjid No 7 Sembung'),
(111235170204, 60717537, 'MIS UMAR ZAHID PERAK', 'Madrasah Ibtidaiyah', 'swasta', 'JAWA TIMUR', 'JOMBANG', 'PERAK', 'Jl. Embong Miring No. 82 Perak'),
(111235170205, 60717539, 'MIS AL HIDAYAH', 'Madrasah Ibtidaiyah', 'swasta', 'JAWA TIMUR', 'JOMBANG', 'PETERONGAN', 'Dsn.Budug RT.013 RW.003'),
(111235170206, 60717540, 'MIS AL HIDAYAH PAGOTAN', 'Madrasah Ibtidaiyah', 'swasta', 'JAWA TIMUR', 'JOMBANG', 'PETERONGAN', 'Jl. Al Hidayah Pagotan Keplaksari Peterongan Jombang'),
(111235170207, 60717541, 'MIS ALKARAMAH', 'Madrasah Ibtidaiyah', 'swasta', 'JAWA TIMUR', 'JOMBANG', 'PETERONGAN', 'Dusun Banjaranyar'),
(111235170208, 60717542, 'MIS HAYATUL ISLAM', 'Madrasah Ibtidaiyah', 'swasta', 'JAWA TIMUR', 'JOMBANG', 'PETERONGAN', 'Morosunggingan'),
(111235170209, 60717543, 'MIS MASYHARIYAH', 'Madrasah Ibtidaiyah', 'swasta', 'JAWA TIMUR', 'JOMBANG', 'PETERONGAN', 'Dusun Temulawak. Desa Kebontemu'),
(111235170210, 60717544, 'MIS MIFTAHUL FALAH', 'Madrasah Ibtidaiyah', 'swasta', 'JAWA TIMUR', 'JOMBANG', 'PETERONGAN', 'Dusun Gempoldampet RT019 RW009'),
(111235170211, 60717545, 'MIS MIFTAHUL ULUM', 'Madrasah Ibtidaiyah', 'swasta', 'JAWA TIMUR', 'JOMBANG', 'PETERONGAN', 'Jl. Adji Satro Widjoyo'),
(111235170212, 60717546, 'MIS NURUL HUDA', 'Madrasah Ibtidaiyah', 'swasta', 'JAWA TIMUR', 'JOMBANG', 'PETERONGAN', 'Dusun Pule Desa Tanjunggunung'),
(111235170213, 60717547, 'MIS NURUL ULUM', 'Madrasah Ibtidaiyah', 'swasta', 'JAWA TIMUR', 'JOMBANG', 'PETERONGAN', 'Dsn Tugu'),
(111235170214, 60717548, 'MIS RAHMAT SA\'ID', 'Madrasah Ibtidaiyah', 'swasta', 'JAWA TIMUR', 'JOMBANG', 'PETERONGAN', 'Jl. Kol. H. Ismail Dsn. Bongkot Ds. Bongkot Rt.15 Rw.02'),
(111235170215, 60717549, 'MIS SABILUL HUDA', 'Madrasah Ibtidaiyah', 'swasta', 'JAWA TIMUR', 'JOMBANG', 'PETERONGAN', 'Ds. Senden'),
(111235170216, 60717551, 'MIS DARUL MAARIF', 'Madrasah Ibtidaiyah', 'swasta', 'JAWA TIMUR', 'JOMBANG', 'PLANDAAN', 'G. Arjuno No. 08'),
(111235170217, 60717552, 'MIS ISLAMIYAH', 'Madrasah Ibtidaiyah', 'swasta', 'JAWA TIMUR', 'JOMBANG', 'PLANDAAN', 'Jl. Brumbung  01 Bangsri'),
(111235170218, 60717553, 'MIS RIYADLATUL FALLAH', 'Madrasah Ibtidaiyah', 'swasta', 'JAWA TIMUR', 'JOMBANG', 'PLANDAAN', 'Jln Masjid No 14 Klampisan'),
(111235170219, 60717554, 'MIS AL HIDAYAH', 'Madrasah Ibtidaiyah', 'swasta', 'JAWA TIMUR', 'JOMBANG', 'PLANDAAN', 'Jl. Abimanyu No.14'),
(111235170220, 60717555, 'MIS NIZHAMIYAH JATIGEDONG', 'Madrasah Ibtidaiyah', 'swasta', 'JAWA TIMUR', 'JOMBANG', 'PLOSO', 'Jl. Sumatra,no.0'),
(111235170221, 60717556, 'MIS NIZHAMIYAH KEBONAGUNG', 'Madrasah Ibtidaiyah', 'swasta', 'JAWA TIMUR', 'JOMBANG', 'PLOSO', 'Dsn. Patoman Ds. Kebonagung'),
(111235170222, 60717557, 'MIS NIZHAMIYAH', 'Madrasah Ibtidaiyah', 'swasta', 'JAWA TIMUR', 'JOMBANG', 'PLOSO', 'Jl. Diponegoro No. 10 Rejoagung'),
(111235170223, 60717558, 'MIS NIZHAMIYAH', 'Madrasah Ibtidaiyah', 'swasta', 'JAWA TIMUR', 'JOMBANG', 'PLOSO', 'Dsn. Kleco'),
(111235170224, 60717559, 'MIS NIZHOMIYAH', 'Madrasah Ibtidaiyah', 'swasta', 'JAWA TIMUR', 'JOMBANG', 'PLOSO', 'Jl. Joyolengkoro No.06 Ploso'),
(111235170225, 60717560, 'MIS AL-FALAH', 'Madrasah Ibtidaiyah', 'swasta', 'JAWA TIMUR', 'JOMBANG', 'SUMOBITO', 'Jln. H. Siddiq No.08 RT 003 / RW 002 Dsn.TRAWASAN'),
(111235170226, 60717561, 'MIS AL HIDAYAH PLEMAHAN', 'Madrasah Ibtidaiyah', 'swasta', 'JAWA TIMUR', 'JOMBANG', 'SUMOBITO', 'Desa Plemahan'),
(111235170227, 60717562, 'MIS AL HIKMAH BALONGREJO', 'Madrasah Ibtidaiyah', 'swasta', 'JAWA TIMUR', 'JOMBANG', 'SUMOBITO', 'BADAS'),
(111235170228, 60717563, 'MIS AL MUHAMMADY MENTORO', 'Madrasah Ibtidaiyah', 'swasta', 'JAWA TIMUR', 'JOMBANG', 'SUMOBITO', 'Jl. Ki Ronopati No. 13'),
(111235170229, 60717564, 'MIS AT-TAQWA', 'Madrasah Ibtidaiyah', 'swasta', 'JAWA TIMUR', 'JOMBANG', 'SUMOBITO', 'Jl.Perintis RT.03 RW.02'),
(111235170230, 60717565, 'MIS BUSTANUL ULUM', 'Madrasah Ibtidaiyah', 'swasta', 'JAWA TIMUR', 'JOMBANG', 'SUMOBITO', 'Jln. Pahlawan No. 19 Sebani'),
(111235170231, 60717566, 'MIS BUSTANUL ULUM BAKALAN', 'Madrasah Ibtidaiyah', 'swasta', 'JAWA TIMUR', 'JOMBANG', 'SUMOBITO', 'Jl. Pahlawan No.15'),
(111235170232, 60717567, 'MIS BUSTANUL ULUM', 'Madrasah Ibtidaiyah', 'swasta', 'JAWA TIMUR', 'JOMBANG', 'SUMOBITO', 'Jl. Kauman No.18 Nglele'),
(111235170233, 60717568, 'MIS BUSTANUL ULUM MOJOKURIPAN', 'Madrasah Ibtidaiyah', 'swasta', 'JAWA TIMUR', 'JOMBANG', 'SUMOBITO', 'Mojokuripan'),
(111235170234, 60717569, 'MIS BUSTANUL ULUM', 'Madrasah Ibtidaiyah', 'swasta', 'JAWA TIMUR', 'JOMBANG', 'SUMOBITO', 'PLOSOKEREP'),
(111235170235, 60717570, 'MIS BUSTANUL ULUM BRUDU', 'Madrasah Ibtidaiyah', 'swasta', 'JAWA TIMUR', 'JOMBANG', 'SUMOBITO', 'Jl. Moh. Nandar Ds. Brudu'),
(111235170236, 60717571, 'MIS BUSTANUL ULUM PLOSOKEREP', 'Madrasah Ibtidaiyah', 'swasta', 'JAWA TIMUR', 'JOMBANG', 'SUMOBITO', 'Plosokerep RT/RW. 01/04'),
(111235170237, 60717572, 'MIS BUSTANUL ULUM BADAS', 'Madrasah Ibtidaiyah', 'swasta', 'JAWA TIMUR', 'JOMBANG', 'SUMOBITO', 'Jl. Masjid Al-Falah RT/RW 04/02 Dsn Badas'),
(111235170238, 60717573, 'MIS BUSTANUL ULUM', 'Madrasah Ibtidaiyah', 'swasta', 'JAWA TIMUR', 'JOMBANG', 'SUMOBITO', 'Jl. KH. Abdurrochim RT: 003 RW: 001'),
(111235170239, 60717574, 'MIS BUSTANUL ULUM', 'Madrasah Ibtidaiyah', 'swasta', 'JAWA TIMUR', 'JOMBANG', 'SUMOBITO', 'Jl. Masjid Ash-Shiddiqi, Dusun. Sembujo'),
(111235170240, 60717575, 'MIS DARUSSALAM', 'Madrasah Ibtidaiyah', 'swasta', 'JAWA TIMUR', 'JOMBANG', 'SUMOBITO', 'Dsn. Krajan RT/RW 03/03'),
(111235170241, 60717576, 'MIS KREATIF KHOIRIYAH', 'Madrasah Ibtidaiyah', 'swasta', 'JAWA TIMUR', 'JOMBANG', 'SUMOBITO', 'Jl. Kauman No. 01 Sumobito'),
(111235170242, 60717577, 'MIS MUHAMADIYAH 6', 'Madrasah Ibtidaiyah', 'swasta', 'JAWA TIMUR', 'JOMBANG', 'SUMOBITO', 'Wonosari, Gedangan'),
(111235170243, 60717578, 'MIS SABILIRRIDLO', 'Madrasah Ibtidaiyah', 'swasta', 'JAWA TIMUR', 'JOMBANG', 'SUMOBITO', 'Dsn. Sarirejo Rt./rw. 003/001'),
(111235170244, 60717579, 'MIS AL-HIKMAH', 'Madrasah Ibtidaiyah', 'swasta', 'JAWA TIMUR', 'JOMBANG', 'TEMBELANG', 'Jl. Melati No. 21 Jatiwates'),
(111235170245, 60717580, 'MIS AL-IHSAN', 'Madrasah Ibtidaiyah', 'swasta', 'JAWA TIMUR', 'JOMBANG', 'TEMBELANG', 'Jl. Anggrek 06 Kalijaring'),
(111235170246, 60717581, 'MIS AL-IMAN', 'Madrasah Ibtidaiyah', 'swasta', 'JAWA TIMUR', 'JOMBANG', 'TEMBELANG', 'Jl. Walet'),
(111235170247, 60717582, 'MIS ARROSYIDIN', 'Madrasah Ibtidaiyah', 'swasta', 'JAWA TIMUR', 'JOMBANG', 'TEMBELANG', 'Jl. Delima No. 87'),
(111235170248, 60717583, 'MIS DARUL ULUM KEPUHDOKO', 'Madrasah Ibtidaiyah', 'swasta', 'JAWA TIMUR', 'JOMBANG', 'TEMBELANG', 'Komplek Pp Darul Ulum Kepuhdoko'),
(111235170249, 60717584, 'MIS MADINATUL ULUM', 'Madrasah Ibtidaiyah', 'swasta', 'JAWA TIMUR', 'JOMBANG', 'TEMBELANG', 'Jalan Mojokrapak'),
(111235170250, 60717585, 'MIS MIFTAHUL MA\'ARIF', 'Madrasah Ibtidaiyah', 'swasta', 'JAWA TIMUR', 'JOMBANG', 'TEMBELANG', 'Jl. K. Nuh Dsn Balongombo Desa Tembelang Kec. Tembelang'),
(111235170251, 60717586, 'MIS MUHAMMADIYAH 4', 'Madrasah Ibtidaiyah', 'swasta', 'JAWA TIMUR', 'JOMBANG', 'TEMBELANG', 'Jl.melati No 11 B'),
(111235170252, 60717587, 'MIS MUHAMMADIYAH 10', 'Madrasah Ibtidaiyah', 'swasta', 'JAWA TIMUR', 'JOMBANG', 'TEMBELANG', 'Jl. Diponegoro No. 1'),
(111235170253, 60717588, 'MIS NIZHOMIYAH SENTUL', 'Madrasah Ibtidaiyah', 'swasta', 'JAWA TIMUR', 'JOMBANG', 'TEMBELANG', 'Jl. Ahmad Yani No34'),
(111235170254, 60717589, 'MIS SYAFAAT', 'Madrasah Ibtidaiyah', 'swasta', 'JAWA TIMUR', 'JOMBANG', 'TEMBELANG', 'Jl. Raya Pesantren No. 43'),
(111235170255, 60717590, 'MIS ANJASMORO', 'Madrasah Ibtidaiyah', 'swasta', 'JAWA TIMUR', 'JOMBANG', 'WONOSALAM', 'Jl. Padepokan Tegopati No.20'),
(111235170256, 60717591, 'MIS BABUL HUDA', 'Madrasah Ibtidaiyah', 'swasta', 'JAWA TIMUR', 'JOMBANG', 'WONOSALAM', 'Jln. Carangwulung'),
(111235170257, 60717592, 'MIS FASER', 'Madrasah Ibtidaiyah', 'swasta', 'JAWA TIMUR', 'JOMBANG', 'WONOSALAM', 'Jl Panglungan No. 28'),
(111235170258, 60717593, 'MIS MIFTAHUL HUDA', 'Madrasah Ibtidaiyah', 'swasta', 'JAWA TIMUR', 'JOMBANG', 'WONOSALAM', 'Dsn Wonotirto Rt 002 Rw 005'),
(111235170259, 60717594, 'MIS SUNAN AMPEL', 'Madrasah Ibtidaiyah', 'swasta', 'JAWA TIMUR', 'JOMBANG', 'WONOSALAM', 'Pengajaran Galengdowo'),
(111235170260, 60717503, 'MIS NU ZUMROTUL FAIZIN', 'Madrasah Ibtidaiyah', 'swasta', 'JAWA TIMUR', 'JOMBANG', 'MOJOWARNO', 'Dsn. Mojogeneng RT.09 RW.03'),
(111235170261, 69894685, 'MIS UNGGULAN ASSALAM', 'Madrasah Ibtidaiyah', 'swasta', 'JAWA TIMUR', 'JOMBANG', 'MOJOWARNO', 'Jl. Marga Utama No.10'),
(111235170262, 69894681, 'MIS MUJAHIDIN', 'Madrasah Ibtidaiyah', 'swasta', 'JAWA TIMUR', 'JOMBANG', 'DIWEK', 'BABATAN'),
(111235170263, 69894684, 'MIS UNGGULAN NADHLATUL ULAMA', 'Madrasah Ibtidaiyah', 'swasta', 'JAWA TIMUR', 'JOMBANG', 'MOJOAGUNG', 'DSN.KEBONSARI RT 02 RW 02'),
(111235170264, 69894686, 'MIS UNGGULAN ANNUR', 'Madrasah Ibtidaiyah', 'swasta', 'JAWA TIMUR', 'JOMBANG', 'PETERONGAN', 'Gg. Mancar Selatan Dusun Mancar Timur'),
(111235170265, 69894682, 'MIS AL-ALIF', 'Madrasah Ibtidaiyah', 'swasta', 'JAWA TIMUR', 'JOMBANG', 'GUDO', 'Jl. Masjid RT 03 RW 01'),
(111235170266, 69894683, 'MIS MIFTAHUL JANNAH', 'Madrasah Ibtidaiyah', 'swasta', 'JAWA TIMUR', 'JOMBANG', 'GUDO', 'Karang Tengah'),
(111235170267, 69927610, 'MIS MIFTACHUL ILMI', 'Madrasah Ibtidaiyah', 'swasta', 'JAWA TIMUR', 'JOMBANG', 'KESAMBEN', 'Dsn. Kedungmlati'),
(111235170268, 69977717, 'MIS UNGGULAN DARUL ULUM', 'Madrasah Ibtidaiyah', 'swasta', 'JAWA TIMUR', 'JOMBANG', 'MOJOWARNO', 'Jl. Dipo No. 4 Dusun Gerbo'),
(111235170269, 69977718, 'MIS PLUS DARUL FALAH', 'Madrasah Ibtidaiyah', 'swasta', 'JAWA TIMUR', 'JOMBANG', 'MOJOAGUNG', 'JL. YOS SUDARSO N0.6 KOMPLEK MASJID DARUL FALAH'),
(111235170270, 70012577, 'MIS MAMBA\'UL MA\'ARIF NGUSIKAN', 'Madrasah Ibtidaiyah', 'swasta', 'JAWA TIMUR', 'JOMBANG', 'NGUSIKAN', 'Jln.Tanjung Baru'),
(111235170271, 70027372, 'MI WAHDATUT THOLIBIN', 'Madrasah Ibtidaiyah', 'swasta', 'JAWA TIMUR', 'JOMBANG', 'PLOSO', 'DSN. NGUMPAK'),
(111235170272, 70034463, 'MI AL AZHAR', 'Madrasah Ibtidaiyah', 'swasta', 'JAWA TIMUR', 'JOMBANG', 'GUDO', 'Jl. RAYA GUDO DUSUN SEKARU'),
(111235170273, 70034396, 'MI Al-Hidayah Grudo', 'Madrasah Ibtidaiyah', 'swasta', 'JAWA TIMUR', 'JOMBANG', 'SUMOBITO', 'Dusun grudo RT 02 RW 04, desa madiopuro, kecamatan sumobito'),
(111235170274, 70034953, 'MI AL-QUR\'AN BUSTANUL ULUM', 'Madrasah Ibtidaiyah', 'swasta', 'JAWA TIMUR', 'JOMBANG', 'GUDO', 'Dsn. Losari'),
(111235170275, 70034298, 'MI TAHFIDZUL QUR\'AN DARUN NAJAH', 'Madrasah Ibtidaiyah', 'swasta', 'JAWA TIMUR', 'JOMBANG', 'DIWEK', 'JLN GERILYA 004/002 NGLEREP'),
(121135170001, 20582294, 'MTSN 11 JOMBANG', 'Madrasah Tsanawiyah', 'negeri', 'JAWA TIMUR', 'JOMBANG', 'BARENG', 'Jalan Ahmad Yani No. 43-B'),
(121135170002, 20582297, 'MTSN 9 JOMBANG', 'Madrasah Tsanawiyah', 'negeri', 'JAWA TIMUR', 'JOMBANG', 'DIWEK', 'Jl. Cukir Mojowarno No. 1 Tanjunganom'),
(121135170003, 20582298, 'MTSN 15 JOMBANG', 'Madrasah Tsanawiyah', 'negeri', 'JAWA TIMUR', 'JOMBANG', 'DIWEK', 'JL. PP. AL ASYARI KERAS'),
(121135170004, 20582299, 'MTSN 1 JOMBANG', 'Madrasah Tsanawiyah', 'negeri', 'JAWA TIMUR', 'JOMBANG', 'DIWEK', 'Jl. Prof. Moh. Yamin No. 56'),
(121135170005, 20582324, 'MTSN 6 JOMBANG', 'Madrasah Tsanawiyah', 'negeri', 'JAWA TIMUR', 'JOMBANG', 'JOGOROTO', 'Semanding'),
(121135170006, 20582339, 'MTSN 4 JOMBANG', 'Madrasah Tsanawiyah', 'negeri', 'JAWA TIMUR', 'JOMBANG', 'JOMBANG', 'JL. KH. BISHRI SYANSURI NO. 77 JOMBANG'),
(121135170007, 20582340, 'MTSN 3 JOMBANG', 'Madrasah Tsanawiyah', 'negeri', 'JAWA TIMUR', 'JOMBANG', 'JOMBANG', 'Jl. Kh. Abdul Wahab Chasbulloh Gg. III Tambakberas Jombang'),
(121135170008, 20582351, 'MTSN 8 JOMBANG', 'Madrasah Tsanawiyah', 'negeri', 'JAWA TIMUR', 'JOMBANG', 'KESAMBEN', 'Jl. Raya Carangrejo No. 47 Kesamben Jombang'),
(121135170009, 20582358, 'MTSN 14 JOMBANG', 'Madrasah Tsanawiyah', 'negeri', 'JAWA TIMUR', 'JOMBANG', 'MEGALUH', 'JL. KH. MOH. IRSYAD NO. 12'),
(121135170010, 20582361, 'MTSN 10 JOMBANG', 'Madrasah Tsanawiyah', 'negeri', 'JAWA TIMUR', 'JOMBANG', 'MOJOAGUNG', 'Jl. Raya Sumobito Jetis Mancilan Mojoagung'),
(121135170011, 20582378, 'MTSN 17 JOMBANG', 'Madrasah Tsanawiyah', 'negeri', 'JAWA TIMUR', 'JOMBANG', 'NGORO', 'NGREMBANG REJOAGUNG NGORO JOMBANG 61473'),
(121135170012, 20582386, 'MTSN 5 JOMBANG', 'Madrasah Tsanawiyah', 'negeri', 'JAWA TIMUR', 'JOMBANG', 'NGUSIKAN', 'JL. PENDIDIKAN NO. 44 JOMBANG'),
(121135170013, 20582388, 'MTSN 13 JOMBANG', 'Madrasah Tsanawiyah', 'negeri', 'JAWA TIMUR', 'JOMBANG', 'PERAK', 'Jl. RAYA SEMBUNG PERAK'),
(121135170014, 20582393, 'MTSN 2 JOMBANG', 'Madrasah Tsanawiyah', 'negeri', 'JAWA TIMUR', 'JOMBANG', 'PETERONGAN', 'Pon.pes Darul Ulum Rejoso Peterongan'),
(121135170015, 20582403, 'MTSN 12 JOMBANG', 'Madrasah Tsanawiyah', 'negeri', 'JAWA TIMUR', 'JOMBANG', 'SUMOBITO', 'Jl. Ds. Nglele Kec. Sumobito Kab. Jombang'),
(121135170016, 20582409, 'MTSN 16 JOMBANG', 'Madrasah Tsanawiyah', 'negeri', 'JAWA TIMUR', 'JOMBANG', 'TEMBELANG', 'Jl. Raya Tembelang No. 459'),
(121135170017, 20582415, 'MTSN 7 JOMBANG', 'Madrasah Tsanawiyah', 'negeri', 'JAWA TIMUR', 'JOMBANG', 'WONOSALAM', 'Jl.Raya Panglungan No. 27 Wonosalam Jombang'),
(121135170018, 69994642, 'MTSN 18 JOMBANG', 'Madrasah Tsanawiyah', 'negeri', 'JAWA TIMUR', 'JOMBANG', 'KUDU', 'JL. RAYA BRANTAS NO. 121 A'),
(121235170001, 20582291, 'MTSS AL ASYARIYAH', 'Madrasah Tsanawiyah', 'swasta', 'JAWA TIMUR', 'JOMBANG', 'BANDARKEDUNGMULYO', 'Jl Raya Utama No 57'),
(121235170002, 20582292, 'MTSS AL-HIKMAH', 'Madrasah Tsanawiyah', 'swasta', 'JAWA TIMUR', 'JOMBANG', 'BANDARKEDUNGMULYO', 'Jl. Raya Pucangsimo'),
(121235170003, 20582293, 'MTSS UMAR ZAHID SEMELO', 'Madrasah Tsanawiyah', 'swasta', 'JAWA TIMUR', 'JOMBANG', 'BANDARKEDUNGMULYO', 'Jl. Masjid Umar Zahid Semelo Rt/rw : 05/01'),
(121235170004, 20582295, 'MTSS AL IHSAN', 'Madrasah Tsanawiyah', 'swasta', 'JAWA TIMUR', 'JOMBANG', 'BARENG', 'Jl. Pepaya 6A'),
(121235170005, 20582296, 'MTSS BAHRUL ULUM', 'Madrasah Tsanawiyah', 'swasta', 'JAWA TIMUR', 'JOMBANG', 'BARENG', 'KEBONDALEM'),
(121235170006, 20582301, 'MTSS AL-ANWAR', 'Madrasah Tsanawiyah', 'swasta', 'JAWA TIMUR', 'JOMBANG', 'DIWEK', 'Paculgowang'),
(121235170007, 20582302, 'MTSS AL-AS AD BRAMBANG', 'Madrasah Tsanawiyah', 'swasta', 'JAWA TIMUR', 'JOMBANG', 'DIWEK', 'Jalan Masjid No.06 Desa Brambang'),
(121235170008, 20582303, 'MTSS AL-HILAL', 'Madrasah Tsanawiyah', 'swasta', 'JAWA TIMUR', 'JOMBANG', 'DIWEK', 'JL. MASJID AL-HIKMAH BALONGOMBO PUNDONG DIWEK JOMBANG'),
(121235170009, 20582304, 'MTSS PLUS AL-MUNAWAROH', 'Madrasah Tsanawiyah', 'swasta', 'JAWA TIMUR', 'JOMBANG', 'DIWEK', 'Ngemplak Ngudirejo'),
(121235170010, 20582305, 'MTSS AL URWATUL WUTSQO', 'Madrasah Tsanawiyah', 'swasta', 'JAWA TIMUR', 'JOMBANG', 'DIWEK', 'Jln. Kh. M. Yaqub Husein'),
(121235170011, 20582306, 'MTSS AR-RAHMAN', 'Madrasah Tsanawiyah', 'swasta', 'JAWA TIMUR', 'JOMBANG', 'DIWEK', 'Jl. Masjid Baiturrahman No.12 Nglaban'),
(121235170012, 20582307, 'MTSS AT-TAUFIQ', 'Madrasah Tsanawiyah', 'swasta', 'JAWA TIMUR', 'JOMBANG', 'DIWEK', 'GROGOL'),
(121235170013, 20582308, 'MTSS DARUL FALAH', 'Madrasah Tsanawiyah', 'swasta', 'JAWA TIMUR', 'JOMBANG', 'DIWEK', 'Jl Timur Pasar Cukir'),
(121235170014, 20582309, 'MTSS DARUL-HIKMAH', 'Madrasah Tsanawiyah', 'swasta', 'JAWA TIMUR', 'JOMBANG', 'DIWEK', 'Jl. H. Umar No 17 Rt/rw:04/02 Bandungsari Bandung'),
(121235170015, 20582310, 'MTSS DARUL HIKMAH DIWEK', 'Madrasah Tsanawiyah', 'swasta', 'JAWA TIMUR', 'JOMBANG', 'DIWEK', 'JL. RAYA GG MASJID BESAR NO. 67'),
(121235170016, 20582311, 'MTSS DARUL ULUM BANDUNG', 'Madrasah Tsanawiyah', 'swasta', 'JAWA TIMUR', 'JOMBANG', 'DIWEK', 'Jl. Raya Bandung No. 32'),
(121235170017, 20582312, 'MTSS DAARUSSALAAM', 'Madrasah Tsanawiyah', 'swasta', 'JAWA TIMUR', 'JOMBANG', 'DIWEK', 'Jln. Raya Keras Utara, Desa Keras.'),
(121235170018, 20582313, 'MTSS MADRASATUL QUR AN', 'Madrasah Tsanawiyah', 'swasta', 'JAWA TIMUR', 'JOMBANG', 'DIWEK', 'Jl. IRIAN JAYA TEBUIRENG'),
(121235170019, 20582314, 'MTSS MIFTAHUL ULUM', 'Madrasah Tsanawiyah', 'swasta', 'JAWA TIMUR', 'JOMBANG', 'DIWEK', 'Kedawong Diwek Jombang'),
(121235170020, 20582315, 'MTSS NURUL IMAN', 'Madrasah Tsanawiyah', 'swasta', 'JAWA TIMUR', 'JOMBANG', 'DIWEK', 'Jl. Cukir - Mojowarno Gg. Masjid Dusun Dempok'),
(121235170021, 20582316, 'MTSS PERGURUAN MU ALLIMAT', 'Madrasah Tsanawiyah', 'swasta', 'JAWA TIMUR', 'JOMBANG', 'DIWEK', 'Jl. Kediri No 2-3 Cukir'),
(121235170022, 20582317, 'MTSS SALAFIYAH SYAFIIYAH', 'Madrasah Tsanawiyah', 'swasta', 'JAWA TIMUR', 'JOMBANG', 'DIWEK', 'Jl. Raya No. 14 Bandung'),
(121235170023, 20582318, 'MTSS SALAFIYAH SYAFI IYAH', 'Madrasah Tsanawiyah', 'swasta', 'JAWA TIMUR', 'JOMBANG', 'DIWEK', 'Pp. Salafiyah Syafiiyah Seblak'),
(121235170024, 20582319, 'MTSS SALAFIYAH SYAFI\'IYAH TEBUIRENG', 'Madrasah Tsanawiyah', 'swasta', 'JAWA TIMUR', 'JOMBANG', 'DIWEK', 'Jl. Irian Jaya Tromol Pos 5 Tebuireng'),
(121235170025, 20582320, 'MTSS TERPADU MISYKAT AL-ANWAR', 'Madrasah Tsanawiyah', 'swasta', 'JAWA TIMUR', 'JOMBANG', 'DIWEK', 'Jl. Minha No. 1'),
(121235170026, 20582322, 'MTSS HAGUSSALIM', 'Madrasah Tsanawiyah', 'swasta', 'JAWA TIMUR', 'JOMBANG', 'GUDO', 'Jl.Raya No. 8 Pesanggrahan'),
(121235170027, 20582323, 'MTSS WAHID HASYIM', 'Madrasah Tsanawiyah', 'swasta', 'JAWA TIMUR', 'JOMBANG', 'GUDO', 'Jl. Raya Krembangan, Desa Krembangan'),
(121235170028, 20582325, 'MTSS AL-HIKMAH', 'Madrasah Tsanawiyah', 'swasta', 'JAWA TIMUR', 'JOMBANG', 'JOGOROTO', 'Jl. Raya Yanti No. 222'),
(121235170029, 20582326, 'MTSS AL IHSAN SAWAHAN', 'Madrasah Tsanawiyah', 'swasta', 'JAWA TIMUR', 'JOMBANG', 'JOGOROTO', 'Jl. Raya Sawahan No. 2B Sambirejo Jogoroto'),
(121235170030, 20582327, 'MTSS AL-IKHLAS', 'Madrasah Tsanawiyah', 'swasta', 'JAWA TIMUR', 'JOMBANG', 'JOGOROTO', 'Alang - Alang Caruban'),
(121235170031, 20582328, 'MTSS BABUSSALAM', 'Madrasah Tsanawiyah', 'swasta', 'JAWA TIMUR', 'JOMBANG', 'JOGOROTO', 'Jl Masjid Al-Muchlisin 49 Tambar'),
(121235170032, 20582329, 'MTSS DARUL HIKMAH', 'Madrasah Tsanawiyah', 'swasta', 'JAWA TIMUR', 'JOMBANG', 'JOGOROTO', 'Beji Sawiji Jogoroto Jombang'),
(121235170033, 20582330, 'MTSS DARUL ULUM', 'Madrasah Tsanawiyah', 'swasta', 'JAWA TIMUR', 'JOMBANG', 'JOGOROTO', 'JOGOROTO'),
(121235170034, 20582331, 'MTSS DARUL ULUM NGUMPUL', 'Madrasah Tsanawiyah', 'swasta', 'JAWA TIMUR', 'JOMBANG', 'JOGOROTO', 'Jln Buyut Sudriyo RT  8 rw 4 ngumpul'),
(121235170035, 20582332, 'MTSS GHOZALIYAH', 'Madrasah Tsanawiyah', 'swasta', 'JAWA TIMUR', 'JOMBANG', 'JOGOROTO', 'Sidowaras'),
(121235170036, 20582333, 'MTSS MAMBAUL ULUM', 'Madrasah Tsanawiyah', 'swasta', 'JAWA TIMUR', 'JOMBANG', 'JOGOROTO', 'Jl. Masjid Sholihin Dsn, Corogo Rt : 5 Rw : 9'),
(121235170037, 20582334, 'MTSS MIDANUTTA\'LIM', 'Madrasah Tsanawiyah', 'swasta', 'JAWA TIMUR', 'JOMBANG', 'JOGOROTO', 'Dsn Mayangan RT/RW : 019/006'),
(121235170038, 20582335, 'MTSS MIFTAHUL ULUM', 'Madrasah Tsanawiyah', 'swasta', 'JAWA TIMUR', 'JOMBANG', 'JOGOROTO', 'Jl. Raya Jarak'),
(121235170039, 20582336, 'MTSS MUHAMMADIYAH 02', 'Madrasah Tsanawiyah', 'swasta', 'JAWA TIMUR', 'JOMBANG', 'JOGOROTO', 'Jl. Raya Jogoroto No. 78'),
(121235170040, 20582337, 'MTSS NURUL QUR AN', 'Madrasah Tsanawiyah', 'swasta', 'JAWA TIMUR', 'JOMBANG', 'JOGOROTO', 'Bendungrejo  Rt 003 / Rw 013'),
(121235170041, 20582341, 'MTSS AT-TAUFIQ SAMBONGDUKUH', 'Madrasah Tsanawiyah', 'swasta', 'JAWA TIMUR', 'JOMBANG', 'JOMBANG', 'JL. BRIGJEND KRETARTO NO.07'),
(121235170042, 20582342, 'MTSS BAHRUL ULUM TAMBAKBERAS', 'Madrasah Tsanawiyah', 'swasta', 'JAWA TIMUR', 'JOMBANG', 'JOMBANG', 'Jl. KH. Wahab Hasbulloh 194 Jombang'),
(121235170043, 20582343, 'MTSS DARUSSALAM', 'Madrasah Tsanawiyah', 'swasta', 'JAWA TIMUR', 'JOMBANG', 'JOMBANG', 'Jl. Kapten Tendean No X Ngesong Sengon'),
(121235170044, 20582344, 'MTSS MA\'ARIF 1 JOMBANG', 'Madrasah Tsanawiyah', 'swasta', 'JAWA TIMUR', 'JOMBANG', 'JOMBANG', 'KAUMAN UTARA GG. 1/09 JOMBANG'),
(121235170045, 20582345, 'MTSS MA\'ARIF NU MAMBA\'UL KHOIROT', 'Madrasah Tsanawiyah', 'swasta', 'JAWA TIMUR', 'JOMBANG', 'JOMBANG', 'Dsn. Gempolpahit Banjardowo Jombang'),
(121235170046, 20582346, 'MTSS MAMBAUL MAARIF', 'Madrasah Tsanawiyah', 'swasta', 'JAWA TIMUR', 'JOMBANG', 'JOMBANG', 'Jl. Kh. Bisri Syansuri No. 77 Denanyar'),
(121235170048, 20582348, 'MTSS MUALLIMIN MUALLIMAT', 'Madrasah Tsanawiyah', 'swasta', 'JAWA TIMUR', 'JOMBANG', 'JOMBANG', 'Jl. Tanjung Rt./Rw. 001/005 Gedang Tambakrejo Jombang (Office)'),
(121235170049, 20582350, 'MTSS SUNAN GUNUNG JATI', 'Madrasah Tsanawiyah', 'swasta', 'JAWA TIMUR', 'JOMBANG', 'KABUH', 'Jl. Djo Yudo No. 09 Kabuh'),
(121235170050, 20582352, 'MTSS AL HIDAYAH', 'Madrasah Tsanawiyah', 'swasta', 'JAWA TIMUR', 'JOMBANG', 'KESAMBEN', 'Jl. Raya Kedungbetik RT.06 RW.02'),
(121235170052, 20582354, 'MTSS MIFTAHUL ULUM', 'Madrasah Tsanawiyah', 'swasta', 'JAWA TIMUR', 'JOMBANG', 'KESAMBEN', 'Dusun Dero RT.04 RW.05'),
(121235170053, 20582355, 'MTSS SHOLAHUDDIN', 'Madrasah Tsanawiyah', 'swasta', 'JAWA TIMUR', 'JOMBANG', 'KESAMBEN', 'Jl. Taman Siswa No.01, Pojokrejo Kesamben Jombang'),
(121235170054, 20582356, 'MTSS SUNAN GUNUNG JATI', 'Madrasah Tsanawiyah', 'swasta', 'JAWA TIMUR', 'JOMBANG', 'KUDU', 'Jl Raya Katemas No.18 Katemas Kec. Kudu'),
(121235170055, 20582359, 'MTSS BUSTANUL ULUM BEWEH', 'Madrasah Tsanawiyah', 'swasta', 'JAWA TIMUR', 'JOMBANG', 'MEGALUH', 'Dsn Beweh'),
(121235170056, 20582360, 'MTSS MIFTAHUL ULUM', 'Madrasah Tsanawiyah', 'swasta', 'JAWA TIMUR', 'JOMBANG', 'MEGALUH', 'Jl. Perak 59 Balongsari'),
(121235170057, 20582362, 'MTSS AL FALAH', 'Madrasah Tsanawiyah', 'swasta', 'JAWA TIMUR', 'JOMBANG', 'MOJOAGUNG', 'Bendorangkang'),
(121235170058, 20582363, 'MTSS ASY-SYAFI\'IYAH', 'Madrasah Tsanawiyah', 'swasta', 'JAWA TIMUR', 'JOMBANG', 'MOJOAGUNG', 'Jl. Pendowo No. 41 Klampisan Tejo'),
(121235170059, 20582364, 'MTSS BABUSSALAM', 'Madrasah Tsanawiyah', 'swasta', 'JAWA TIMUR', 'JOMBANG', 'MOJOAGUNG', 'Jl. H. Nur Syahid No. 110 Kalibening'),
(121235170060, 20582365, 'MTSS DARUL MUAWANAH', 'Madrasah Tsanawiyah', 'swasta', 'JAWA TIMUR', 'JOMBANG', 'MOJOAGUNG', 'Jl. Kapuas Rt/rw 02/02 Penanggalan Dukuhdimoro Mojoagung'),
(121235170061, 20582366, 'MTSS MAMBAUL ULUM', 'Madrasah Tsanawiyah', 'swasta', 'JAWA TIMUR', 'JOMBANG', 'MOJOAGUNG', 'Jl.semangka 56'),
(121235170062, 20582367, 'MTSS TERPADU ASSULAIMANIYAH', 'Madrasah Tsanawiyah', 'swasta', 'JAWA TIMUR', 'JOMBANG', 'MOJOAGUNG', 'Sayyid Sulaiman No. 200'),
(121235170063, 20582368, 'MTSS AL-AZHAR GROBOGAN', 'Madrasah Tsanawiyah', 'swasta', 'JAWA TIMUR', 'JOMBANG', 'MOJOWARNO', 'Jl. Soekarno Hatta No. 01 Desa Grobogan'),
(121235170064, 20582369, 'MTSS AL-HANAFIYAH', 'Madrasah Tsanawiyah', 'swasta', 'JAWA TIMUR', 'JOMBANG', 'MOJOWARNO', 'Dsn. Wringinpitu'),
(121235170065, 20582370, 'MTSS AL-HIDAYAH KETRAMPILAN', 'Madrasah Tsanawiyah', 'swasta', 'JAWA TIMUR', 'JOMBANG', 'MOJOWARNO', 'Jl. Raya Garut'),
(121235170066, 20582371, 'MTSS AL-MAUNAH', 'Madrasah Tsanawiyah', 'swasta', 'JAWA TIMUR', 'JOMBANG', 'MOJOWARNO', 'Jl. Joas Gg. Masjid No.22'),
(121235170067, 20582372, 'MTSS DARUL FAIZIN', 'Madrasah Tsanawiyah', 'swasta', 'JAWA TIMUR', 'JOMBANG', 'MOJOWARNO', 'JL. KH.HASAN SANUSI NO.01 CATAKGAYAM MOJOWARNO JOMBANG'),
(121235170068, 20582373, 'MTSS MIFTAHUN NAJAH', 'Madrasah Tsanawiyah', 'swasta', 'JAWA TIMUR', 'JOMBANG', 'MOJOWARNO', 'Jln Sunan Drajat No.06 Bajang'),
(121235170069, 20582374, 'MTSS NAJATUD DAROINI', 'Madrasah Tsanawiyah', 'swasta', 'JAWA TIMUR', 'JOMBANG', 'MOJOWARNO', 'Jl. Raya Gedangan No.60 Rt.05 Rw.02'),
(121235170070, 20582375, 'MTSS RADEN RAHMAT', 'Madrasah Tsanawiyah', 'swasta', 'JAWA TIMUR', 'JOMBANG', 'MOJOWARNO', 'JL RAYA SELOREJO NO 06'),
(121235170071, 20582376, 'MTSS ROUDLOTUL ULUM', 'Madrasah Tsanawiyah', 'swasta', 'JAWA TIMUR', 'JOMBANG', 'MOJOWARNO', 'Jl. Mbah Thoyyib No. 05'),
(121235170072, 20582377, 'MTSS THORIQUL HUDA', 'Madrasah Tsanawiyah', 'swasta', 'JAWA TIMUR', 'JOMBANG', 'MOJOWARNO', 'Jl. Masjid Al Ikhlash'),
(121235170073, 20582379, 'MTSS BAHRUL ULUM GENUKWATU', 'Madrasah Tsanawiyah', 'swasta', 'JAWA TIMUR', 'JOMBANG', 'NGORO', 'Jl Doktren Mh.02'),
(121235170074, 20582380, 'MTSS DARUNNAJAH', 'Madrasah Tsanawiyah', 'swasta', 'JAWA TIMUR', 'JOMBANG', 'NGORO', 'Jl. KH. Masyhuri No 01 Ngampel'),
(121235170075, 20582381, 'MTSS DARUSSALAM', 'Madrasah Tsanawiyah', 'swasta', 'JAWA TIMUR', 'JOMBANG', 'NGORO', 'JALAN SEMERU KAUMAN NGORO'),
(121235170076, 20582382, 'MTSS IHSANNIAT', 'Madrasah Tsanawiyah', 'swasta', 'JAWA TIMUR', 'JOMBANG', 'NGORO', 'Jl. Ngoro Kandangan Ds. Rejoagung Kec. Ngoro Kab. Jombang'),
(121235170077, 20582383, 'MTSS MIFTAHUL ULUM', 'Madrasah Tsanawiyah', 'swasta', 'JAWA TIMUR', 'JOMBANG', 'NGORO', 'Jl. Masjid Al Mujahidin No.150 Cermenan Sugihwaras Ngoro'),
(121235170078, 20582384, 'MTSS SYAFIIYAH PULOREJO', 'Madrasah Tsanawiyah', 'swasta', 'JAWA TIMUR', 'JOMBANG', 'NGORO', 'Jl. Kandangan No.43 Pulorejo'),
(121235170079, 20582385, 'MTSS WALI AMINAH', 'Madrasah Tsanawiyah', 'swasta', 'JAWA TIMUR', 'JOMBANG', 'NGORO', 'Jl. Kh. Ahmadi 1 Ngasem Jombok Ngoro Jombang'),
(121235170080, 20582387, 'MTSS ISMAILIYAH', 'Madrasah Tsanawiyah', 'swasta', 'JAWA TIMUR', 'JOMBANG', 'NGUSIKAN', 'Jl. Soekarno No. 01'),
(121235170081, 20582389, 'MTSS ABI HUROIROH', 'Madrasah Tsanawiyah', 'swasta', 'JAWA TIMUR', 'JOMBANG', 'PERAK', 'Dsn.juwet Ds.glagahan'),
(121235170082, 20582390, 'MTSS BAHRUL ULUM', 'Madrasah Tsanawiyah', 'swasta', 'JAWA TIMUR', 'JOMBANG', 'PERAK', 'Jalan Raya Gadingmangu Nomor 7 Perak Jombang'),
(121235170083, 20582391, 'MTSS SAYYID ABDURRAHMAN', 'Madrasah Tsanawiyah', 'swasta', 'JAWA TIMUR', 'JOMBANG', 'PERAK', 'Jln Utara Balai Desa Pagerwojo'),
(121235170084, 20582392, 'MTSS UMAR ZAHID PERAK', 'Madrasah Tsanawiyah', 'swasta', 'JAWA TIMUR', 'JOMBANG', 'PERAK', 'PERAK'),
(121235170085, 20582394, 'MTSS AL-HIDAYAH', 'Madrasah Tsanawiyah', 'swasta', 'JAWA TIMUR', 'JOMBANG', 'PETERONGAN', 'DSN. BUDUG DI TUGUSUMBERJO RT 04 RW 01'),
(121235170086, 20582395, 'MTSS AL HIDAYAH PAGOTAN', 'Madrasah Tsanawiyah', 'swasta', 'JAWA TIMUR', 'JOMBANG', 'PETERONGAN', 'Jl. Al Hidayah Pagotan Rt. 001 / Rw 003'),
(121235170087, 20582396, 'MTSS AS SALAM', 'Madrasah Tsanawiyah', 'swasta', 'JAWA TIMUR', 'JOMBANG', 'PETERONGAN', 'Gempol Dampet, Ngrandulor, Peterongan, Jombang'),
(121235170088, 20582397, 'MTSS DARUL ULUM', 'Madrasah Tsanawiyah', 'swasta', 'JAWA TIMUR', 'JOMBANG', 'PETERONGAN', 'PONDOK PESANTREN DARUL ULUM REJOSO PETERONGAN JOMBANG'),
(121235170089, 20582398, 'MTSS RAHMAT SAID', 'Madrasah Tsanawiyah', 'swasta', 'JAWA TIMUR', 'JOMBANG', 'PETERONGAN', 'Desa Bongkot'),
(121235170090, 20582399, 'MTSS AL-HIKMAH KLITIH', 'Madrasah Tsanawiyah', 'swasta', 'JAWA TIMUR', 'JOMBANG', 'PLANDAAN', 'Jl. Raya Klitih Plandaan'),
(121235170091, 20582400, 'MTSS DIPONEGORO', 'Madrasah Tsanawiyah', 'swasta', 'JAWA TIMUR', 'JOMBANG', 'PLANDAAN', 'Jl Bangsri'),
(121235170092, 20582401, 'MTSS RIYADLATUL FALLAH', 'Madrasah Tsanawiyah', 'swasta', 'JAWA TIMUR', 'JOMBANG', 'PLANDAAN', 'Klampisan-Ngemplak No. 01'),
(121235170093, 20582402, 'MTSS NIZHAMIYAH PLOSO', 'Madrasah Tsanawiyah', 'swasta', 'JAWA TIMUR', 'JOMBANG', 'PLOSO', 'Jl. Rejoagung Timur No.11'),
(121235170094, 20582404, 'MTSS AL-FALAH', 'Madrasah Tsanawiyah', 'swasta', 'JAWA TIMUR', 'JOMBANG', 'SUMOBITO', 'Jl. H. Sidiq No. 08'),
(121235170095, 20582405, 'MTSS AL MA\'ARIF', 'Madrasah Tsanawiyah', 'swasta', 'JAWA TIMUR', 'JOMBANG', 'SUMOBITO', 'Jl Moh Nandar Brudu'),
(121235170096, 20582406, 'MTSS BUSTANUL ULUM', 'Madrasah Tsanawiyah', 'swasta', 'JAWA TIMUR', 'JOMBANG', 'SUMOBITO', 'Jl. Muka Stasiun Curahmalang');
INSERT INTO `lembaga` (`nsm`, `NPSN`, `nama_madrasah`, `Jenjang`, `Status`, `Provinsi`, `Kabupaten`, `Kecamatan`, `Alamat`) VALUES
(121235170097, 20582407, 'MTSS YPI AL HIDAYAH', 'Madrasah Tsanawiyah', 'swasta', 'JAWA TIMUR', 'JOMBANG', 'SUMOBITO', 'Jl. Slombok No.14 Plemahan'),
(121235170098, 20582408, 'MTSS YPM 5 GEDANGAN', 'Madrasah Tsanawiyah', 'swasta', 'JAWA TIMUR', 'JOMBANG', 'SUMOBITO', 'Jl Taman Firdaus No 6 Gedangan'),
(121235170099, 20582410, 'MTSS AL-IHSAN KALIKEJAMBON', 'Madrasah Tsanawiyah', 'swasta', 'JAWA TIMUR', 'JOMBANG', 'TEMBELANG', 'Jl. Anggrek No. 22 Kalijaring'),
(121235170100, 20582411, 'MTSS AL-IMAN', 'Madrasah Tsanawiyah', 'swasta', 'JAWA TIMUR', 'JOMBANG', 'TEMBELANG', 'Jl. Walet'),
(121235170101, 20582412, 'MTSS AR-ROSYIDIN', 'Madrasah Tsanawiyah', 'swasta', 'JAWA TIMUR', 'JOMBANG', 'TEMBELANG', 'Jl. Delima 87 Pulogedang Tembelang Jombang'),
(121235170102, 20582413, 'MTSS DARUL ULUM KEPUHDOKO', 'Madrasah Tsanawiyah', 'swasta', 'JAWA TIMUR', 'JOMBANG', 'TEMBELANG', 'Pp.darul Ulum Kepuhdoko Tembelang Jombang'),
(121235170103, 20582414, 'MTSS MUHAMMADIYAH 01', 'Madrasah Tsanawiyah', 'swasta', 'JAWA TIMUR', 'JOMBANG', 'TEMBELANG', 'Jl. Melati No. 11 B'),
(121235170104, 20582416, 'MTSS ANJASMORO', 'Madrasah Tsanawiyah', 'swasta', 'JAWA TIMUR', 'JOMBANG', 'WONOSALAM', 'Jl. Padepokan Tegopati No.20'),
(121235170105, 20582338, 'MTSS SA MINHAJUL ABIDIN', 'Madrasah Tsanawiyah', 'swasta', 'JAWA TIMUR', 'JOMBANG', 'JOGOROTO', 'Jl. Makam Mbah Sayyid Ismail Desa Janti'),
(121235170106, 20582321, 'MTSS AL HIKAM', 'Madrasah Tsanawiyah', 'swasta', 'JAWA TIMUR', 'JOMBANG', 'DIWEK', 'Jl.Masjid 12'),
(121235170107, 20577841, 'MTSS AL-WASHOYA', 'Madrasah Tsanawiyah', 'swasta', 'JAWA TIMUR', 'JOMBANG', 'NGORO', 'Jl. Raya Kertorejo RT.008 RW.004'),
(121235170109, 20579291, 'MTSS FATTAH HASYIM BAHRUL ULUM', 'Madrasah Tsanawiyah', 'swasta', 'JAWA TIMUR', 'JOMBANG', 'JOMBANG', 'Jl. Kh. Wahab Hasbulloh Gg. II No.120 A Tambakberas Jombang'),
(121235170110, 60728612, 'MTSS AL-AHSAN', 'Madrasah Tsanawiyah', 'swasta', 'JAWA TIMUR', 'JOMBANG', 'BARENG', 'Jl Anjasmoro Karangan'),
(121235170111, 69816295, 'MTSS AL ANWAR', 'Madrasah Tsanawiyah', 'swasta', 'JAWA TIMUR', 'JOMBANG', 'PERAK', 'Jl. Raya Cangkringrandu'),
(121235170112, 69816296, 'MTSS AL QURAN LA RAIBA HANIFIDA', 'Madrasah Tsanawiyah', 'swasta', 'JAWA TIMUR', 'JOMBANG', 'DIWEK', 'Sugihwaras RT/RW 05/04 Bandung Diwek Jombang Jawa Timur 61471'),
(121235170113, 69881683, 'MTSS AL-AZHAR', 'Madrasah Tsanawiyah', 'swasta', 'JAWA TIMUR', 'JOMBANG', 'PETERONGAN', 'Dsn. Tembelang'),
(121235170114, 69895170, 'MTSS YAA ROUUF', 'Madrasah Tsanawiyah', 'swasta', 'JAWA TIMUR', 'JOMBANG', 'KESAMBEN', 'Jl. Kimia Farma Ds. Jombok, Kec. Kesamben'),
(121235170115, 69895169, 'MTSS MUJAHIDIN', 'Madrasah Tsanawiyah', 'swasta', 'JAWA TIMUR', 'JOMBANG', 'DIWEK', 'Dsn. Babatan'),
(121235170116, 69977777, 'MTSS NURUL QUR\'AN', 'Madrasah Tsanawiyah', 'swasta', 'JAWA TIMUR', 'JOMBANG', 'PLOSO', 'JALAN ANGGREK NOMOR 02 BAKALAN'),
(121235170117, 69977778, 'MTSS JANNATURROICHAN', 'Madrasah Tsanawiyah', 'swasta', 'JAWA TIMUR', 'JOMBANG', 'PETERONGAN', 'Jalan Kol. H. Ismail Dsn Gempoldampet'),
(121235170118, 69993780, 'MTSS ILMU AL-QUR\'AN', 'Madrasah Tsanawiyah', 'swasta', 'JAWA TIMUR', 'JOMBANG', 'TEMBELANG', 'Jl. Anggrek Dsn. Ngledok'),
(121235170119, 69993400, 'MTSS BAITURROHIM BLIMBING', 'Madrasah Tsanawiyah', 'swasta', 'JAWA TIMUR', 'JOMBANG', 'GUDO', 'JLN. MASJID BAITURROHMAN BLIMBING'),
(121235170120, 70006283, 'MTSS AL-FALAH', 'Madrasah Tsanawiyah', 'swasta', 'JAWA TIMUR', 'JOMBANG', 'KESAMBEN', 'Jl. Tugu Pahlawan'),
(121235170121, 70012576, 'MTSS SAINS PUTRI TEBUIRENG', 'Madrasah Tsanawiyah', 'swasta', 'JAWA TIMUR', 'JOMBANG', 'KESAMBEN', 'JL Sumobito-Kesamben'),
(121235170122, 70006279, 'MTSS AL HUDA', 'Madrasah Tsanawiyah', 'swasta', 'JAWA TIMUR', 'JOMBANG', 'SUMOBITO', 'Jl MEDAN BHAKTI RT 001 RW 002'),
(121235170123, 70034824, 'MTs AT TAQWA HAHUNA', 'Madrasah Tsanawiyah', 'swasta', 'JAWA TIMUR', 'JOMBANG', 'SUMOBITO', 'Jln. Mawar Putih RT03/RW03, Dusun Bulu'),
(121235170124, 70036081, 'MTs TARBIYATUT THOLABAH', 'Madrasah Tsanawiyah', 'swasta', 'JAWA TIMUR', 'JOMBANG', 'GUDO', 'Jalan Masjid Irsyadul Ibad RT006/RW002'),
(121235170125, 70034445, 'MTs MU\'ALLIMIN ALHUDA', 'Madrasah Tsanawiyah', 'swasta', 'JAWA TIMUR', 'JOMBANG', 'DIWEK', 'Dsn Bogem Rt.003-Rw.009'),
(121235170126, 70034528, 'MTs PLUS DARUL FALAH', 'Madrasah Tsanawiyah', 'swasta', 'JAWA TIMUR', 'JOMBANG', 'MOJOAGUNG', 'Jl Yos Sudarso No 6'),
(131135170001, 20579964, 'MAN 1 JOMBANG', 'Madrasah Aliyah', 'negeri', 'JAWA TIMUR', 'JOMBANG', 'JOMBANG', 'JL. DR. WAHIDIN SUDIRO HUSODO. NO.2'),
(131135170002, 20579986, 'MAN 2 JOMBANG', 'Madrasah Aliyah', 'negeri', 'JAWA TIMUR', 'JOMBANG', 'PETERONGAN', 'JL. REJOSO NO. 1 PETERONGAN'),
(131135170003, 20579993, 'MAN 3 JOMBANG', 'Madrasah Aliyah', 'negeri', 'JAWA TIMUR', 'JOMBANG', 'JOMBANG', 'Jl. Merpati Tambakberas'),
(131135170004, 20579956, 'MAN 4 JOMBANG', 'Madrasah Aliyah', 'negeri', 'JAWA TIMUR', 'JOMBANG', 'JOMBANG', 'JL. KH. BISRI SYANSURI 21 DENANYAR JOMBANG'),
(131135170005, 20580317, 'MAN 8 JOMBANG', 'Madrasah Aliyah', 'negeri', 'JAWA TIMUR', 'JOMBANG', 'JOMBANG', 'JL. H. Ismail No. 25 Parimono'),
(131135170006, 20579973, 'MAN 9 JOMBANG', 'Madrasah Aliyah', 'negeri', 'JAWA TIMUR', 'JOMBANG', 'TEMBELANG', 'PP. DARUL ULUM KEPUHDOKO'),
(131135170007, 20580318, 'MAN 10 JOMBANG', 'Madrasah Aliyah', 'negeri', 'JAWA TIMUR', 'JOMBANG', 'BANDARKEDUNGMULYO', 'Jl. Raya Utama No. 57 Banjarsari'),
(131135170008, 20579965, 'MAN 7 JOMBANG', 'Madrasah Aliyah', 'negeri', 'JAWA TIMUR', 'JOMBANG', 'NGUSIKAN', 'Jl. Raya Keboan No. 25 Keboan Ngusikan Jombang'),
(131135170009, 20579966, 'MAN 6 JOMBANG', 'Madrasah Aliyah', 'negeri', 'JAWA TIMUR', 'JOMBANG', 'MOJOAGUNG', 'Jl. Semangka'),
(131135170010, 20579958, 'MAN 5 JOMBANG', 'Madrasah Aliyah', 'negeri', 'JAWA TIMUR', 'JOMBANG', 'NGORO', 'Jl. Pesantren No. 03'),
(131235170001, 20579990, 'MAS SAYYID ABDURRAHMAN', 'Madrasah Aliyah', 'swasta', 'JAWA TIMUR', 'JOMBANG', 'PERAK', 'Jl. Utara Balai Desa Pagerwojo'),
(131235170002, 20579997, 'MAS UMAR ZAHID PERAK', 'Madrasah Aliyah', 'swasta', 'JAWA TIMUR', 'JOMBANG', 'PERAK', 'JL. EMBONG MIRING NO. 82 PERAK'),
(131235170003, 20580336, 'MAS BAHRUL ULUM', 'Madrasah Aliyah', 'swasta', 'JAWA TIMUR', 'JOMBANG', 'PERAK', 'Jln. Raya Gadingmangu No. 7 Perak Jombang'),
(131235170004, 20579950, 'MAS DARUL HIKMAH DIWEK', 'Madrasah Aliyah', 'swasta', 'JAWA TIMUR', 'JOMBANG', 'DIWEK', 'Jl. Raya Gg Masjid Besar Diwek No.63'),
(131235170005, 20579983, 'MAS PERGURUAN MU\'ALLIMAT', 'Madrasah Aliyah', 'swasta', 'JAWA TIMUR', 'JOMBANG', 'DIWEK', 'Jl. Kediri No. 2-3'),
(131235170006, 20579988, 'MAS SALAFIYAH SYAFI\'IYAH', 'Madrasah Aliyah', 'swasta', 'JAWA TIMUR', 'JOMBANG', 'DIWEK', 'Jl. Irian Jaya No. 10 Tebuireng Jombang'),
(131235170007, 20579989, 'MAS SALAFIYAH SYAFI\'IYAH SEBLAK', 'Madrasah Aliyah', 'swasta', 'JAWA TIMUR', 'JOMBANG', 'DIWEK', 'Jln. PP. Seblak No.150 Kwaron Diwek Jombang'),
(131235170008, 20580323, 'MAS AL URWATUL WUTSQO', 'Madrasah Aliyah', 'swasta', 'JAWA TIMUR', 'JOMBANG', 'DIWEK', 'Jalan Kh. M. Yaqub Husein Desa Bulurejo'),
(131235170009, 20580324, 'MAS AL-ANWAR', 'Madrasah Aliyah', 'swasta', 'JAWA TIMUR', 'JOMBANG', 'DIWEK', 'Jln.KH. Manshoer Paculgowang Jatirejo Diwek Jombang'),
(131235170010, 20579975, 'MAS MIFTAHUL HUDA', 'Madrasah Aliyah', 'swasta', 'JAWA TIMUR', 'JOMBANG', 'DIWEK', 'Jl. Raya Cukir Mojowarno No.03'),
(131235170011, 20579969, 'MAS MADRASATUL QUR AN', 'Madrasah Aliyah', 'swasta', 'JAWA TIMUR', 'JOMBANG', 'DIWEK', 'Jl. Irian Jaya 47 Po Box 18 Tebuireng'),
(131235170012, 20579981, 'MAS NURUL JADID', 'Madrasah Aliyah', 'swasta', 'JAWA TIMUR', 'JOMBANG', 'DIWEK', 'Jl. Tumenggung Hadikusuma No.07 Bandung Diwek Jombang'),
(131235170014, 20580320, 'MAS AL ASY ARI', 'Madrasah Aliyah', 'swasta', 'JAWA TIMUR', 'JOMBANG', 'DIWEK', 'Jl. Kh Asyari No 13'),
(131235170015, 20580334, 'MAS AT-TAUFIQ', 'Madrasah Aliyah', 'swasta', 'JAWA TIMUR', 'JOMBANG', 'DIWEK', 'Jl. Kh Shobari No.48 B Bogem Grogol Diwek Jombang'),
(131235170016, 20579949, 'MAS DARUL HIKMAH BANDUNGSARI', 'Madrasah Aliyah', 'swasta', 'JAWA TIMUR', 'JOMBANG', 'DIWEK', 'Jl. H. Umar No. 17 Bandungsari'),
(131235170017, 20579948, 'MAS DARUL FALAH', 'Madrasah Aliyah', 'swasta', 'JAWA TIMUR', 'JOMBANG', 'DIWEK', 'Jl.timur Pasar Cukir'),
(131235170018, 20580330, 'MAS AR-RAHMAN SUMOYONO', 'Madrasah Aliyah', 'swasta', 'JAWA TIMUR', 'JOMBANG', 'DIWEK', 'Jl. Mojowarno Sumoyono Gg. 1'),
(131235170019, 20579955, 'MAS DARUSSALAM NGORO', 'Madrasah Aliyah', 'swasta', 'JAWA TIMUR', 'JOMBANG', 'NGORO', 'Jl. Semeru No. 02 Kauman Ngoro Jombang'),
(131235170020, 20579977, 'MAS MIFTAHUL ULUM CERMENAN', 'Madrasah Aliyah', 'swasta', 'JAWA TIMUR', 'JOMBANG', 'NGORO', 'JL. MASJID NO.150 CERMENAN'),
(131235170021, 20579962, 'MAS IHSANNIAT', 'Madrasah Aliyah', 'swasta', 'JAWA TIMUR', 'JOMBANG', 'NGORO', 'Jl. Ngoro - Kandangan Km. 3 Rejoagung Ngoro Jombang'),
(131235170022, 20579992, 'MAS SYAFI IYAH TERPADU', 'Madrasah Aliyah', 'swasta', 'JAWA TIMUR', 'JOMBANG', 'NGORO', 'Jln. Masjid Katerban Pulorejo Ngoro Jombang'),
(131235170024, 20579999, 'MAS WALI AMINAH', 'Madrasah Aliyah', 'swasta', 'JAWA TIMUR', 'JOMBANG', 'NGORO', 'Jl.kh.ahmadi No.1 Ngasem Jombok Ngoro Jombang'),
(131235170025, 20579947, 'MAS DARUL FAIZIN', 'Madrasah Aliyah', 'swasta', 'JAWA TIMUR', 'JOMBANG', 'MOJOWARNO', 'Jl. KH. Hasan Sanusi No. 12 Catakgayam'),
(131235170026, 20579984, 'MAS RADEN RAHMAT', 'Madrasah Aliyah', 'swasta', 'JAWA TIMUR', 'JOMBANG', 'MOJOWARNO', 'Jl. Raya Selorejo No.06 Selorejo'),
(131235170027, 20579987, 'MAS ROUDLOTUL ULUM', 'Madrasah Aliyah', 'swasta', 'JAWA TIMUR', 'JOMBANG', 'MOJOWARNO', 'JL MBAH THOYIB NO. 05'),
(131235170028, 20579978, 'MAS MIFTAHUN NAJAH', 'Madrasah Aliyah', 'swasta', 'JAWA TIMUR', 'JOMBANG', 'MOJOWARNO', 'Jl. Sunan Drajad No. 6 Bajang'),
(131235170029, 20579991, 'MAS SUNAN BONANG', 'Madrasah Aliyah', 'swasta', 'JAWA TIMUR', 'JOMBANG', 'MOJOWARNO', 'Joas Gang. Masjid. No.22'),
(131235170030, 20579957, 'MAS FASER', 'Madrasah Aliyah', 'swasta', 'JAWA TIMUR', 'JOMBANG', 'WONOSALAM', 'Panglungan Wonosalam Jombang'),
(131235170031, 20580329, 'MAS ANJASMORO', 'Madrasah Aliyah', 'swasta', 'JAWA TIMUR', 'JOMBANG', 'WONOSALAM', 'Jl. Padepokan Tegopati No. 020 Anjasmoro'),
(131235170032, 20580332, 'MAS ASSULAIMANIYAH', 'Madrasah Aliyah', 'swasta', 'JAWA TIMUR', 'JOMBANG', 'MOJOAGUNG', 'JLN. A. YANI NO. 53 MOJOLEGI'),
(131235170033, 20580335, 'MAS BABUSSALAM', 'Madrasah Aliyah', 'swasta', 'JAWA TIMUR', 'JOMBANG', 'MOJOAGUNG', 'JL. H. NUR SYAHID NO. 110 KALIBENING'),
(131235170034, 20579996, 'MAS TPI', 'Madrasah Aliyah', 'swasta', 'JAWA TIMUR', 'JOMBANG', 'MOJOAGUNG', 'Jl. Kebonsari No. 42 Mojoagung'),
(131235170035, 20579951, 'MAS DARUL MUAWANAH', 'Madrasah Aliyah', 'swasta', 'JAWA TIMUR', 'JOMBANG', 'MOJOAGUNG', 'Jl. Kapuas No. 150 Penanggalan Dukuhdimoro Mojoagung Jombang'),
(131235170036, 20580338, 'MAS BALONGREJO', 'Madrasah Aliyah', 'swasta', 'JAWA TIMUR', 'JOMBANG', 'SUMOBITO', 'Jl. Kh.arief Syahid, 176 Balongrejo'),
(131235170037, 20579952, 'MAS DARUL ULUM', 'Madrasah Aliyah', 'swasta', 'JAWA TIMUR', 'JOMBANG', 'JOGOROTO', 'Jl. H. Cholil No 23 Sumberpenganten'),
(131235170038, 20579974, 'MAS MIDANUTTALIM', 'Madrasah Aliyah', 'swasta', 'JAWA TIMUR', 'JOMBANG', 'JOGOROTO', 'MAYANGAN'),
(131235170039, 20579971, 'MAS MAMBAUL ULUM COROGO', 'Madrasah Aliyah', 'swasta', 'JAWA TIMUR', 'JOMBANG', 'JOGOROTO', 'Jl. Masjid Sholihin Corogo'),
(131235170040, 20579959, 'MAS GHOZALIYAH', 'Madrasah Aliyah', 'swasta', 'JAWA TIMUR', 'JOMBANG', 'JOGOROTO', 'Sidowaras'),
(131235170041, 20580322, 'MAS AL MUHAJIRIN', 'Madrasah Aliyah', 'swasta', 'JAWA TIMUR', 'JOMBANG', 'JOGOROTO', 'Jl. Eyang Lindri RT04 RW02'),
(131235170042, 20579982, 'MAS NURUL QUR AN', 'Madrasah Aliyah', 'swasta', 'JAWA TIMUR', 'JOMBANG', 'JOGOROTO', 'Bendungrejo'),
(131235170043, 20579953, 'MAS UNGGULAN DARUL ULUM REJOSO', 'Madrasah Aliyah', 'swasta', 'JAWA TIMUR', 'JOMBANG', 'PETERONGAN', 'Pondok Pesantren Darul Ulum Rejoso'),
(131235170044, 20579985, 'MAS RAHMAT SA\'ID', 'Madrasah Aliyah', 'swasta', 'JAWA TIMUR', 'JOMBANG', 'PETERONGAN', 'Jl. Rahmat Said'),
(131235170045, 20580331, 'MAS AS SALAM', 'Madrasah Aliyah', 'swasta', 'JAWA TIMUR', 'JOMBANG', 'PETERONGAN', 'GEMPOLDAMPET'),
(131235170046, 20579976, 'MAS MIFTAHUL ULUM', 'Madrasah Aliyah', 'swasta', 'JAWA TIMUR', 'JOMBANG', 'PETERONGAN', 'Jl. Soekarno Hatta No. 15'),
(131235170047, 20579979, 'MAS MUALLIMIN MUALLIMAT', 'Madrasah Aliyah', 'swasta', 'JAWA TIMUR', 'JOMBANG', 'JOMBANG', 'Jl KH Wahab Chasbulloh, Tambakberas Gang PPBU No. 28 Tambakrejo'),
(131235170048, 20580337, 'MAS BAHRUL ULUM TAMBAKBERAS', 'Madrasah Aliyah', 'swasta', 'JAWA TIMUR', 'JOMBANG', 'JOMBANG', 'Jl Kh Wahab Hasbulloh No. 192 Dsn Tambakberas Ds Tambakrejo Kec.  Jombang'),
(131235170049, 20579967, 'MAS MA\'ARIF 1 JOMBANG', 'Madrasah Aliyah', 'swasta', 'JAWA TIMUR', 'JOMBANG', 'JOMBANG', 'Kauman Utara Gg. 1/09 Jombang'),
(131235170050, 20579998, 'MAS UNGGULAN KH ABD WAHAB HASBULLOH', 'Madrasah Aliyah', 'swasta', 'JAWA TIMUR', 'JOMBANG', 'JOMBANG', 'Jl. Tanjung Dsn. Gedang'),
(131235170051, 20579961, 'MAS IDADIYYAH', 'Madrasah Aliyah', 'swasta', 'JAWA TIMUR', 'JOMBANG', 'JOMBANG', 'Jl. Merpati No. 09 Tambakberas'),
(131235170052, 20580326, 'MAS AL-BAIRUNY', 'Madrasah Aliyah', 'swasta', 'JAWA TIMUR', 'JOMBANG', 'JOMBANG', 'Jl. KH. Mimbar 118 - 120'),
(131235170053, 20579954, 'MAS DARUSSALAM', 'Madrasah Aliyah', 'swasta', 'JAWA TIMUR', 'JOMBANG', 'JOMBANG', 'Jl. Kapten Tendean No X Ngesong Sengon'),
(131235170054, 20579970, 'MAS MAMBA\'UL MA\'ARIF', 'Madrasah Aliyah', 'swasta', 'JAWA TIMUR', 'JOMBANG', 'JOMBANG', 'Jl. Kh. Bisri Syansuri No.77'),
(131235170055, 20580325, 'MAS AL-AZHAR', 'Madrasah Aliyah', 'swasta', 'JAWA TIMUR', 'JOMBANG', 'JOMBANG', 'LAKSDA ADI SUCIPTO VII/1'),
(131235170056, 20579995, 'MAS TERPADU SUNAN AMPEL', 'Madrasah Aliyah', 'swasta', 'JAWA TIMUR', 'JOMBANG', 'JOMBANG', 'Jl. Jaksa Agung Surapto No. 14'),
(131235170057, 20579972, 'MAS MAMBAUL ULUM MEGALUH', 'Madrasah Aliyah', 'swasta', 'JAWA TIMUR', 'JOMBANG', 'MEGALUH', 'Jl. Kh.moh Irsyad No. 12 Megaluh Jombang'),
(131235170058, 20580333, 'MAS ATH-THOHIRIYAH', 'Madrasah Aliyah', 'swasta', 'JAWA TIMUR', 'JOMBANG', 'MEGALUH', 'Jl. Raya Perak No. 58 Balongsari'),
(131235170059, 20580327, 'MAS AL-IHSAN KALIKEJAMBON', 'Madrasah Aliyah', 'swasta', 'JAWA TIMUR', 'JOMBANG', 'TEMBELANG', 'Jl. Anggrek No. 22 Kalijaring Kalikejambon'),
(131235170060, 20580319, 'MAS AL-HIDAYAH', 'Madrasah Aliyah', 'swasta', 'JAWA TIMUR', 'JOMBANG', 'KESAMBEN', 'Jl. Raya Kedungbetik RT/RW 006/002'),
(131235170061, 20579980, 'MAS NIZHAMIYAH PLOSO', 'Madrasah Aliyah', 'swasta', 'JAWA TIMUR', 'JOMBANG', 'PLOSO', 'Jl. Darmo Sugondo No. 75'),
(131235170062, 20580328, 'MAS AL-MA\'ARIF', 'Madrasah Aliyah', 'swasta', 'JAWA TIMUR', 'JOMBANG', 'PLANDAAN', 'Jl. Raya Klitih'),
(131235170063, 20579963, 'MAS ISMAILIYAH', 'Madrasah Aliyah', 'swasta', 'JAWA TIMUR', 'JOMBANG', 'NGUSIKAN', 'Jl. Soekarno No. 01'),
(131235170064, 20579946, 'MAS DARUL \'ULUM BARENG', 'Madrasah Aliyah', 'swasta', 'JAWA TIMUR', 'JOMBANG', 'BARENG', 'Jl. Achmad Yani Bareng'),
(131235170065, 20579994, 'MAS TERPADU AL MUNAWAROH', 'Madrasah Aliyah', 'swasta', 'JAWA TIMUR', 'JOMBANG', 'DIWEK', 'NGUDIREJO'),
(131235170066, 20579960, 'MAS HASYIM ASY\'ARI', 'Madrasah Aliyah', 'swasta', 'JAWA TIMUR', 'JOMBANG', 'JOGOROTO', 'Jl. Raya Jogoroto No. 99 Jogoroto'),
(131235170067, 20580321, 'MAS AL HIKAM', 'Madrasah Aliyah', 'swasta', 'JAWA TIMUR', 'JOMBANG', 'DIWEK', 'Jl.Masjid 12 RT.001 RW.001 JATIREJO'),
(131235170068, 69799894, 'MAS ALFALAH', 'Madrasah Aliyah', 'swasta', 'JAWA TIMUR', 'JOMBANG', 'KESAMBEN', 'Jl. Raya Tugu Pahlawan No. 74'),
(131235170069, 60728638, 'MAS AL QURAN LA RAIBA HANIFIDA', 'Madrasah Aliyah', 'swasta', 'JAWA TIMUR', 'JOMBANG', 'DIWEK', 'Dsn. Sugihwaras'),
(131235170070, 69883452, 'MAS FATTAH HASYIM BAHRUL ULUM', 'Madrasah Aliyah', 'swasta', 'JAWA TIMUR', 'JOMBANG', 'JOMBANG', 'JL. KH. Abdul Wahab Hasbulloh No.120 A'),
(131235170071, 69881478, 'MAS AL-WASHOYA', 'Madrasah Aliyah', 'swasta', 'JAWA TIMUR', 'JOMBANG', 'NGORO', 'Jl. Kertorejo'),
(131235170072, 69894881, 'MAS AL ANWAR', 'Madrasah Aliyah', 'swasta', 'JAWA TIMUR', 'JOMBANG', 'PERAK', 'Jl. Raya Cangkringrandu'),
(131235170073, 69894880, 'MAS MINHAJUL ABIDIN', 'Madrasah Aliyah', 'swasta', 'JAWA TIMUR', 'JOMBANG', 'JOGOROTO', 'Jl Mbah Sayyid Ismail Janti'),
(131235170074, 69941752, 'MAS TERPADU MISYKAT AL-ANWAR', 'Madrasah Aliyah', 'swasta', 'JAWA TIMUR', 'JOMBANG', 'DIWEK', 'Jl. Minha No.1'),
(131235170075, 69977854, 'MAS TERPADU KALIMASADA', 'Madrasah Aliyah', 'swasta', 'JAWA TIMUR', 'JOMBANG', 'PLANDAAN', 'Jalan Raya Bangsri'),
(131235170076, 69977855, 'MAS DARUL ULUM BANDUNG', 'Madrasah Aliyah', 'swasta', 'JAWA TIMUR', 'JOMBANG', 'DIWEK', 'JALAN RAYA BANDUNG NO. 32 BANDUNG DIWEK JOMBANG'),
(131235170077, 69975841, 'MAS JANNATURROICHAN', 'Madrasah Aliyah', 'swasta', 'JAWA TIMUR', 'JOMBANG', 'PETERONGAN', 'Jl. Kol. H. Ismail Gempoldampet'),
(131235170078, 69995386, 'MAS HASANUDDIN', 'Madrasah Aliyah', 'swasta', 'JAWA TIMUR', 'JOMBANG', 'PLANDAAN', 'Klampisan-ngemplak no 1'),
(131235170079, 69993499, 'MAS AL-UMMAH', 'Madrasah Aliyah', 'swasta', 'JAWA TIMUR', 'JOMBANG', 'DIWEK', 'JALAN RAYA PANDANWANGI, KECAMATAN DIWEK. DESA PANDANWANGI, KOMPLEKS MASJID AR RAYYAN JOMBANG.'),
(131235170080, 70006280, 'MAS NURUL QUR\'AN KEBONAGUNG', 'Madrasah Aliyah', 'swasta', 'JAWA TIMUR', 'JOMBANG', 'PLOSO', 'Jl. Anggrek No.02 Dsn Bakalan Ds. Kebonagung'),
(131235170081, 70006281, 'MAS NUR MUHAMMAD', 'Madrasah Aliyah', 'swasta', 'JAWA TIMUR', 'JOMBANG', 'MOJOAGUNG', 'DSN. WONOAYU RT. 002 RW. 002 DS. DUKUHMOJO'),
(131235170082, 70006438, 'MAS AL-CHODIDJAH', 'Madrasah Aliyah', 'swasta', 'JAWA TIMUR', 'JOMBANG', 'DIWEK', 'JL. MASJID JATIREJO BARAT NO. 1 TEBUIRENG'),
(131235170083, 70012575, 'MAS AL MADINAH GLOBAL SCHOOL', 'Madrasah Aliyah', 'swasta', 'JAWA TIMUR', 'JOMBANG', 'DIWEK', 'Dusun Diwek'),
(131235170084, 70026435, 'MA Abdul Hadi', 'Madrasah Aliyah', 'swasta', 'JAWA TIMUR', 'JOMBANG', 'DIWEK', 'Jl. Mbecek RT/RW 12/02 Kel Ngudirejo Kec Diwek Jombang'),
(131235170085, 70027272, 'MA AL - AZHAR', 'Madrasah Aliyah', 'swasta', 'JAWA TIMUR', 'JOMBANG', 'PETERONGAN', 'Dusun Tembelang RT. 006 RW. 004'),
(131235170086, 70035014, 'MA AL-MAIDAH', 'Madrasah Aliyah', 'swasta', 'JAWA TIMUR', 'JOMBANG', 'MOJOWARNO', 'CATAKGAYAM RW 07'),
(131235170087, 70034853, 'MA ILMU AL-QUR\'AN', 'Madrasah Aliyah', 'swasta', 'JAWA TIMUR', 'JOMBANG', 'TEMBELANG', 'JL. ANGGREK RT 001 RW 012'),
(131235170088, 70044494, 'MAS SAINS TEBUIRENG PUTRI', 'Madrasah Aliyah', 'swasta', 'JAWA TIMUR', 'JOMBANG', 'KESAMBEN', 'NGEMBUL RT 003 RW 013'),
(131235170089, 70048592, 'MAS MUJAHIDIN', 'Madrasah Aliyah', 'swasta', 'JAWA TIMUR', 'JOMBANG', 'DIWEK', 'DUSUN BANDUNG RT 002 RW 004'),
(131235170090, 70044191, 'MAS MU\'ALLIMIN AL HUDA', 'Madrasah Aliyah', 'swasta', 'JAWA TIMUR', 'JOMBANG', 'DIWEK', 'DUSUN BOGEM RT 003 RW 009');

-- --------------------------------------------------------

--
-- Table structure for table `lembaga_binaan`
--

CREATE TABLE `lembaga_binaan` (
  `id_binaan` bigint(20) NOT NULL,
  `PEGID` bigint(20) NOT NULL,
  `nsm` bigint(20) NOT NULL
) ENGINE=InnoDB DEFAULT CHARSET=utf8mb4 COLLATE=utf8mb4_general_ci;

--
-- Dumping data for table `lembaga_binaan`
--

INSERT INTO `lembaga_binaan` (`id_binaan`, `PEGID`, `nsm`) VALUES
(63, 91000070109706, 131135170001),
(64, 91000070109706, 131235170049),
(65, 91000070109706, 131235170053),
(66, 91000070109706, 131235170056),
(67, 91000070109706, 131235170004),
(68, 91000070109706, 131235170012),
(69, 91000070109706, 131235170014),
(70, 91000070109706, 131235170016),
(71, 91000070109706, 131235170076),
(72, 91000070109706, 131235170079),
(73, 91000070109706, 131235170083),
(74, 91000070109706, 121135170001),
(75, 91000070109706, 121135170011),
(76, 91000070109706, 121235170073),
(77, 91000070109706, 121235170075),
(78, 91000070109706, 121235170076),
(79, 91000070109706, 121235170078),
(80, 91000070109706, 121235170079),
(81, 91000070109706, 121235170107),
(82, 91000070109706, 121235170104),
(83, 91000070109706, 121235170004),
(84, 91000070109706, 121235170005),
(85, 91000070109706, 121235170110),
(86, 91000070159104, 131135170002),
(87, 91000070159104, 131235170043),
(88, 91000070159104, 131235170044),
(89, 91000070159104, 131235170045),
(90, 91000070159104, 131235170046),
(91, 91000070159104, 131235170077),
(92, 91000070159104, 131235170085),
(93, 91000070159104, 131235170036),
(94, 91000070159104, 131235170039),
(95, 91000070159104, 131235170041),
(96, 91000070159104, 131235170073),
(97, 91000067152313, 131135170003),
(98, 91000067152313, 131135170006),
(99, 91000067152313, 131235170047),
(100, 91000067152313, 131235170048),
(101, 91000067152313, 131235170050),
(102, 91000067152313, 131235170051),
(103, 91000067152313, 131235170052),
(104, 91000067152313, 131235170059),
(105, 91000067152313, 131235170087),
(106, 91000067152313, 131235170070),
(107, 91000067152313, 121135170002),
(108, 91000067152313, 121135170010),
(109, 91000067152313, 121235170011),
(110, 91000067152313, 121235170064),
(111, 91000067152313, 121235170065),
(112, 91000067152313, 121235170066),
(113, 91000067152313, 121235170068),
(114, 91000067152313, 121235170069),
(115, 91000067152313, 121235170070),
(116, 91000067152313, 121235170071),
(117, 91000067152313, 121235170072),
(118, 91000067129223, 131135170004),
(119, 91000067129223, 131135170007),
(120, 91000067129223, 131235170001),
(121, 91000067129223, 131235170002),
(122, 91000067129223, 131235170072),
(123, 91000067129223, 131235170003),
(124, 91000067129223, 131235170054),
(125, 91000067129223, 131235170055),
(126, 91000067129223, 131235170057),
(127, 91000067129223, 131235170058),
(128, 91000067129223, 121135170008),
(129, 91000067129223, 121135170015),
(130, 91000067129223, 121235170050),
(131, 91000067129223, 121235170052),
(132, 91000067129223, 121235170114),
(133, 91000067129223, 121235170121),
(134, 91000067129223, 121235170094),
(135, 91000067129223, 121235170096),
(136, 91000067129223, 121235170097),
(137, 91000067129223, 121235170098),
(138, 91000067129223, 121235170123),
(139, 91000067129223, 121235170122),
(140, 91000065148842, 131135170010),
(141, 91000065148842, 131235170071),
(142, 91000065148842, 131235170019),
(143, 91000065148842, 131235170020),
(144, 91000065148842, 131235170021),
(145, 91000065148842, 131235170022),
(146, 91000065148842, 131235170024),
(147, 91000065148842, 131235170028),
(148, 91000065148842, 131235170030),
(149, 91000065148842, 131235170031),
(150, 91000065148842, 131235170064),
(151, 91000065148844, 131235170005),
(152, 91000065148844, 131235170006),
(153, 91000065148844, 131235170007),
(154, 91000065148844, 131235170008),
(155, 91000065148844, 131235170009),
(156, 91000065148844, 131235170010),
(157, 91000065148844, 131235170011),
(158, 91000065148844, 131235170017),
(159, 91000065148844, 131235170018),
(160, 91000065148844, 131235170067),
(161, 91000065148844, 131235170074),
(162, 91000065148844, 131235170082),
(163, 91000067113553, 131135170008),
(164, 91000067113553, 131235170063),
(165, 91000067113553, 131235170061),
(166, 91000067113553, 131235170080),
(167, 91000067113553, 131235170062),
(168, 91000067113553, 131235170075),
(169, 91000067113553, 131235170078),
(170, 91000067113553, 131235170060),
(171, 91000067113553, 131235170068),
(172, 91000067113553, 131235170088),
(173, 91000067113553, 121135170005),
(174, 91000067113553, 121235170030),
(175, 91000067113553, 121235170031),
(176, 91000067113553, 121235170032),
(177, 91000067113553, 121235170034),
(178, 91000067113553, 121235170035),
(179, 91000067113553, 121235170036),
(180, 91000067113553, 121235170037),
(181, 91000067113553, 121235170038),
(182, 91000067113553, 121235170039),
(183, 91000067113553, 121235170105),
(184, 91000071106146, 131135170005),
(185, 91000071106146, 131235170015),
(186, 91000071106146, 131235170065),
(187, 91000071106146, 131235170069),
(188, 91000071106146, 131235170084),
(189, 91000071106146, 131235170089),
(190, 91000071106146, 131235170090),
(191, 91000071106146, 131235170037),
(192, 91000071106146, 131235170038),
(193, 91000071106146, 131235170040),
(194, 91000071106146, 131235170042),
(195, 91000071106146, 131235170066),
(196, 91000071106146, 121135170013),
(197, 91000071106146, 121235170001),
(198, 91000071106146, 121235170003),
(199, 91000071106146, 121235170002),
(200, 91000071106146, 121235170027),
(201, 91000071106146, 121235170081),
(202, 91000071106146, 121235170082),
(203, 91000071106146, 121235170083),
(204, 91000071106146, 121235170084),
(205, 91000071106146, 121235170111),
(206, 91000067113930, 131135170009),
(207, 91000067113930, 131235170025),
(208, 91000067113930, 131235170026),
(209, 91000067113930, 131235170027),
(210, 91000067113930, 131235170029),
(211, 91000067113930, 131235170086),
(212, 91000067113930, 131235170032),
(213, 91000067113930, 131235170033),
(214, 91000067113930, 131235170034),
(215, 91000067113930, 131235170035),
(216, 91000067113930, 131235170081),
(217, 91000067113930, 121135170007),
(218, 91000067113930, 121135170016),
(219, 91000067113930, 121235170041),
(220, 91000067113930, 121235170042),
(221, 91000067113930, 121235170048),
(222, 91000067113930, 121235170109),
(223, 91000067113930, 121235170099),
(224, 91000067113930, 121235170101),
(225, 91000067113930, 121235170103),
(226, 91000067113930, 121235170100),
(227, 91000066101840, 121135170014),
(228, 91000066101840, 121235170086),
(229, 91000066101840, 121235170085),
(230, 91000066101840, 121235170087),
(231, 91000066101840, 121235170088),
(232, 91000066101840, 121235170089),
(233, 91000066101840, 121235170117),
(234, 91000066101840, 121235170113),
(235, 91000066101840, 121235170095),
(236, 91000066101840, 121235170028),
(237, 91000066101840, 121235170029),
(238, 91000075120438, 121235170024),
(239, 91000075120438, 121235170013),
(240, 91000075120438, 121235170018),
(241, 91000075120438, 121235170021),
(242, 91000075120438, 121235170023),
(243, 91000075120438, 121235170106),
(244, 91000075120438, 121235170033),
(245, 91000075120438, 121235170040),
(246, 91000075120438, 121235170077),
(247, 91000075120438, 121235170074),
(248, 91000065135161, 121135170006),
(249, 91000065135161, 121135170009),
(250, 91000065135161, 121235170044),
(251, 91000065135161, 121235170045),
(252, 91000065135161, 121235170046),
(253, 91000065135161, 121235170055),
(254, 91000065135161, 121235170056),
(255, 91000065135161, 121235170090),
(256, 91000065135161, 121235170091),
(257, 91000065135161, 121235170092),
(258, 91000065135161, 121235170118),
(259, 91000070121160, 111135170001),
(260, 91000070121160, 111235170009),
(261, 91000070121160, 111235170001),
(262, 91000070121160, 111235170002),
(263, 91000070121160, 111235170003),
(264, 91000070121160, 111235170004),
(265, 91000070121160, 111235170005),
(266, 91000070121160, 111235170006),
(267, 91000070121160, 111235170007),
(268, 91000070121160, 111235170008),
(269, 91000070121160, 111235170010),
(270, 91000070121160, 111235170011),
(271, 91000070121160, 111235170012),
(272, 91000070121160, 111235170013),
(273, 91000070121160, 101235170015),
(277, 91000070121160, 101235170004),
(278, 91000070121160, 101235170005),
(279, 91000070121160, 101235170006),
(281, 91000070121160, 101235170008),
(283, 91000070121160, 101235170010),
(284, 91000070121160, 101235170011),
(288, 91000070121160, 101235170016),
(289, 91000068149075, 111235170020),
(290, 91000068149075, 111235170014),
(291, 91000068149075, 111235170015),
(292, 91000068149075, 111235170016),
(293, 91000068149075, 111235170017),
(294, 91000068149075, 111235170018),
(295, 91000068149075, 111235170019),
(296, 91000068149075, 111235170021),
(297, 91000068149075, 111235170022),
(298, 91000068149075, 111235170023),
(299, 91000068149075, 111235170024),
(300, 91000068149075, 101235170027),
(301, 91000068149075, 101235170017),
(302, 91000068149075, 101235170018),
(303, 91000068149075, 101235170019),
(304, 91000068149075, 101235170020),
(305, 91000068149075, 101235170021),
(306, 91000068149075, 101235170022),
(307, 91000068149075, 101235170023),
(308, 91000068149075, 101235170024),
(309, 91000068149075, 101235170025),
(310, 91000068149075, 101235170026),
(311, 91000068149075, 101235170028),
(312, 91000068149075, 101235170029),
(313, 91000068149075, 101235170281),
(314, 91000068116280, 111235170255),
(315, 91000068116280, 111235170256),
(316, 91000068116280, 111235170257),
(317, 91000068116280, 111235170258),
(318, 91000068116280, 111235170259),
(319, 91000068116280, 101235170266),
(320, 91000068116280, 101235170267),
(321, 91000068116280, 101235170268),
(322, 91000068116280, 101235170269),
(323, 91000068116280, 101235170270),
(324, 91000068116280, 101235170277),
(325, 91000071153578, 111235170035),
(326, 91000071153578, 111235170039),
(327, 91000071153578, 111235170042),
(328, 91000071153578, 111235170045),
(329, 91000071153578, 111235170048),
(330, 91000071153578, 111235170049),
(331, 91000071153578, 111235170050),
(332, 91000071153578, 111235170052),
(333, 91000071153578, 111235170053),
(334, 91000071153578, 111235170262),
(335, 91000071153578, 101235170033),
(336, 91000071153578, 101235170035),
(337, 91000071153578, 101235170042),
(338, 91000071153578, 101235170044),
(339, 91000071153578, 101235170046),
(340, 91000071153578, 101235170049),
(341, 91000071153578, 101235170050),
(342, 91000071153578, 101235170054),
(343, 91000071153578, 101235170055),
(344, 91000071153578, 101235170300),
(345, 91000071153431, 111235170026),
(346, 91000071153431, 111235170027),
(347, 91000071153431, 111235170033),
(348, 91000071153431, 111235170040),
(349, 91000071153431, 111235170041),
(350, 91000071153431, 111235170044),
(351, 91000071153431, 111235170046),
(352, 91000071153431, 111235170054),
(353, 91000071153431, 111235170055),
(354, 91000071153431, 101235170032),
(355, 91000071153431, 101235170038),
(356, 91000071153431, 101235170039),
(357, 91000071153431, 101235170051),
(358, 91000071153431, 101235170052),
(359, 91000071153431, 101235170053),
(360, 91000071153431, 101235170056),
(361, 91000071153431, 101235170058),
(362, 91000071153431, 101235170060),
(363, 91000071153431, 101235170061),
(364, 91000071153431, 101235170063),
(365, 91000067152416, 111235170034),
(366, 91000067152416, 111235170036),
(367, 91000067152416, 111235170037),
(368, 91000067152416, 111235170038),
(369, 91000067152416, 111235170056),
(370, 91000067152416, 101235170041),
(371, 91000067152416, 101235170045),
(372, 91000067152416, 101235170057),
(373, 91000067152416, 101235170064),
(374, 91000067152416, 101235170276),
(375, 91000067152416, 101235170297),
(376, 91000067152416, 101235170289),
(377, 20503502100008, 111235170090),
(378, 20503502100008, 111135170002),
(379, 20503502100008, 111235170086),
(380, 20503502100008, 111235170087),
(381, 20503502100008, 111235170088),
(382, 20503502100008, 111235170089),
(383, 20503502100008, 111235170091),
(384, 20503502100008, 111235170092),
(385, 20503502100008, 111235170093),
(386, 20503502100008, 101235170104),
(387, 20503502100008, 101235170095),
(388, 20503502100008, 101235170096),
(389, 20503502100008, 101235170097),
(390, 20503502100008, 101235170098),
(391, 20503502100008, 101235170099),
(392, 20503502100008, 101235170100),
(393, 20503502100008, 101235170101),
(394, 91000067122607, 111235170094),
(395, 91000067122607, 111235170095),
(396, 91000067122607, 111235170096),
(397, 91000067122607, 111235170097),
(398, 91000067122607, 111235170098),
(399, 91000067122607, 111235170099),
(400, 91000067122607, 111235170100),
(401, 91000067122607, 111235170101),
(402, 91000067122607, 101235170102),
(403, 91000067122607, 101235170103),
(404, 91000067122607, 101235170105),
(405, 91000067122607, 101235170106),
(406, 91000067122607, 101235170107),
(407, 91000067122607, 101235170108),
(408, 91000067122607, 101235170280),
(409, 91000067122607, 101235170303),
(410, 91000074138214, 111235170063),
(411, 91000074138214, 111235170057),
(412, 91000074138214, 111235170058),
(413, 91000074138214, 111235170059),
(414, 91000074138214, 111235170060),
(415, 91000074138214, 111235170061),
(416, 91000074138214, 111235170062),
(417, 91000074138214, 111235170064),
(418, 91000074138214, 111235170265),
(419, 91000074138214, 111235170266),
(420, 91000074138214, 111235170272),
(421, 91000074138214, 111235170274),
(422, 91000074138214, 101235170065),
(423, 91000074138214, 101235170066),
(424, 91000074138214, 101235170067),
(425, 91000074138214, 101235170068),
(426, 91000074138214, 101235170069),
(427, 91000074138214, 101235170070),
(428, 91000074138214, 101235170071),
(429, 91000074138214, 101235170072),
(430, 91000074138214, 101235170073),
(431, 91000074138214, 101235170074),
(432, 91000074138214, 101235170272),
(433, 91000074138214, 101235170293),
(434, 91000074138214, 101235170296),
(435, 91000067104168, 111235170068),
(436, 91000067104168, 111235170065),
(437, 91000067104168, 111235170066),
(438, 91000067104168, 111235170067),
(439, 91000067104168, 111235170069),
(440, 91000067104168, 111235170070),
(441, 91000067104168, 111235170071),
(442, 91000067104168, 111235170072),
(443, 91000067104168, 111235170073),
(444, 91000067104168, 111235170074),
(445, 91000067104168, 111235170075),
(446, 91000067104168, 101235170080),
(447, 91000067104168, 101235170075),
(448, 91000067104168, 101235170076),
(449, 91000067104168, 101235170077),
(450, 91000067104168, 101235170078),
(451, 91000067104168, 101235170079),
(452, 91000067104168, 101235170081),
(453, 91000067104168, 101235170082),
(454, 91000067104168, 101235170083),
(455, 91000067104168, 101235170084),
(456, 91000070124290, 111235170076),
(457, 91000070124290, 111235170077),
(458, 91000070124290, 111235170078),
(459, 91000070124290, 111235170079),
(460, 91000070124290, 111235170080),
(461, 91000070124290, 111235170081),
(462, 91000070124290, 111235170082),
(463, 91000070124290, 111235170083),
(464, 91000070124290, 111235170084),
(465, 91000070124290, 111235170085),
(466, 91000070124290, 101235170085),
(467, 91000070124290, 101235170086),
(468, 91000070124290, 101235170087),
(469, 91000070124290, 101235170088),
(470, 91000070124290, 101235170089),
(471, 91000070124290, 101235170090),
(472, 91000070124290, 101235170091),
(473, 91000070124290, 101235170092),
(474, 91000070124290, 101235170093),
(475, 91000070124290, 101235170094),
(476, 91000072144521, 111235170119),
(477, 91000072144521, 111235170105),
(478, 91000072144521, 111235170106),
(479, 91000072144521, 111235170107),
(480, 91000072144521, 111235170108),
(481, 91000072144521, 111235170109),
(482, 91000072144521, 111235170110),
(483, 91000072144521, 111235170111),
(484, 91000072144521, 111235170112),
(485, 91000072144521, 111235170113),
(486, 91000072144521, 111235170114),
(487, 91000072144521, 111235170115),
(488, 91000072144521, 111235170116),
(489, 91000072144521, 111235170117),
(490, 91000072144521, 111235170118),
(491, 91000072144521, 111235170267),
(492, 91000072144521, 101235170123),
(493, 91000072144521, 101235170111),
(494, 91000072144521, 101235170112),
(495, 91000072144521, 101235170113),
(496, 91000072144521, 101235170114),
(497, 91000072144521, 101235170115),
(498, 91000072144521, 101235170116),
(499, 91000072144521, 101235170117),
(500, 91000072144521, 101235170118),
(501, 91000072144521, 101235170119),
(502, 91000072144521, 101235170120),
(503, 91000072144521, 101235170121),
(504, 91000072144521, 101235170122),
(505, 91000072144521, 101235170124),
(506, 91000072144521, 101235170125),
(507, 91000072144521, 101235170286),
(508, 91000077112869, 111235170135),
(509, 91000077112869, 111235170136),
(510, 91000077112869, 111235170137),
(511, 91000077112869, 111235170138),
(512, 91000077112869, 111235170139),
(513, 91000077112869, 111235170140),
(514, 91000077112869, 111235170141),
(515, 91000077112869, 111235170142),
(516, 91000077112869, 111235170143),
(517, 91000077112869, 111235170144),
(518, 91000077112869, 111235170145),
(519, 91000077112869, 111235170146),
(520, 91000077112869, 111235170147),
(521, 91000077112869, 111235170148),
(522, 91000077112869, 111235170149),
(523, 91000077112869, 111235170150),
(524, 91000077112869, 111235170263),
(525, 91000077112869, 111235170269),
(526, 91000077112869, 101235170151),
(527, 91000077112869, 101235170143),
(528, 91000077112869, 101235170144),
(529, 91000077112869, 101235170145),
(530, 91000077112869, 101235170146),
(531, 91000077112869, 101235170147),
(532, 91000077112869, 101235170148),
(533, 91000077112869, 101235170149),
(534, 91000077112869, 101235170150),
(535, 91000077112869, 101235170152),
(536, 91000077112869, 101235170153),
(537, 91000077112869, 101235170154),
(538, 91000077112869, 101235170283),
(539, 91000077112869, 101235170288),
(540, 91000077112869, 101235170299),
(541, 91000065136494, 111235170154),
(542, 91000065136494, 111235170155),
(543, 91000065136494, 111235170158),
(544, 91000065136494, 111235170161),
(545, 91000065136494, 111235170164),
(546, 91000065136494, 111235170166),
(547, 91000065136494, 111235170170),
(548, 91000065136494, 101235170176),
(549, 91000065136494, 101235170165),
(550, 91000065136494, 101235170169),
(551, 91000065136494, 101235170179),
(552, 91000065136494, 101235170161),
(553, 91000065136494, 101235170155),
(554, 91000065136494, 101235170159),
(555, 91000065136494, 101235170160),
(556, 91000065136494, 101235170164),
(557, 91000065136494, 101235170168),
(558, 91000065136494, 101235170291),
(559, 91000068125158, 111235170151),
(560, 91000068125158, 111235170152),
(561, 91000068125158, 111235170153),
(562, 91000068125158, 111235170165),
(563, 91000068125158, 111235170156),
(564, 91000068125158, 111235170159),
(565, 91000068125158, 111235170160),
(566, 91000068125158, 111235170162),
(567, 91000068125158, 101235170157),
(568, 91000068125158, 101235170162),
(569, 91000068125158, 101235170171),
(570, 91000068125158, 101235170173),
(571, 91000068125158, 101235170177),
(572, 91000068125158, 101235170178),
(573, 91000068125158, 101235170180),
(574, 91000068125158, 101235170181),
(575, 91000068125158, 101235170271),
(576, 91000068125158, 101235170282),
(577, 91000068125158, 101235170284),
(578, 91000069162294, 111235170180),
(579, 91000069162294, 111235170172),
(580, 91000069162294, 111235170174),
(581, 91000069162294, 111235170177),
(582, 91000069162294, 111235170178),
(583, 91000069162294, 111235170182),
(584, 91000069162294, 111235170184),
(585, 91000069162294, 111235170185),
(586, 91000069162294, 101235170183),
(587, 91000069162294, 101235170185),
(588, 91000069162294, 101235170186),
(589, 91000069162294, 101235170187),
(590, 91000069162294, 101235170188),
(591, 91000069162294, 101235170190),
(592, 91000069162294, 101235170193),
(593, 91000069162294, 101235170196),
(594, 91000069162294, 101235170278),
(595, 91000069162294, 101235170298),
(596, 91000068145893, 111235170171),
(597, 91000068145893, 111235170175),
(598, 91000068145893, 111235170176),
(599, 91000068145893, 111235170179),
(600, 91000068145893, 111235170181),
(601, 91000068145893, 111235170183),
(602, 91000068145893, 111235170187),
(603, 91000068145893, 111235170186),
(604, 91000068145893, 111235170173),
(605, 91000068145893, 101235170182),
(606, 91000068145893, 101235170195),
(607, 91000068145893, 101235170184),
(608, 91000068145893, 101235170192),
(609, 91000068145893, 101235170189),
(610, 91000068145893, 101235170191),
(611, 91000068145893, 101235170198),
(612, 91000068145893, 101235170197),
(613, 91000068145893, 101235170194),
(614, 91000073124473, 111135170003),
(615, 91000073124473, 111235170120),
(616, 91000073124473, 111235170121),
(617, 91000073124473, 111235170122),
(618, 91000073124473, 111235170123),
(619, 91000073124473, 111235170124),
(620, 91000073124473, 101235170126),
(621, 91000073124473, 101235170127),
(622, 91000073124473, 101235170128),
(623, 91000073124473, 101235170129),
(624, 91000073124473, 101235170130),
(625, 91000073124473, 101235170131),
(626, 91000073124473, 111235170188),
(627, 91000073124473, 111235170189),
(628, 91000073124473, 111235170190),
(629, 91000073124473, 111235170191),
(630, 91000073124473, 111235170192),
(631, 91000073124473, 111235170270),
(632, 91000073124473, 101235170201),
(633, 91000073124473, 101235170199),
(634, 91000073124473, 101235170200),
(635, 91000073124473, 101235170279),
(636, 91000073124473, 111235170102),
(637, 91000073124473, 111235170103),
(638, 91000073124473, 111235170104),
(639, 91000073124473, 101235170109),
(640, 91000073124473, 101235170110),
(641, 91000073124473, 101235170295),
(642, 91000071135590, 111135170005),
(643, 91000071135590, 111235170216),
(644, 91000071135590, 111235170217),
(645, 91000071135590, 111235170218),
(646, 91000071135590, 111235170219),
(647, 91000071135590, 101235170227),
(648, 91000071135590, 101235170228),
(649, 91000071135590, 101235170229),
(650, 91000071135590, 101235170230),
(651, 91000071135590, 101235170231),
(652, 91000071135590, 101235170232),
(653, 91000071135590, 101235170233),
(654, 91000071135590, 101235170275),
(655, 91000071135590, 101235170294),
(656, 91000071135590, 111235170220),
(657, 91000071135590, 111235170221),
(658, 91000071135590, 111235170222),
(659, 91000071135590, 111235170223),
(660, 91000071135590, 111235170224),
(661, 91000071135590, 101235170234),
(662, 91000071135590, 101235170235),
(663, 91000071135590, 101235170236),
(664, 91000071135590, 101235170237),
(665, 91000071135590, 101235170238),
(666, 91000072147300, 111235170204),
(667, 91000072147300, 111235170193),
(668, 91000072147300, 111235170194),
(669, 91000072147300, 111235170195),
(670, 91000072147300, 111235170196),
(671, 91000072147300, 111235170197),
(672, 91000072147300, 111235170198),
(673, 91000072147300, 111235170199),
(674, 91000072147300, 111235170200),
(675, 91000072147300, 111235170201),
(676, 91000072147300, 111235170202),
(677, 91000072147300, 111235170203),
(678, 91000072147300, 101235170213),
(679, 91000072147300, 101235170202),
(680, 91000072147300, 101235170203),
(681, 91000072147300, 101235170204),
(682, 91000072147300, 101235170205),
(683, 91000072147300, 101235170206),
(684, 91000072147300, 101235170207),
(685, 91000072147300, 101235170208),
(686, 91000072147300, 101235170209),
(687, 91000072147300, 101235170210),
(688, 91000072147300, 101235170211),
(689, 91000072147300, 101235170212),
(690, 91000072147300, 101235170214),
(691, 91000072147300, 101235170215),
(692, 91000072157519, 111235170209),
(693, 91000072157519, 111135170004),
(694, 91000072157519, 111235170205),
(695, 91000072157519, 111235170206),
(696, 91000072157519, 111235170207),
(697, 91000072157519, 111235170208),
(698, 91000072157519, 111235170210),
(699, 91000072157519, 111235170211),
(700, 91000072157519, 111235170212),
(701, 91000072157519, 111235170213),
(702, 91000072157519, 111235170214),
(703, 91000072157519, 111235170215),
(704, 91000072157519, 111235170264),
(705, 91000072157519, 101235170225),
(706, 91000072157519, 101235170216),
(707, 91000072157519, 101235170217),
(708, 91000072157519, 101235170218),
(709, 91000072157519, 101235170219),
(710, 91000072157519, 101235170220),
(711, 91000072157519, 101235170221),
(712, 91000072157519, 101235170222),
(713, 91000072157519, 101235170223),
(714, 91000072157519, 101235170224),
(715, 91000072157519, 101235170226),
(716, 91000066127314, 111235170125),
(717, 91000066127314, 111235170126),
(718, 91000066127314, 111235170128),
(719, 91000066127314, 111235170129),
(720, 91000066127314, 111235170130),
(721, 91000066127314, 111235170131),
(722, 91000066127314, 111235170132),
(723, 91000066127314, 111235170133),
(724, 91000066127314, 111235170134),
(725, 91000066127314, 101235170136),
(726, 91000066127314, 101235170132),
(727, 91000066127314, 101235170133),
(728, 91000066127314, 101235170134),
(729, 91000066127314, 101235170135),
(730, 91000066127314, 101235170137),
(731, 91000066127314, 101235170138),
(732, 91000066127314, 101235170139),
(733, 91000066127314, 101235170140),
(734, 91000066127314, 101235170141),
(735, 91000066127314, 101235170142),
(736, 91000066127314, 101235170274),
(737, 91000066127314, 101235170301),
(738, 91000067114634, 111235170232),
(739, 91000067114634, 111235170225),
(740, 91000067114634, 111235170226),
(741, 91000067114634, 111235170227),
(742, 91000067114634, 111235170228),
(743, 91000067114634, 111235170230),
(744, 91000067114634, 111235170231),
(745, 91000067114634, 111235170233),
(746, 91000067114634, 111235170234),
(747, 91000067114634, 111235170236),
(748, 91000067114634, 101235170239),
(749, 91000067114634, 101235170240),
(750, 91000067114634, 101235170241),
(751, 91000067114634, 101235170243),
(752, 91000067114634, 101235170246),
(753, 91000067114634, 101235170247),
(754, 91000067114634, 101235170249),
(755, 91000067114634, 101235170251),
(756, 91000067114634, 101235170287),
(757, 91000067114634, 111235170229),
(758, 91000069103981, 111235170235),
(759, 91000069103981, 111235170237),
(760, 91000069103981, 111235170238),
(761, 91000069103981, 111235170239),
(762, 91000069103981, 111235170240),
(763, 91000069103981, 111235170241),
(764, 91000069103981, 111235170242),
(765, 91000069103981, 111235170243),
(766, 91000069103981, 111235170273),
(767, 91000069103981, 101235170242),
(768, 91000069103981, 101235170245),
(769, 91000069103981, 101235170248),
(770, 91000069103981, 101235170250),
(771, 91000069103981, 101235170252),
(772, 91000069103981, 101235170253),
(773, 91000069103981, 101235170254),
(774, 91000069103981, 101235170273),
(775, 91000069103981, 101235170285),
(776, 91000067148467, 111235170249),
(777, 91000067148467, 111235170244),
(778, 91000067148467, 111235170245),
(779, 91000067148467, 111235170246),
(780, 91000067148467, 111235170247),
(781, 91000067148467, 111235170248),
(782, 91000067148467, 111235170250),
(783, 91000067148467, 111235170251),
(784, 91000067148467, 111235170252),
(785, 91000067148467, 111235170253),
(786, 91000067148467, 111235170254),
(787, 91000067148467, 101235170265),
(788, 91000067148467, 101235170255),
(789, 91000067148467, 101235170256),
(790, 91000067148467, 101235170257),
(791, 91000067148467, 101235170258),
(792, 91000067148467, 101235170259),
(793, 91000067148467, 101235170260),
(794, 91000067148467, 101235170261),
(795, 91000067148467, 101235170262),
(796, 91000067148467, 101235170263),
(797, 91000067148467, 101235170264);

--
-- Indexes for table `informasi`
--
ALTER TABLE `informasi`
  ADD PRIMARY KEY (`id`);

--
-- Indexes for table `kunjungan`
--
ALTER TABLE `kunjungan`
  ADD PRIMARY KEY (`id_kunjungan`),
  ADD KEY `kunjungan_id_binaan_foreign` (`id_binaan`);

--
-- Indexes for table `lembaga`
--
ALTER TABLE `lembaga`
  ADD PRIMARY KEY (`nsm`);

--
-- Indexes for table `lembaga_binaan`
--
ALTER TABLE `lembaga_binaan`
  ADD PRIMARY KEY (`id_binaan`),
  ADD KEY `fk_lembaga_binaan_nsm` (`nsm`),
  ADD KEY `lembaga_binaan_pegid_foreign` (`PEGID`);

--
-- AUTO_INCREMENT for table `informasi`
--
ALTER TABLE `informasi`
  MODIFY `id` int(11) NOT NULL AUTO_INCREMENT, AUTO_INCREMENT=7;

--
-- AUTO_INCREMENT for table `kunjungan`
--
ALTER TABLE `kunjungan`
  MODIFY `id_kunjungan` int(11) NOT NULL AUTO_INCREMENT, AUTO_INCREMENT=20;

--
-- AUTO_INCREMENT for table `lembaga_binaan`
--
ALTER TABLE `lembaga_binaan`
  MODIFY `id_binaan` bigint(20) NOT NULL AUTO_INCREMENT, AUTO_INCREMENT=811;

--
-- Constraints for dumped tables
--

--
-- Constraints for table `kunjungan`
--
ALTER TABLE `kunjungan`
  ADD CONSTRAINT `kunjungan_id_binaan_foreign` FOREIGN KEY (`id_binaan`) REFERENCES `lembaga_binaan` (`id_binaan`);

--
-- Constraints for table `lembaga_binaan`
--
ALTER TABLE `lembaga_binaan`
  ADD CONSTRAINT `fk_lembaga_binaan_nsm` FOREIGN KEY (`nsm`) REFERENCES `lembaga` (`nsm`),
  ADD CONSTRAINT `lembaga_binaan_pegid_foreign` FOREIGN KEY (`PEGID`) REFERENCES `pendamping` (`PEGID`);
COMMIT;

